-- https://www.phpmyadmin.net/
--
-- Hôte : 127.0.0.1
-- Généré le : ven. 10 juil. 2026 à 18:29
-- Version du serveur : 10.4.32-MariaDB
-- Version de PHP : 8.2.12

START TRANSACTION;



--
-- Base de données : `studiodesk_web`
--

-- --------------------------------------------------------

--
-- Structure de la table `ad_breaks`
--

CREATE TABLE `ad_breaks` (
  `id` int(11) NOT NULL,
  `user_id` int(11) NOT NULL,
  `radio_id` int(11) NOT NULL,
  `scheduled_at` datetime NOT NULL,
  `status` enum('planned','played','skipped','failed') NOT NULL DEFAULT 'planned',
  `total_duration_seconds` int(11) NOT NULL DEFAULT 0,
  `created_at` datetime NOT NULL,
  `updated_at` datetime NOT NULL
) ENGINE=InnoDB DEFAULT CHARSET=utf8mb4 COLLATE=utf8mb4_general_ci;

--
-- Déchargement des données de la table `ad_breaks`
--

INSERT INTO `ad_breaks` (`id`, `user_id`, `radio_id`, `scheduled_at`, `status`, `total_duration_seconds`, `created_at`, `updated_at`) VALUES
(1, 1, 1, '2026-07-03 08:00:00', 'planned', 14, '2026-07-03 16:33:07', '2026-07-03 16:33:07'),
(2, 1, 1, '2026-07-03 08:30:00', 'planned', 14, '2026-07-03 16:33:07', '2026-07-03 16:33:07'),
(3, 1, 1, '2026-07-03 09:00:00', 'planned', 14, '2026-07-03 16:33:07', '2026-07-03 16:33:07'),
(4, 1, 1, '2026-07-03 09:30:00', 'planned', 14, '2026-07-03 16:33:07', '2026-07-03 16:33:07'),
(5, 1, 1, '2026-07-03 10:00:00', 'planned', 14, '2026-07-03 16:33:07', '2026-07-03 16:33:07'),
(6, 1, 1, '2026-07-03 10:30:00', 'planned', 14, '2026-07-03 16:33:07', '2026-07-03 16:33:07'),
(7, 1, 1, '2026-07-03 11:00:00', 'planned', 14, '2026-07-03 16:33:07', '2026-07-03 16:33:07'),
(8, 1, 1, '2026-07-03 11:30:00', 'planned', 14, '2026-07-03 16:33:07', '2026-07-03 16:33:07'),
(9, 1, 1, '2026-07-03 12:00:00', 'planned', 14, '2026-07-03 16:33:07', '2026-07-03 16:33:07'),
(10, 1, 1, '2026-07-03 12:30:00', 'planned', 14, '2026-07-03 16:33:07', '2026-07-03 16:33:07'),
(11, 1, 1, '2026-07-03 13:00:00', 'planned', 14, '2026-07-03 16:33:07', '2026-07-03 16:33:07'),
(12, 1, 1, '2026-07-03 13:30:00', 'planned', 14, '2026-07-03 16:33:07', '2026-07-03 16:33:07'),
(13, 1, 1, '2026-07-03 14:00:00', 'planned', 14, '2026-07-03 16:33:07', '2026-07-03 16:33:07'),
(14, 1, 1, '2026-07-03 14:30:00', 'planned', 14, '2026-07-03 16:33:07', '2026-07-03 16:33:07'),
(15, 1, 1, '2026-07-03 15:00:00', 'planned', 14, '2026-07-03 16:33:07', '2026-07-03 16:33:07'),
(16, 1, 1, '2026-07-03 15:30:00', 'planned', 14, '2026-07-03 16:33:07', '2026-07-03 16:33:07'),
(17, 1, 1, '2026-07-03 16:00:00', 'planned', 14, '2026-07-03 16:33:07', '2026-07-03 16:33:07'),
(18, 1, 1, '2026-07-03 16:30:00', 'planned', 14, '2026-07-03 16:33:07', '2026-07-03 16:33:07'),
(19, 1, 1, '2026-07-03 17:00:00', 'planned', 14, '2026-07-03 16:33:07', '2026-07-03 16:33:07'),
(20, 1, 1, '2026-07-03 17:30:00', 'planned', 14, '2026-07-03 16:33:07', '2026-07-03 16:33:07'),
(21, 1, 1, '2026-07-03 18:00:00', 'planned', 14, '2026-07-03 16:33:07', '2026-07-03 16:33:07'),
(22, 1, 1, '2026-07-04 08:00:00', 'planned', 14, '2026-07-03 16:33:07', '2026-07-03 16:33:07'),
(23, 1, 1, '2026-07-04 08:30:00', 'planned', 14, '2026-07-03 16:33:07', '2026-07-03 16:33:07'),
(24, 1, 1, '2026-07-04 09:00:00', 'planned', 14, '2026-07-03 16:33:07', '2026-07-03 16:33:07'),
(25, 1, 1, '2026-07-04 09:30:00', 'planned', 14, '2026-07-03 16:33:07', '2026-07-03 16:33:07'),
(26, 1, 1, '2026-07-04 10:00:00', 'planned', 14, '2026-07-03 16:33:07', '2026-07-03 16:33:07'),
(27, 1, 1, '2026-07-04 10:30:00', 'planned', 14, '2026-07-03 16:33:07', '2026-07-03 16:33:07'),
(28, 1, 1, '2026-07-04 11:00:00', 'planned', 14, '2026-07-03 16:33:07', '2026-07-03 16:33:07'),
(29, 1, 1, '2026-07-04 11:30:00', 'planned', 14, '2026-07-03 16:33:07', '2026-07-03 16:33:07'),
(30, 1, 1, '2026-07-04 12:00:00', 'planned', 14, '2026-07-03 16:33:07', '2026-07-03 16:33:07'),
(31, 1, 1, '2026-07-04 12:30:00', 'planned', 14, '2026-07-03 16:33:07', '2026-07-03 16:33:07'),
(32, 1, 1, '2026-07-04 13:00:00', 'planned', 14, '2026-07-03 16:33:07', '2026-07-03 16:33:07'),
(33, 1, 1, '2026-07-04 13:30:00', 'planned', 14, '2026-07-03 16:33:07', '2026-07-03 16:33:07'),
(34, 1, 1, '2026-07-04 14:00:00', 'planned', 14, '2026-07-03 16:33:07', '2026-07-03 16:33:07'),
(35, 1, 1, '2026-07-04 14:30:00', 'planned', 14, '2026-07-03 16:33:07', '2026-07-03 16:33:07'),
(36, 1, 1, '2026-07-04 15:00:00', 'planned', 14, '2026-07-03 16:33:07', '2026-07-03 16:33:07'),
(37, 1, 1, '2026-07-04 15:30:00', 'planned', 14, '2026-07-03 16:33:07', '2026-07-03 16:33:07'),
(38, 1, 1, '2026-07-04 16:00:00', 'planned', 14, '2026-07-03 16:33:07', '2026-07-03 16:33:07'),
(39, 1, 1, '2026-07-04 16:30:00', 'planned', 14, '2026-07-03 16:33:07', '2026-07-03 16:33:07'),
(40, 1, 1, '2026-07-04 17:00:00', 'planned', 14, '2026-07-03 16:33:07', '2026-07-03 16:33:07'),
(41, 1, 1, '2026-07-04 17:30:00', 'planned', 14, '2026-07-03 16:33:07', '2026-07-03 16:33:07'),
(42, 1, 1, '2026-07-04 18:00:00', 'planned', 14, '2026-07-03 16:33:07', '2026-07-03 16:33:07'),
(43, 1, 1, '2026-07-05 08:00:00', 'planned', 14, '2026-07-03 16:33:07', '2026-07-03 16:33:07'),
(44, 1, 1, '2026-07-05 08:30:00', 'planned', 14, '2026-07-03 16:33:07', '2026-07-03 16:33:07'),
(45, 1, 1, '2026-07-05 09:00:00', 'planned', 14, '2026-07-03 16:33:07', '2026-07-03 16:33:07'),
(46, 1, 1, '2026-07-05 09:30:00', 'planned', 14, '2026-07-03 16:33:07', '2026-07-03 16:33:07'),
(47, 1, 1, '2026-07-05 10:00:00', 'planned', 14, '2026-07-03 16:33:07', '2026-07-03 16:33:07'),
(48, 1, 1, '2026-07-05 10:30:00', 'planned', 14, '2026-07-03 16:33:07', '2026-07-03 16:33:07'),
(49, 1, 1, '2026-07-05 11:00:00', 'planned', 14, '2026-07-03 16:33:07', '2026-07-03 16:33:07'),
(50, 1, 1, '2026-07-05 11:30:00', 'planned', 14, '2026-07-03 16:33:07', '2026-07-03 16:33:07'),
(51, 1, 1, '2026-07-05 12:00:00', 'planned', 14, '2026-07-03 16:33:07', '2026-07-03 16:33:07'),
(52, 1, 1, '2026-07-05 12:30:00', 'planned', 14, '2026-07-03 16:33:07', '2026-07-03 16:33:07'),
(53, 1, 1, '2026-07-05 13:00:00', 'planned', 14, '2026-07-03 16:33:07', '2026-07-03 16:33:07'),
(54, 1, 1, '2026-07-05 13:30:00', 'planned', 14, '2026-07-03 16:33:07', '2026-07-03 16:33:07'),
(55, 1, 1, '2026-07-05 14:00:00', 'planned', 14, '2026-07-03 16:33:07', '2026-07-03 16:33:07'),
(56, 1, 1, '2026-07-05 14:30:00', 'planned', 14, '2026-07-03 16:33:07', '2026-07-03 16:33:07'),
(57, 1, 1, '2026-07-05 15:00:00', 'planned', 14, '2026-07-03 16:33:07', '2026-07-03 16:33:07'),
(58, 1, 1, '2026-07-05 15:30:00', 'planned', 14, '2026-07-03 16:33:07', '2026-07-03 16:33:07'),
(59, 1, 1, '2026-07-05 16:00:00', 'planned', 14, '2026-07-03 16:33:07', '2026-07-03 16:33:07'),
(60, 1, 1, '2026-07-05 16:30:00', 'planned', 14, '2026-07-03 16:33:07', '2026-07-03 16:33:07'),
(61, 1, 1, '2026-07-05 17:00:00', 'planned', 14, '2026-07-03 16:33:07', '2026-07-03 16:33:07'),
(62, 1, 1, '2026-07-05 17:30:00', 'planned', 14, '2026-07-03 16:33:07', '2026-07-03 16:33:07'),
(63, 1, 1, '2026-07-05 18:00:00', 'planned', 14, '2026-07-03 16:33:07', '2026-07-03 16:33:07'),
(64, 1, 1, '2026-07-06 08:00:00', 'planned', 14, '2026-07-03 16:33:07', '2026-07-03 16:33:07'),
(65, 1, 1, '2026-07-06 08:30:00', 'planned', 14, '2026-07-03 16:33:07', '2026-07-03 16:33:07'),
(66, 1, 1, '2026-07-06 09:00:00', 'planned', 14, '2026-07-03 16:33:07', '2026-07-03 16:33:07'),
(67, 1, 1, '2026-07-06 09:30:00', 'planned', 14, '2026-07-03 16:33:07', '2026-07-03 16:33:07'),
(68, 1, 1, '2026-07-06 10:00:00', 'planned', 14, '2026-07-03 16:33:07', '2026-07-03 16:33:07'),
(69, 1, 1, '2026-07-06 10:30:00', 'planned', 14, '2026-07-03 16:33:07', '2026-07-03 16:33:07'),
(70, 1, 1, '2026-07-06 11:00:00', 'planned', 14, '2026-07-03 16:33:07', '2026-07-03 16:33:07'),
(71, 1, 1, '2026-07-06 11:30:00', 'planned', 14, '2026-07-03 16:33:07', '2026-07-03 16:33:07'),
(72, 1, 1, '2026-07-06 12:00:00', 'planned', 14, '2026-07-03 16:33:07', '2026-07-03 16:33:07'),
(73, 1, 1, '2026-07-06 12:30:00', 'planned', 14, '2026-07-03 16:33:07', '2026-07-03 16:33:07'),
(74, 1, 1, '2026-07-06 13:00:00', 'planned', 14, '2026-07-03 16:33:07', '2026-07-03 16:33:07'),
(75, 1, 1, '2026-07-06 13:30:00', 'planned', 14, '2026-07-03 16:33:07', '2026-07-03 16:33:07'),
(76, 1, 1, '2026-07-06 14:00:00', 'planned', 14, '2026-07-03 16:33:07', '2026-07-03 16:33:07'),
(77, 1, 1, '2026-07-06 14:30:00', 'planned', 14, '2026-07-03 16:33:07', '2026-07-03 16:33:07'),
(78, 1, 1, '2026-07-06 15:00:00', 'planned', 14, '2026-07-03 16:33:07', '2026-07-03 16:33:07'),
(79, 1, 1, '2026-07-06 15:30:00', 'planned', 14, '2026-07-03 16:33:07', '2026-07-03 16:33:07'),
(80, 1, 1, '2026-07-06 16:00:00', 'planned', 14, '2026-07-03 16:33:07', '2026-07-03 16:33:07'),
(81, 1, 1, '2026-07-06 16:30:00', 'planned', 14, '2026-07-03 16:33:07', '2026-07-03 16:33:07'),
(82, 1, 1, '2026-07-06 17:00:00', 'planned', 14, '2026-07-03 16:33:07', '2026-07-03 16:33:07'),
(83, 1, 1, '2026-07-06 17:30:00', 'planned', 14, '2026-07-03 16:33:07', '2026-07-03 16:33:07'),
(84, 1, 1, '2026-07-06 18:00:00', 'planned', 14, '2026-07-03 16:33:07', '2026-07-03 16:33:07'),
(85, 1, 1, '2026-07-07 08:00:00', 'planned', 14, '2026-07-03 16:33:07', '2026-07-03 16:33:07'),
(86, 1, 1, '2026-07-07 08:30:00', 'planned', 14, '2026-07-03 16:33:07', '2026-07-03 16:33:07'),
(87, 1, 1, '2026-07-07 09:00:00', 'planned', 14, '2026-07-03 16:33:07', '2026-07-03 16:33:07'),
(88, 1, 1, '2026-07-07 09:30:00', 'planned', 14, '2026-07-03 16:33:07', '2026-07-03 16:33:07'),
(89, 1, 1, '2026-07-07 10:00:00', 'planned', 14, '2026-07-03 16:33:07', '2026-07-03 16:33:07'),
(90, 1, 1, '2026-07-07 10:30:00', 'planned', 14, '2026-07-03 16:33:07', '2026-07-03 16:33:07'),
(91, 1, 1, '2026-07-07 11:00:00', 'planned', 14, '2026-07-03 16:33:07', '2026-07-03 16:33:07'),
(92, 1, 1, '2026-07-07 11:30:00', 'planned', 14, '2026-07-03 16:33:07', '2026-07-03 16:33:07'),
(93, 1, 1, '2026-07-07 12:00:00', 'planned', 14, '2026-07-03 16:33:07', '2026-07-03 16:33:07'),
(94, 1, 1, '2026-07-07 12:30:00', 'planned', 14, '2026-07-03 16:33:07', '2026-07-03 16:33:07'),
(95, 1, 1, '2026-07-07 13:00:00', 'planned', 14, '2026-07-03 16:33:07', '2026-07-03 16:33:07'),
(96, 1, 1, '2026-07-07 13:30:00', 'planned', 14, '2026-07-03 16:33:07', '2026-07-03 16:33:07'),
(97, 1, 1, '2026-07-07 14:00:00', 'planned', 14, '2026-07-03 16:33:07', '2026-07-03 16:33:07'),
(98, 1, 1, '2026-07-07 14:30:00', 'planned', 14, '2026-07-03 16:33:07', '2026-07-03 16:33:07'),
(99, 1, 1, '2026-07-07 15:00:00', 'planned', 14, '2026-07-03 16:33:07', '2026-07-03 16:33:07'),
(100, 1, 1, '2026-07-07 15:30:00', 'planned', 14, '2026-07-03 16:33:07', '2026-07-03 16:33:07'),
(101, 1, 1, '2026-07-07 16:00:00', 'planned', 14, '2026-07-03 16:33:07', '2026-07-03 16:33:07'),
(102, 1, 1, '2026-07-07 16:30:00', 'planned', 14, '2026-07-03 16:33:07', '2026-07-03 16:33:07'),
(103, 1, 1, '2026-07-07 17:00:00', 'planned', 14, '2026-07-03 16:33:07', '2026-07-03 16:33:07'),
(104, 1, 1, '2026-07-07 17:30:00', 'planned', 14, '2026-07-03 16:33:07', '2026-07-03 16:33:07'),
(105, 1, 1, '2026-07-07 18:00:00', 'planned', 14, '2026-07-03 16:33:07', '2026-07-03 16:33:07'),
(106, 1, 1, '2026-07-08 08:00:00', 'planned', 14, '2026-07-03 16:33:07', '2026-07-03 16:33:07'),
(107, 1, 1, '2026-07-08 08:30:00', 'planned', 14, '2026-07-03 16:33:07', '2026-07-03 16:33:07'),
(108, 1, 1, '2026-07-08 09:00:00', 'planned', 14, '2026-07-03 16:33:07', '2026-07-03 16:33:07'),
(109, 1, 1, '2026-07-08 09:30:00', 'planned', 14, '2026-07-03 16:33:07', '2026-07-03 16:33:07'),
(110, 1, 1, '2026-07-08 10:00:00', 'planned', 14, '2026-07-03 16:33:07', '2026-07-03 16:33:07'),
(111, 1, 1, '2026-07-08 10:30:00', 'planned', 14, '2026-07-03 16:33:07', '2026-07-03 16:33:07'),
(112, 1, 1, '2026-07-08 11:00:00', 'planned', 14, '2026-07-03 16:33:07', '2026-07-03 16:33:07'),
(113, 1, 1, '2026-07-08 11:30:00', 'planned', 14, '2026-07-03 16:33:07', '2026-07-03 16:33:07'),
(114, 1, 1, '2026-07-08 12:00:00', 'planned', 14, '2026-07-03 16:33:07', '2026-07-03 16:33:07'),
(115, 1, 1, '2026-07-08 12:30:00', 'planned', 14, '2026-07-03 16:33:07', '2026-07-03 16:33:07'),
(116, 1, 1, '2026-07-08 13:00:00', 'planned', 14, '2026-07-03 16:33:07', '2026-07-03 16:33:07'),
(117, 1, 1, '2026-07-08 13:30:00', 'planned', 14, '2026-07-03 16:33:07', '2026-07-03 16:33:07'),
(118, 1, 1, '2026-07-08 14:00:00', 'planned', 14, '2026-07-03 16:33:07', '2026-07-03 16:33:07'),
(119, 1, 1, '2026-07-08 14:30:00', 'planned', 14, '2026-07-03 16:33:07', '2026-07-03 16:33:07'),
(120, 1, 1, '2026-07-08 15:00:00', 'planned', 14, '2026-07-03 16:33:07', '2026-07-03 16:33:07'),
(243, 1, 1, '2026-07-03 08:00:00', 'planned', 19, '2026-07-03 17:12:45', '2026-07-03 17:12:45'),
(244, 1, 1, '2026-07-03 09:00:00', 'planned', 19, '2026-07-03 17:12:45', '2026-07-03 17:12:45'),
(245, 1, 1, '2026-07-03 10:00:00', 'planned', 19, '2026-07-03 17:12:45', '2026-07-03 17:12:45'),
(246, 1, 1, '2026-07-03 11:00:00', 'planned', 19, '2026-07-03 17:12:45', '2026-07-03 17:12:45'),
(247, 1, 1, '2026-07-03 12:00:00', 'planned', 19, '2026-07-03 17:12:45', '2026-07-03 17:12:45'),
(248, 1, 1, '2026-07-03 13:00:00', 'planned', 19, '2026-07-03 17:12:45', '2026-07-03 17:12:45'),
(249, 1, 1, '2026-07-03 14:00:00', 'planned', 19, '2026-07-03 17:12:45', '2026-07-03 17:12:45'),
(250, 1, 1, '2026-07-03 15:00:00', 'planned', 19, '2026-07-03 17:12:45', '2026-07-03 17:12:45'),
(251, 1, 1, '2026-07-03 16:00:00', 'planned', 19, '2026-07-03 17:12:45', '2026-07-03 17:12:45'),
(252, 1, 1, '2026-07-03 17:00:00', 'planned', 19, '2026-07-03 17:12:45', '2026-07-03 17:12:45'),
(253, 1, 1, '2026-07-03 18:00:00', 'planned', 19, '2026-07-03 17:12:45', '2026-07-03 17:12:45'),
(254, 1, 1, '2026-07-04 08:00:00', 'planned', 19, '2026-07-03 17:12:45', '2026-07-03 17:12:45'),
(255, 1, 1, '2026-07-04 09:00:00', 'planned', 19, '2026-07-03 17:12:45', '2026-07-03 17:12:45'),
(256, 1, 1, '2026-07-04 10:00:00', 'planned', 19, '2026-07-03 17:12:45', '2026-07-03 17:12:45'),
(257, 1, 1, '2026-07-04 11:00:00', 'planned', 19, '2026-07-03 17:12:45', '2026-07-03 17:12:45'),
(258, 1, 1, '2026-07-04 12:00:00', 'planned', 19, '2026-07-03 17:12:45', '2026-07-03 17:12:45'),
(259, 1, 1, '2026-07-04 13:00:00', 'planned', 19, '2026-07-03 17:12:45', '2026-07-03 17:12:45'),
(260, 1, 1, '2026-07-04 14:00:00', 'planned', 19, '2026-07-03 17:12:45', '2026-07-03 17:12:45'),
(261, 1, 1, '2026-07-04 15:00:00', 'planned', 19, '2026-07-03 17:12:45', '2026-07-03 17:12:45'),
(262, 1, 1, '2026-07-04 16:00:00', 'planned', 19, '2026-07-03 17:12:45', '2026-07-03 17:12:45'),
(263, 1, 1, '2026-07-04 17:00:00', 'planned', 19, '2026-07-03 17:12:45', '2026-07-03 17:12:45'),
(264, 1, 1, '2026-07-04 18:00:00', 'planned', 19, '2026-07-03 17:12:45', '2026-07-03 17:12:45'),
(265, 1, 1, '2026-07-05 08:00:00', 'planned', 19, '2026-07-03 17:12:45', '2026-07-03 17:12:45'),
(266, 1, 1, '2026-07-05 09:00:00', 'planned', 19, '2026-07-03 17:12:45', '2026-07-03 17:12:45'),
(267, 1, 1, '2026-07-05 10:00:00', 'planned', 19, '2026-07-03 17:12:45', '2026-07-03 17:12:45'),
(268, 1, 1, '2026-07-05 11:00:00', 'planned', 19, '2026-07-03 17:12:45', '2026-07-03 17:12:45'),
(269, 1, 1, '2026-07-05 12:00:00', 'planned', 19, '2026-07-03 17:12:45', '2026-07-03 17:12:45'),
(270, 1, 1, '2026-07-05 13:00:00', 'planned', 19, '2026-07-03 17:12:45', '2026-07-03 17:12:45'),
(271, 1, 1, '2026-07-05 14:00:00', 'planned', 19, '2026-07-03 17:12:45', '2026-07-03 17:12:45'),
(272, 1, 1, '2026-07-05 15:00:00', 'planned', 19, '2026-07-03 17:12:45', '2026-07-03 17:12:45'),
(273, 1, 1, '2026-07-05 16:00:00', 'planned', 19, '2026-07-03 17:12:45', '2026-07-03 17:12:45'),
(274, 1, 1, '2026-07-05 17:00:00', 'planned', 19, '2026-07-03 17:12:45', '2026-07-03 17:12:45'),
(275, 1, 1, '2026-07-05 18:00:00', 'planned', 19, '2026-07-03 17:12:45', '2026-07-03 17:12:45'),
(276, 1, 1, '2026-07-06 08:00:00', 'planned', 19, '2026-07-03 17:12:45', '2026-07-03 17:12:45'),
(277, 1, 1, '2026-07-06 09:00:00', 'planned', 19, '2026-07-03 17:12:45', '2026-07-03 17:12:45'),
(278, 1, 1, '2026-07-06 10:00:00', 'planned', 19, '2026-07-03 17:12:45', '2026-07-03 17:12:45'),
(279, 1, 1, '2026-07-06 11:00:00', 'planned', 19, '2026-07-03 17:12:45', '2026-07-03 17:12:45'),
(280, 1, 1, '2026-07-06 12:00:00', 'planned', 19, '2026-07-03 17:12:45', '2026-07-03 17:12:45'),
(281, 1, 1, '2026-07-06 13:00:00', 'planned', 19, '2026-07-03 17:12:45', '2026-07-03 17:12:45'),
(282, 1, 1, '2026-07-06 14:00:00', 'planned', 19, '2026-07-03 17:12:45', '2026-07-03 17:12:45'),
(283, 1, 1, '2026-07-06 15:00:00', 'planned', 19, '2026-07-03 17:12:45', '2026-07-03 17:12:45'),
(284, 1, 1, '2026-07-06 16:00:00', 'planned', 19, '2026-07-03 17:12:45', '2026-07-03 17:12:45'),
(285, 1, 1, '2026-07-06 17:00:00', 'planned', 19, '2026-07-03 17:12:45', '2026-07-03 17:12:45'),
(286, 1, 1, '2026-07-06 18:00:00', 'planned', 19, '2026-07-03 17:12:45', '2026-07-03 17:12:45'),
(287, 1, 1, '2026-07-07 08:00:00', 'planned', 19, '2026-07-03 17:12:45', '2026-07-03 17:12:45'),
(288, 1, 1, '2026-07-07 09:00:00', 'planned', 19, '2026-07-03 17:12:45', '2026-07-03 17:12:45'),
(289, 1, 1, '2026-07-07 10:00:00', 'planned', 19, '2026-07-03 17:12:45', '2026-07-03 17:12:45'),
(290, 1, 1, '2026-07-07 11:00:00', 'planned', 19, '2026-07-03 17:12:45', '2026-07-03 17:12:45'),
(291, 1, 1, '2026-07-07 12:00:00', 'planned', 19, '2026-07-03 17:12:45', '2026-07-03 17:12:45'),
(292, 1, 1, '2026-07-07 13:00:00', 'planned', 19, '2026-07-03 17:12:45', '2026-07-03 17:12:45'),
(293, 1, 1, '2026-07-07 14:00:00', 'planned', 19, '2026-07-03 17:12:45', '2026-07-03 17:12:45'),
(294, 1, 1, '2026-07-07 15:00:00', 'planned', 19, '2026-07-03 17:12:45', '2026-07-03 17:12:45'),
(295, 1, 1, '2026-07-07 16:00:00', 'planned', 19, '2026-07-03 17:12:45', '2026-07-03 17:12:45'),
(296, 1, 1, '2026-07-07 17:00:00', 'planned', 19, '2026-07-03 17:12:45', '2026-07-03 17:12:45'),
(297, 1, 1, '2026-07-07 18:00:00', 'planned', 19, '2026-07-03 17:12:45', '2026-07-03 17:12:45'),
(298, 1, 1, '2026-07-08 08:00:00', 'planned', 19, '2026-07-03 17:12:45', '2026-07-03 17:12:45'),
(299, 1, 1, '2026-07-08 09:00:00', 'planned', 19, '2026-07-03 17:12:45', '2026-07-03 17:12:45'),
(300, 1, 1, '2026-07-08 10:00:00', 'planned', 19, '2026-07-03 17:12:45', '2026-07-03 17:12:45'),
(301, 1, 1, '2026-07-08 11:00:00', 'planned', 19, '2026-07-03 17:12:45', '2026-07-03 17:12:45'),
(302, 1, 1, '2026-07-08 12:00:00', 'planned', 19, '2026-07-03 17:12:45', '2026-07-03 17:12:45'),
(303, 1, 1, '2026-07-08 13:00:00', 'planned', 19, '2026-07-03 17:12:45', '2026-07-03 17:12:45'),
(304, 1, 1, '2026-07-08 14:00:00', 'planned', 19, '2026-07-03 17:12:45', '2026-07-03 17:12:45'),
(305, 1, 1, '2026-07-08 15:00:00', 'planned', 19, '2026-07-03 17:12:45', '2026-07-03 17:12:45'),
(306, 1, 1, '2026-07-08 16:00:00', 'planned', 19, '2026-07-03 17:12:45', '2026-07-03 17:12:45'),
(307, 1, 1, '2026-07-08 17:00:00', 'planned', 19, '2026-07-03 17:12:45', '2026-07-03 17:12:45'),
(308, 1, 1, '2026-07-08 18:00:00', 'planned', 19, '2026-07-03 17:12:45', '2026-07-03 17:12:45'),
(309, 1, 1, '2026-07-09 08:00:00', 'planned', 19, '2026-07-03 17:12:45', '2026-07-03 17:12:45'),
(310, 1, 1, '2026-07-09 09:00:00', 'planned', 19, '2026-07-03 17:12:45', '2026-07-03 17:12:45'),
(311, 1, 1, '2026-07-09 10:00:00', 'planned', 19, '2026-07-03 17:12:45', '2026-07-03 17:12:45'),
(312, 1, 1, '2026-07-09 11:00:00', 'planned', 19, '2026-07-03 17:12:45', '2026-07-03 17:12:45'),
(313, 1, 1, '2026-07-09 12:00:00', 'planned', 19, '2026-07-03 17:12:45', '2026-07-03 17:12:45'),
(314, 1, 1, '2026-07-09 13:00:00', 'planned', 19, '2026-07-03 17:12:45', '2026-07-03 17:12:45'),
(315, 1, 1, '2026-07-09 14:00:00', 'planned', 19, '2026-07-03 17:12:45', '2026-07-03 17:12:45'),
(316, 1, 1, '2026-07-09 15:00:00', 'planned', 19, '2026-07-03 17:12:45', '2026-07-03 17:12:45'),
(317, 1, 1, '2026-07-09 16:00:00', 'planned', 19, '2026-07-03 17:12:45', '2026-07-03 17:12:45'),
(318, 1, 1, '2026-07-09 17:00:00', 'planned', 19, '2026-07-03 17:12:45', '2026-07-03 17:12:45'),
(319, 1, 1, '2026-07-09 18:00:00', 'planned', 19, '2026-07-03 17:12:45', '2026-07-03 17:12:45'),
(320, 1, 1, '2026-07-10 08:00:00', 'planned', 19, '2026-07-03 17:12:45', '2026-07-03 17:12:45'),
(321, 1, 1, '2026-07-10 09:00:00', 'planned', 19, '2026-07-03 17:12:45', '2026-07-03 17:12:45'),
(322, 1, 1, '2026-07-10 10:00:00', 'planned', 19, '2026-07-03 17:12:45', '2026-07-03 17:12:45'),
(323, 1, 1, '2026-07-10 11:00:00', 'planned', 19, '2026-07-03 17:12:45', '2026-07-03 17:12:45'),
(324, 1, 1, '2026-07-10 12:00:00', 'planned', 19, '2026-07-03 17:12:45', '2026-07-03 17:12:45'),
(325, 1, 1, '2026-07-10 13:00:00', 'planned', 19, '2026-07-03 17:12:45', '2026-07-03 17:12:45'),
(326, 1, 1, '2026-07-10 14:00:00', 'planned', 19, '2026-07-03 17:12:45', '2026-07-03 17:12:45'),
(327, 1, 1, '2026-07-10 15:00:00', 'planned', 19, '2026-07-03 17:12:45', '2026-07-03 17:12:45'),
(328, 1, 1, '2026-07-10 16:00:00', 'planned', 19, '2026-07-03 17:12:45', '2026-07-03 17:12:45'),
(329, 1, 1, '2026-07-10 17:00:00', 'planned', 19, '2026-07-03 17:12:45', '2026-07-03 17:12:45'),
(330, 1, 1, '2026-07-10 18:00:00', 'planned', 19, '2026-07-03 17:12:45', '2026-07-03 17:12:45'),
(331, 1, 1, '2026-07-11 08:00:00', 'planned', 19, '2026-07-03 17:12:45', '2026-07-03 17:12:45'),
(332, 1, 1, '2026-07-11 09:00:00', 'planned', 19, '2026-07-03 17:12:45', '2026-07-03 17:12:45'),
(333, 1, 1, '2026-07-11 10:00:00', 'planned', 19, '2026-07-03 17:12:45', '2026-07-03 17:12:45'),
(334, 1, 1, '2026-07-11 11:00:00', 'planned', 19, '2026-07-03 17:12:45', '2026-07-03 17:12:45'),
(335, 1, 1, '2026-07-11 12:00:00', 'planned', 19, '2026-07-03 17:12:45', '2026-07-03 17:12:45'),
(336, 1, 1, '2026-07-11 13:00:00', 'planned', 19, '2026-07-03 17:12:45', '2026-07-03 17:12:45'),
(337, 1, 1, '2026-07-11 14:00:00', 'planned', 19, '2026-07-03 17:12:45', '2026-07-03 17:12:45'),
(338, 1, 1, '2026-07-11 15:00:00', 'planned', 19, '2026-07-03 17:12:45', '2026-07-03 17:12:45'),
(339, 1, 1, '2026-07-11 16:00:00', 'planned', 19, '2026-07-03 17:12:45', '2026-07-03 17:12:45'),
(340, 1, 1, '2026-07-11 17:00:00', 'planned', 19, '2026-07-03 17:12:45', '2026-07-03 17:12:45'),
(341, 1, 1, '2026-07-11 18:00:00', 'planned', 19, '2026-07-03 17:12:45', '2026-07-03 17:12:45'),
(342, 1, 1, '2026-07-12 08:00:00', 'planned', 19, '2026-07-03 17:12:45', '2026-07-03 17:12:45'),
(343, 1, 1, '2026-07-12 09:00:00', 'planned', 19, '2026-07-03 17:12:45', '2026-07-03 17:12:45'),
(344, 1, 1, '2026-07-12 10:00:00', 'planned', 19, '2026-07-03 17:12:45', '2026-07-03 17:12:45'),
(345, 1, 1, '2026-07-12 11:00:00', 'planned', 19, '2026-07-03 17:12:45', '2026-07-03 17:12:45'),
(346, 1, 1, '2026-07-12 12:00:00', 'planned', 19, '2026-07-03 17:12:45', '2026-07-03 17:12:45'),
(347, 1, 1, '2026-07-12 13:00:00', 'planned', 19, '2026-07-03 17:12:45', '2026-07-03 17:12:45'),
(348, 1, 1, '2026-07-12 14:00:00', 'planned', 19, '2026-07-03 17:12:45', '2026-07-03 17:12:45'),
(349, 1, 1, '2026-07-12 15:00:00', 'planned', 19, '2026-07-03 17:12:45', '2026-07-03 17:12:45'),
(350, 1, 1, '2026-07-12 16:00:00', 'planned', 19, '2026-07-03 17:12:45', '2026-07-03 17:12:45'),
(351, 1, 1, '2026-07-12 17:00:00', 'planned', 19, '2026-07-03 17:12:45', '2026-07-03 17:12:45'),
(352, 1, 1, '2026-07-12 18:00:00', 'planned', 19, '2026-07-03 17:12:45', '2026-07-03 17:12:45'),
(353, 1, 1, '2026-07-13 08:00:00', 'planned', 19, '2026-07-03 17:12:45', '2026-07-03 17:12:45'),
(354, 1, 1, '2026-07-13 09:00:00', 'planned', 19, '2026-07-03 17:12:45', '2026-07-03 17:12:45'),
(355, 1, 1, '2026-07-13 10:00:00', 'planned', 19, '2026-07-03 17:12:45', '2026-07-03 17:12:45'),
(356, 1, 1, '2026-07-13 11:00:00', 'planned', 19, '2026-07-03 17:12:45', '2026-07-03 17:12:45'),
(357, 1, 1, '2026-07-13 12:00:00', 'planned', 19, '2026-07-03 17:12:45', '2026-07-03 17:12:45'),
(358, 1, 1, '2026-07-13 13:00:00', 'planned', 19, '2026-07-03 17:12:45', '2026-07-03 17:12:45'),
(359, 1, 1, '2026-07-13 14:00:00', 'planned', 19, '2026-07-03 17:12:45', '2026-07-03 17:12:45'),
(360, 1, 1, '2026-07-13 15:00:00', 'planned', 19, '2026-07-03 17:12:45', '2026-07-03 17:12:45'),
(361, 1, 1, '2026-07-13 16:00:00', 'planned', 19, '2026-07-03 17:12:45', '2026-07-03 17:12:45'),
(362, 1, 1, '2026-07-13 17:00:00', 'planned', 19, '2026-07-03 17:12:45', '2026-07-03 17:12:45');

-- --------------------------------------------------------

--
-- Structure de la table `ad_break_items`
--

CREATE TABLE `ad_break_items` (
  `id` int(11) NOT NULL,
  `ad_break_id` int(11) NOT NULL,
  `item_type` enum('intro','ad','outro') NOT NULL DEFAULT 'ad',
  `campaign_id` int(11) DEFAULT NULL,
  `file_id` int(11) DEFAULT NULL,
  `jingle_id` int(11) DEFAULT NULL,
  `position` int(11) NOT NULL DEFAULT 0,
  `duration_seconds` int(11) NOT NULL DEFAULT 0,
  `created_at` datetime NOT NULL
) ENGINE=InnoDB DEFAULT CHARSET=utf8mb4 COLLATE=utf8mb4_general_ci;

--
-- Déchargement des données de la table `ad_break_items`
--

INSERT INTO `ad_break_items` (`id`, `ad_break_id`, `item_type`, `campaign_id`, `file_id`, `jingle_id`, `position`, `duration_seconds`, `created_at`) VALUES
(1, 1, 'ad', 1, 1, NULL, 1, 14, '2026-07-03 16:33:07'),
(2, 2, 'ad', 1, 1, NULL, 1, 14, '2026-07-03 16:33:07'),
(3, 3, 'ad', 1, 1, NULL, 1, 14, '2026-07-03 16:33:07'),
(4, 4, 'ad', 1, 1, NULL, 1, 14, '2026-07-03 16:33:07'),
(5, 5, 'ad', 1, 1, NULL, 1, 14, '2026-07-03 16:33:07'),
(6, 6, 'ad', 1, 1, NULL, 1, 14, '2026-07-03 16:33:07'),
(7, 7, 'ad', 1, 1, NULL, 1, 14, '2026-07-03 16:33:07'),
(8, 8, 'ad', 1, 1, NULL, 1, 14, '2026-07-03 16:33:07'),
(9, 9, 'ad', 1, 1, NULL, 1, 14, '2026-07-03 16:33:07'),
(10, 10, 'ad', 1, 1, NULL, 1, 14, '2026-07-03 16:33:07'),
(11, 11, 'ad', 1, 1, NULL, 1, 14, '2026-07-03 16:33:07'),
(12, 12, 'ad', 1, 1, NULL, 1, 14, '2026-07-03 16:33:07'),
(13, 13, 'ad', 1, 1, NULL, 1, 14, '2026-07-03 16:33:07'),
(14, 14, 'ad', 1, 1, NULL, 1, 14, '2026-07-03 16:33:07'),
(15, 15, 'ad', 1, 1, NULL, 1, 14, '2026-07-03 16:33:07'),
(16, 16, 'ad', 1, 1, NULL, 1, 14, '2026-07-03 16:33:07'),
(17, 17, 'ad', 1, 1, NULL, 1, 14, '2026-07-03 16:33:07'),
(18, 18, 'ad', 1, 1, NULL, 1, 14, '2026-07-03 16:33:07'),
(19, 19, 'ad', 1, 1, NULL, 1, 14, '2026-07-03 16:33:07'),
(20, 20, 'ad', 1, 1, NULL, 1, 14, '2026-07-03 16:33:07'),
(21, 21, 'ad', 1, 1, NULL, 1, 14, '2026-07-03 16:33:07'),
(22, 22, 'ad', 1, 1, NULL, 1, 14, '2026-07-03 16:33:07'),
(23, 23, 'ad', 1, 1, NULL, 1, 14, '2026-07-03 16:33:07'),
(24, 24, 'ad', 1, 1, NULL, 1, 14, '2026-07-03 16:33:07'),
(25, 25, 'ad', 1, 1, NULL, 1, 14, '2026-07-03 16:33:07'),
(26, 26, 'ad', 1, 1, NULL, 1, 14, '2026-07-03 16:33:07'),
(27, 27, 'ad', 1, 1, NULL, 1, 14, '2026-07-03 16:33:07'),
(28, 28, 'ad', 1, 1, NULL, 1, 14, '2026-07-03 16:33:07'),
(29, 29, 'ad', 1, 1, NULL, 1, 14, '2026-07-03 16:33:07'),
(30, 30, 'ad', 1, 1, NULL, 1, 14, '2026-07-03 16:33:07'),
(31, 31, 'ad', 1, 1, NULL, 1, 14, '2026-07-03 16:33:07'),
(32, 32, 'ad', 1, 1, NULL, 1, 14, '2026-07-03 16:33:07'),
(33, 33, 'ad', 1, 1, NULL, 1, 14, '2026-07-03 16:33:07'),
(34, 34, 'ad', 1, 1, NULL, 1, 14, '2026-07-03 16:33:07'),
(35, 35, 'ad', 1, 1, NULL, 1, 14, '2026-07-03 16:33:07'),
(36, 36, 'ad', 1, 1, NULL, 1, 14, '2026-07-03 16:33:07'),
(37, 37, 'ad', 1, 1, NULL, 1, 14, '2026-07-03 16:33:07'),
(38, 38, 'ad', 1, 1, NULL, 1, 14, '2026-07-03 16:33:07'),
(39, 39, 'ad', 1, 1, NULL, 1, 14, '2026-07-03 16:33:07'),
(40, 40, 'ad', 1, 1, NULL, 1, 14, '2026-07-03 16:33:07'),
(41, 41, 'ad', 1, 1, NULL, 1, 14, '2026-07-03 16:33:07'),
(42, 42, 'ad', 1, 1, NULL, 1, 14, '2026-07-03 16:33:07'),
(43, 43, 'ad', 1, 1, NULL, 1, 14, '2026-07-03 16:33:07'),
(44, 44, 'ad', 1, 1, NULL, 1, 14, '2026-07-03 16:33:07'),
(45, 45, 'ad', 1, 1, NULL, 1, 14, '2026-07-03 16:33:07'),
(46, 46, 'ad', 1, 1, NULL, 1, 14, '2026-07-03 16:33:07'),
(47, 47, 'ad', 1, 1, NULL, 1, 14, '2026-07-03 16:33:07'),
(48, 48, 'ad', 1, 1, NULL, 1, 14, '2026-07-03 16:33:07'),
(49, 49, 'ad', 1, 1, NULL, 1, 14, '2026-07-03 16:33:07'),
(50, 50, 'ad', 1, 1, NULL, 1, 14, '2026-07-03 16:33:07'),
(51, 51, 'ad', 1, 1, NULL, 1, 14, '2026-07-03 16:33:07'),
(52, 52, 'ad', 1, 1, NULL, 1, 14, '2026-07-03 16:33:07'),
(53, 53, 'ad', 1, 1, NULL, 1, 14, '2026-07-03 16:33:07'),
(54, 54, 'ad', 1, 1, NULL, 1, 14, '2026-07-03 16:33:07'),
(55, 55, 'ad', 1, 1, NULL, 1, 14, '2026-07-03 16:33:07'),
(56, 56, 'ad', 1, 1, NULL, 1, 14, '2026-07-03 16:33:07'),
(57, 57, 'ad', 1, 1, NULL, 1, 14, '2026-07-03 16:33:07'),
(58, 58, 'ad', 1, 1, NULL, 1, 14, '2026-07-03 16:33:07'),
(59, 59, 'ad', 1, 1, NULL, 1, 14, '2026-07-03 16:33:07'),
(60, 60, 'ad', 1, 1, NULL, 1, 14, '2026-07-03 16:33:07'),
(61, 61, 'ad', 1, 1, NULL, 1, 14, '2026-07-03 16:33:07'),
(62, 62, 'ad', 1, 1, NULL, 1, 14, '2026-07-03 16:33:07'),
(63, 63, 'ad', 1, 1, NULL, 1, 14, '2026-07-03 16:33:07'),
(64, 64, 'ad', 1, 1, NULL, 1, 14, '2026-07-03 16:33:07'),
(65, 65, 'ad', 1, 1, NULL, 1, 14, '2026-07-03 16:33:07'),
(66, 66, 'ad', 1, 1, NULL, 1, 14, '2026-07-03 16:33:07'),
(67, 67, 'ad', 1, 1, NULL, 1, 14, '2026-07-03 16:33:07'),
(68, 68, 'ad', 1, 1, NULL, 1, 14, '2026-07-03 16:33:07'),
(69, 69, 'ad', 1, 1, NULL, 1, 14, '2026-07-03 16:33:07'),
(70, 70, 'ad', 1, 1, NULL, 1, 14, '2026-07-03 16:33:07'),
(71, 71, 'ad', 1, 1, NULL, 1, 14, '2026-07-03 16:33:07'),
(72, 72, 'ad', 1, 1, NULL, 1, 14, '2026-07-03 16:33:07'),
(73, 73, 'ad', 1, 1, NULL, 1, 14, '2026-07-03 16:33:07'),
(74, 74, 'ad', 1, 1, NULL, 1, 14, '2026-07-03 16:33:07'),
(75, 75, 'ad', 1, 1, NULL, 1, 14, '2026-07-03 16:33:07'),
(76, 76, 'ad', 1, 1, NULL, 1, 14, '2026-07-03 16:33:07'),
(77, 77, 'ad', 1, 1, NULL, 1, 14, '2026-07-03 16:33:07'),
(78, 78, 'ad', 1, 1, NULL, 1, 14, '2026-07-03 16:33:07'),
(79, 79, 'ad', 1, 1, NULL, 1, 14, '2026-07-03 16:33:07'),
(80, 80, 'ad', 1, 1, NULL, 1, 14, '2026-07-03 16:33:07'),
(81, 81, 'ad', 1, 1, NULL, 1, 14, '2026-07-03 16:33:07'),
(82, 82, 'ad', 1, 1, NULL, 1, 14, '2026-07-03 16:33:07'),
(83, 83, 'ad', 1, 1, NULL, 1, 14, '2026-07-03 16:33:07'),
(84, 84, 'ad', 1, 1, NULL, 1, 14, '2026-07-03 16:33:07'),
(85, 85, 'ad', 1, 1, NULL, 1, 14, '2026-07-03 16:33:07'),
(86, 86, 'ad', 1, 1, NULL, 1, 14, '2026-07-03 16:33:07'),
(87, 87, 'ad', 1, 1, NULL, 1, 14, '2026-07-03 16:33:07'),
(88, 88, 'ad', 1, 1, NULL, 1, 14, '2026-07-03 16:33:07'),
(89, 89, 'ad', 1, 1, NULL, 1, 14, '2026-07-03 16:33:07'),
(90, 90, 'ad', 1, 1, NULL, 1, 14, '2026-07-03 16:33:07'),
(91, 91, 'ad', 1, 1, NULL, 1, 14, '2026-07-03 16:33:07'),
(92, 92, 'ad', 1, 1, NULL, 1, 14, '2026-07-03 16:33:07'),
(93, 93, 'ad', 1, 1, NULL, 1, 14, '2026-07-03 16:33:07'),
(94, 94, 'ad', 1, 1, NULL, 1, 14, '2026-07-03 16:33:07'),
(95, 95, 'ad', 1, 1, NULL, 1, 14, '2026-07-03 16:33:07'),
(96, 96, 'ad', 1, 1, NULL, 1, 14, '2026-07-03 16:33:07'),
(97, 97, 'ad', 1, 1, NULL, 1, 14, '2026-07-03 16:33:07'),
(98, 98, 'ad', 1, 1, NULL, 1, 14, '2026-07-03 16:33:07'),
(99, 99, 'ad', 1, 1, NULL, 1, 14, '2026-07-03 16:33:07'),
(100, 100, 'ad', 1, 1, NULL, 1, 14, '2026-07-03 16:33:07'),
(101, 101, 'ad', 1, 1, NULL, 1, 14, '2026-07-03 16:33:07'),
(102, 102, 'ad', 1, 1, NULL, 1, 14, '2026-07-03 16:33:07'),
(103, 103, 'ad', 1, 1, NULL, 1, 14, '2026-07-03 16:33:07'),
(104, 104, 'ad', 1, 1, NULL, 1, 14, '2026-07-03 16:33:07'),
(105, 105, 'ad', 1, 1, NULL, 1, 14, '2026-07-03 16:33:07'),
(106, 106, 'ad', 1, 1, NULL, 1, 14, '2026-07-03 16:33:07'),
(107, 107, 'ad', 1, 1, NULL, 1, 14, '2026-07-03 16:33:07'),
(108, 108, 'ad', 1, 1, NULL, 1, 14, '2026-07-03 16:33:07'),
(109, 109, 'ad', 1, 1, NULL, 1, 14, '2026-07-03 16:33:07'),
(110, 110, 'ad', 1, 1, NULL, 1, 14, '2026-07-03 16:33:07'),
(111, 111, 'ad', 1, 1, NULL, 1, 14, '2026-07-03 16:33:07'),
(112, 112, 'ad', 1, 1, NULL, 1, 14, '2026-07-03 16:33:07'),
(113, 113, 'ad', 1, 1, NULL, 1, 14, '2026-07-03 16:33:07'),
(114, 114, 'ad', 1, 1, NULL, 1, 14, '2026-07-03 16:33:07'),
(115, 115, 'ad', 1, 1, NULL, 1, 14, '2026-07-03 16:33:07'),
(116, 116, 'ad', 1, 1, NULL, 1, 14, '2026-07-03 16:33:07'),
(117, 117, 'ad', 1, 1, NULL, 1, 14, '2026-07-03 16:33:07'),
(118, 118, 'ad', 1, 1, NULL, 1, 14, '2026-07-03 16:33:07'),
(119, 119, 'ad', 1, 1, NULL, 1, 14, '2026-07-03 16:33:07'),
(120, 120, 'ad', 1, 1, NULL, 1, 14, '2026-07-03 16:33:07'),
(247, 243, 'intro', 2, NULL, 2, 1, 6, '2026-07-03 17:12:45'),
(248, 243, 'ad', 2, 2, NULL, 2, 13, '2026-07-03 17:12:45'),
(249, 244, 'intro', 2, NULL, 2, 1, 6, '2026-07-03 17:12:45'),
(250, 244, 'ad', 2, 2, NULL, 2, 13, '2026-07-03 17:12:45'),
(251, 245, 'intro', 2, NULL, 2, 1, 6, '2026-07-03 17:12:45'),
(252, 245, 'ad', 2, 2, NULL, 2, 13, '2026-07-03 17:12:45'),
(253, 246, 'intro', 2, NULL, 2, 1, 6, '2026-07-03 17:12:45'),
(254, 246, 'ad', 2, 2, NULL, 2, 13, '2026-07-03 17:12:45'),
(255, 247, 'intro', 2, NULL, 2, 1, 6, '2026-07-03 17:12:45'),
(256, 247, 'ad', 2, 2, NULL, 2, 13, '2026-07-03 17:12:45'),
(257, 248, 'intro', 2, NULL, 2, 1, 6, '2026-07-03 17:12:45'),
(258, 248, 'ad', 2, 2, NULL, 2, 13, '2026-07-03 17:12:45'),
(259, 249, 'intro', 2, NULL, 2, 1, 6, '2026-07-03 17:12:45'),
(260, 249, 'ad', 2, 2, NULL, 2, 13, '2026-07-03 17:12:45'),
(261, 250, 'intro', 2, NULL, 2, 1, 6, '2026-07-03 17:12:45'),
(262, 250, 'ad', 2, 2, NULL, 2, 13, '2026-07-03 17:12:45'),
(263, 251, 'intro', 2, NULL, 2, 1, 6, '2026-07-03 17:12:45'),
(264, 251, 'ad', 2, 2, NULL, 2, 13, '2026-07-03 17:12:45'),
(265, 252, 'intro', 2, NULL, 2, 1, 6, '2026-07-03 17:12:45'),
(266, 252, 'ad', 2, 2, NULL, 2, 13, '2026-07-03 17:12:45'),
(267, 253, 'intro', 2, NULL, 2, 1, 6, '2026-07-03 17:12:45'),
(268, 253, 'ad', 2, 2, NULL, 2, 13, '2026-07-03 17:12:45'),
(269, 254, 'intro', 2, NULL, 2, 1, 6, '2026-07-03 17:12:45'),
(270, 254, 'ad', 2, 2, NULL, 2, 13, '2026-07-03 17:12:45'),
(271, 255, 'intro', 2, NULL, 2, 1, 6, '2026-07-03 17:12:45'),
(272, 255, 'ad', 2, 2, NULL, 2, 13, '2026-07-03 17:12:45'),
(273, 256, 'intro', 2, NULL, 2, 1, 6, '2026-07-03 17:12:45'),
(274, 256, 'ad', 2, 2, NULL, 2, 13, '2026-07-03 17:12:45'),
(275, 257, 'intro', 2, NULL, 2, 1, 6, '2026-07-03 17:12:45'),
(276, 257, 'ad', 2, 2, NULL, 2, 13, '2026-07-03 17:12:45'),
(277, 258, 'intro', 2, NULL, 2, 1, 6, '2026-07-03 17:12:45'),
(278, 258, 'ad', 2, 2, NULL, 2, 13, '2026-07-03 17:12:45'),
(279, 259, 'intro', 2, NULL, 2, 1, 6, '2026-07-03 17:12:45'),
(280, 259, 'ad', 2, 2, NULL, 2, 13, '2026-07-03 17:12:45'),
(281, 260, 'intro', 2, NULL, 2, 1, 6, '2026-07-03 17:12:45'),
(282, 260, 'ad', 2, 2, NULL, 2, 13, '2026-07-03 17:12:45'),
(283, 261, 'intro', 2, NULL, 2, 1, 6, '2026-07-03 17:12:45'),
(284, 261, 'ad', 2, 2, NULL, 2, 13, '2026-07-03 17:12:45'),
(285, 262, 'intro', 2, NULL, 2, 1, 6, '2026-07-03 17:12:45'),
(286, 262, 'ad', 2, 2, NULL, 2, 13, '2026-07-03 17:12:45'),
(287, 263, 'intro', 2, NULL, 2, 1, 6, '2026-07-03 17:12:45'),
(288, 263, 'ad', 2, 2, NULL, 2, 13, '2026-07-03 17:12:45'),
(289, 264, 'intro', 2, NULL, 2, 1, 6, '2026-07-03 17:12:45'),
(290, 264, 'ad', 2, 2, NULL, 2, 13, '2026-07-03 17:12:45'),
(291, 265, 'intro', 2, NULL, 2, 1, 6, '2026-07-03 17:12:45'),
(292, 265, 'ad', 2, 2, NULL, 2, 13, '2026-07-03 17:12:45'),
(293, 266, 'intro', 2, NULL, 2, 1, 6, '2026-07-03 17:12:45'),
(294, 266, 'ad', 2, 2, NULL, 2, 13, '2026-07-03 17:12:45'),
(295, 267, 'intro', 2, NULL, 2, 1, 6, '2026-07-03 17:12:45'),
(296, 267, 'ad', 2, 2, NULL, 2, 13, '2026-07-03 17:12:45'),
(297, 268, 'intro', 2, NULL, 2, 1, 6, '2026-07-03 17:12:45'),
(298, 268, 'ad', 2, 2, NULL, 2, 13, '2026-07-03 17:12:45'),
(299, 269, 'intro', 2, NULL, 2, 1, 6, '2026-07-03 17:12:45'),
(300, 269, 'ad', 2, 2, NULL, 2, 13, '2026-07-03 17:12:45'),
(301, 270, 'intro', 2, NULL, 2, 1, 6, '2026-07-03 17:12:45'),
(302, 270, 'ad', 2, 2, NULL, 2, 13, '2026-07-03 17:12:45'),
(303, 271, 'intro', 2, NULL, 2, 1, 6, '2026-07-03 17:12:45'),
(304, 271, 'ad', 2, 2, NULL, 2, 13, '2026-07-03 17:12:45'),
(305, 272, 'intro', 2, NULL, 2, 1, 6, '2026-07-03 17:12:45'),
(306, 272, 'ad', 2, 2, NULL, 2, 13, '2026-07-03 17:12:45'),
(307, 273, 'intro', 2, NULL, 2, 1, 6, '2026-07-03 17:12:45'),
(308, 273, 'ad', 2, 2, NULL, 2, 13, '2026-07-03 17:12:45'),
(309, 274, 'intro', 2, NULL, 2, 1, 6, '2026-07-03 17:12:45'),
(310, 274, 'ad', 2, 2, NULL, 2, 13, '2026-07-03 17:12:45'),
(311, 275, 'intro', 2, NULL, 2, 1, 6, '2026-07-03 17:12:45'),
(312, 275, 'ad', 2, 2, NULL, 2, 13, '2026-07-03 17:12:45'),
(313, 276, 'intro', 2, NULL, 2, 1, 6, '2026-07-03 17:12:45'),
(314, 276, 'ad', 2, 2, NULL, 2, 13, '2026-07-03 17:12:45'),
(315, 277, 'intro', 2, NULL, 2, 1, 6, '2026-07-03 17:12:45'),
(316, 277, 'ad', 2, 2, NULL, 2, 13, '2026-07-03 17:12:45'),
(317, 278, 'intro', 2, NULL, 2, 1, 6, '2026-07-03 17:12:45'),
(318, 278, 'ad', 2, 2, NULL, 2, 13, '2026-07-03 17:12:45'),
(319, 279, 'intro', 2, NULL, 2, 1, 6, '2026-07-03 17:12:45'),
(320, 279, 'ad', 2, 2, NULL, 2, 13, '2026-07-03 17:12:45'),
(321, 280, 'intro', 2, NULL, 2, 1, 6, '2026-07-03 17:12:45'),
(322, 280, 'ad', 2, 2, NULL, 2, 13, '2026-07-03 17:12:45'),
(323, 281, 'intro', 2, NULL, 2, 1, 6, '2026-07-03 17:12:45'),
(324, 281, 'ad', 2, 2, NULL, 2, 13, '2026-07-03 17:12:45'),
(325, 282, 'intro', 2, NULL, 2, 1, 6, '2026-07-03 17:12:45'),
(326, 282, 'ad', 2, 2, NULL, 2, 13, '2026-07-03 17:12:45'),
(327, 283, 'intro', 2, NULL, 2, 1, 6, '2026-07-03 17:12:45'),
(328, 283, 'ad', 2, 2, NULL, 2, 13, '2026-07-03 17:12:45'),
(329, 284, 'intro', 2, NULL, 2, 1, 6, '2026-07-03 17:12:45'),
(330, 284, 'ad', 2, 2, NULL, 2, 13, '2026-07-03 17:12:45'),
(331, 285, 'intro', 2, NULL, 2, 1, 6, '2026-07-03 17:12:45'),
(332, 285, 'ad', 2, 2, NULL, 2, 13, '2026-07-03 17:12:45'),
(333, 286, 'intro', 2, NULL, 2, 1, 6, '2026-07-03 17:12:45'),
(334, 286, 'ad', 2, 2, NULL, 2, 13, '2026-07-03 17:12:45'),
(335, 287, 'intro', 2, NULL, 2, 1, 6, '2026-07-03 17:12:45'),
(336, 287, 'ad', 2, 2, NULL, 2, 13, '2026-07-03 17:12:45'),
(337, 288, 'intro', 2, NULL, 2, 1, 6, '2026-07-03 17:12:45'),
(338, 288, 'ad', 2, 2, NULL, 2, 13, '2026-07-03 17:12:45'),
(339, 289, 'intro', 2, NULL, 2, 1, 6, '2026-07-03 17:12:45'),
(340, 289, 'ad', 2, 2, NULL, 2, 13, '2026-07-03 17:12:45'),
(341, 290, 'intro', 2, NULL, 2, 1, 6, '2026-07-03 17:12:45'),
(342, 290, 'ad', 2, 2, NULL, 2, 13, '2026-07-03 17:12:45'),
(343, 291, 'intro', 2, NULL, 2, 1, 6, '2026-07-03 17:12:45'),
(344, 291, 'ad', 2, 2, NULL, 2, 13, '2026-07-03 17:12:45'),
(345, 292, 'intro', 2, NULL, 2, 1, 6, '2026-07-03 17:12:45'),
(346, 292, 'ad', 2, 2, NULL, 2, 13, '2026-07-03 17:12:45'),
(347, 293, 'intro', 2, NULL, 2, 1, 6, '2026-07-03 17:12:45'),
(348, 293, 'ad', 2, 2, NULL, 2, 13, '2026-07-03 17:12:45'),
(349, 294, 'intro', 2, NULL, 2, 1, 6, '2026-07-03 17:12:45'),
(350, 294, 'ad', 2, 2, NULL, 2, 13, '2026-07-03 17:12:45'),
(351, 295, 'intro', 2, NULL, 2, 1, 6, '2026-07-03 17:12:45'),
(352, 295, 'ad', 2, 2, NULL, 2, 13, '2026-07-03 17:12:45'),
(353, 296, 'intro', 2, NULL, 2, 1, 6, '2026-07-03 17:12:45'),
(354, 296, 'ad', 2, 2, NULL, 2, 13, '2026-07-03 17:12:45'),
(355, 297, 'intro', 2, NULL, 2, 1, 6, '2026-07-03 17:12:45'),
(356, 297, 'ad', 2, 2, NULL, 2, 13, '2026-07-03 17:12:45'),
(357, 298, 'intro', 2, NULL, 2, 1, 6, '2026-07-03 17:12:45'),
(358, 298, 'ad', 2, 2, NULL, 2, 13, '2026-07-03 17:12:45'),
(359, 299, 'intro', 2, NULL, 2, 1, 6, '2026-07-03 17:12:45'),
(360, 299, 'ad', 2, 2, NULL, 2, 13, '2026-07-03 17:12:45'),
(361, 300, 'intro', 2, NULL, 2, 1, 6, '2026-07-03 17:12:45'),
(362, 300, 'ad', 2, 2, NULL, 2, 13, '2026-07-03 17:12:45'),
(363, 301, 'intro', 2, NULL, 2, 1, 6, '2026-07-03 17:12:45'),
(364, 301, 'ad', 2, 2, NULL, 2, 13, '2026-07-03 17:12:45'),
(365, 302, 'intro', 2, NULL, 2, 1, 6, '2026-07-03 17:12:45'),
(366, 302, 'ad', 2, 2, NULL, 2, 13, '2026-07-03 17:12:45'),
(367, 303, 'intro', 2, NULL, 2, 1, 6, '2026-07-03 17:12:45'),
(368, 303, 'ad', 2, 2, NULL, 2, 13, '2026-07-03 17:12:45'),
(369, 304, 'intro', 2, NULL, 2, 1, 6, '2026-07-03 17:12:45'),
(370, 304, 'ad', 2, 2, NULL, 2, 13, '2026-07-03 17:12:45'),
(371, 305, 'intro', 2, NULL, 2, 1, 6, '2026-07-03 17:12:45'),
(372, 305, 'ad', 2, 2, NULL, 2, 13, '2026-07-03 17:12:45'),
(373, 306, 'intro', 2, NULL, 2, 1, 6, '2026-07-03 17:12:45'),
(374, 306, 'ad', 2, 2, NULL, 2, 13, '2026-07-03 17:12:45'),
(375, 307, 'intro', 2, NULL, 2, 1, 6, '2026-07-03 17:12:45'),
(376, 307, 'ad', 2, 2, NULL, 2, 13, '2026-07-03 17:12:45'),
(377, 308, 'intro', 2, NULL, 2, 1, 6, '2026-07-03 17:12:45'),
(378, 308, 'ad', 2, 2, NULL, 2, 13, '2026-07-03 17:12:45'),
(379, 309, 'intro', 2, NULL, 2, 1, 6, '2026-07-03 17:12:45'),
(380, 309, 'ad', 2, 2, NULL, 2, 13, '2026-07-03 17:12:45'),
(381, 310, 'intro', 2, NULL, 2, 1, 6, '2026-07-03 17:12:45'),
(382, 310, 'ad', 2, 2, NULL, 2, 13, '2026-07-03 17:12:45'),
(383, 311, 'intro', 2, NULL, 2, 1, 6, '2026-07-03 17:12:45'),
(384, 311, 'ad', 2, 2, NULL, 2, 13, '2026-07-03 17:12:45'),
(385, 312, 'intro', 2, NULL, 2, 1, 6, '2026-07-03 17:12:45'),
(386, 312, 'ad', 2, 2, NULL, 2, 13, '2026-07-03 17:12:45'),
(387, 313, 'intro', 2, NULL, 2, 1, 6, '2026-07-03 17:12:45'),
(388, 313, 'ad', 2, 2, NULL, 2, 13, '2026-07-03 17:12:45'),
(389, 314, 'intro', 2, NULL, 2, 1, 6, '2026-07-03 17:12:45'),
(390, 314, 'ad', 2, 2, NULL, 2, 13, '2026-07-03 17:12:45'),
(391, 315, 'intro', 2, NULL, 2, 1, 6, '2026-07-03 17:12:45'),
(392, 315, 'ad', 2, 2, NULL, 2, 13, '2026-07-03 17:12:45'),
(393, 316, 'intro', 2, NULL, 2, 1, 6, '2026-07-03 17:12:45'),
(394, 316, 'ad', 2, 2, NULL, 2, 13, '2026-07-03 17:12:45'),
(395, 317, 'intro', 2, NULL, 2, 1, 6, '2026-07-03 17:12:45'),
(396, 317, 'ad', 2, 2, NULL, 2, 13, '2026-07-03 17:12:45'),
(397, 318, 'intro', 2, NULL, 2, 1, 6, '2026-07-03 17:12:45'),
(398, 318, 'ad', 2, 2, NULL, 2, 13, '2026-07-03 17:12:45'),
(399, 319, 'intro', 2, NULL, 2, 1, 6, '2026-07-03 17:12:45'),
(400, 319, 'ad', 2, 2, NULL, 2, 13, '2026-07-03 17:12:45'),
(401, 320, 'intro', 2, NULL, 2, 1, 6, '2026-07-03 17:12:45'),
(402, 320, 'ad', 2, 2, NULL, 2, 13, '2026-07-03 17:12:45'),
(403, 321, 'intro', 2, NULL, 2, 1, 6, '2026-07-03 17:12:45'),
(404, 321, 'ad', 2, 2, NULL, 2, 13, '2026-07-03 17:12:45'),
(405, 322, 'intro', 2, NULL, 2, 1, 6, '2026-07-03 17:12:45'),
(406, 322, 'ad', 2, 2, NULL, 2, 13, '2026-07-03 17:12:45'),
(407, 323, 'intro', 2, NULL, 2, 1, 6, '2026-07-03 17:12:45'),
(408, 323, 'ad', 2, 2, NULL, 2, 13, '2026-07-03 17:12:45'),
(409, 324, 'intro', 2, NULL, 2, 1, 6, '2026-07-03 17:12:45'),
(410, 324, 'ad', 2, 2, NULL, 2, 13, '2026-07-03 17:12:45'),
(411, 325, 'intro', 2, NULL, 2, 1, 6, '2026-07-03 17:12:45'),
(412, 325, 'ad', 2, 2, NULL, 2, 13, '2026-07-03 17:12:45'),
(413, 326, 'intro', 2, NULL, 2, 1, 6, '2026-07-03 17:12:45'),
(414, 326, 'ad', 2, 2, NULL, 2, 13, '2026-07-03 17:12:45'),
(415, 327, 'intro', 2, NULL, 2, 1, 6, '2026-07-03 17:12:45'),
(416, 327, 'ad', 2, 2, NULL, 2, 13, '2026-07-03 17:12:45'),
(417, 328, 'intro', 2, NULL, 2, 1, 6, '2026-07-03 17:12:45'),
(418, 328, 'ad', 2, 2, NULL, 2, 13, '2026-07-03 17:12:45'),
(419, 329, 'intro', 2, NULL, 2, 1, 6, '2026-07-03 17:12:45'),
(420, 329, 'ad', 2, 2, NULL, 2, 13, '2026-07-03 17:12:45'),
(421, 330, 'intro', 2, NULL, 2, 1, 6, '2026-07-03 17:12:45'),
(422, 330, 'ad', 2, 2, NULL, 2, 13, '2026-07-03 17:12:45'),
(423, 331, 'intro', 2, NULL, 2, 1, 6, '2026-07-03 17:12:45'),
(424, 331, 'ad', 2, 2, NULL, 2, 13, '2026-07-03 17:12:45'),
(425, 332, 'intro', 2, NULL, 2, 1, 6, '2026-07-03 17:12:45'),
(426, 332, 'ad', 2, 2, NULL, 2, 13, '2026-07-03 17:12:45'),
(427, 333, 'intro', 2, NULL, 2, 1, 6, '2026-07-03 17:12:45'),
(428, 333, 'ad', 2, 2, NULL, 2, 13, '2026-07-03 17:12:45'),
(429, 334, 'intro', 2, NULL, 2, 1, 6, '2026-07-03 17:12:45'),
(430, 334, 'ad', 2, 2, NULL, 2, 13, '2026-07-03 17:12:45'),
(431, 335, 'intro', 2, NULL, 2, 1, 6, '2026-07-03 17:12:45'),
(432, 335, 'ad', 2, 2, NULL, 2, 13, '2026-07-03 17:12:45'),
(433, 336, 'intro', 2, NULL, 2, 1, 6, '2026-07-03 17:12:45'),
(434, 336, 'ad', 2, 2, NULL, 2, 13, '2026-07-03 17:12:45'),
(435, 337, 'intro', 2, NULL, 2, 1, 6, '2026-07-03 17:12:45'),
(436, 337, 'ad', 2, 2, NULL, 2, 13, '2026-07-03 17:12:45'),
(437, 338, 'intro', 2, NULL, 2, 1, 6, '2026-07-03 17:12:45'),
(438, 338, 'ad', 2, 2, NULL, 2, 13, '2026-07-03 17:12:45'),
(439, 339, 'intro', 2, NULL, 2, 1, 6, '2026-07-03 17:12:45'),
(440, 339, 'ad', 2, 2, NULL, 2, 13, '2026-07-03 17:12:45'),
(441, 340, 'intro', 2, NULL, 2, 1, 6, '2026-07-03 17:12:45'),
(442, 340, 'ad', 2, 2, NULL, 2, 13, '2026-07-03 17:12:45'),
(443, 341, 'intro', 2, NULL, 2, 1, 6, '2026-07-03 17:12:45'),
(444, 341, 'ad', 2, 2, NULL, 2, 13, '2026-07-03 17:12:45'),
(445, 342, 'intro', 2, NULL, 2, 1, 6, '2026-07-03 17:12:45'),
(446, 342, 'ad', 2, 2, NULL, 2, 13, '2026-07-03 17:12:45'),
(447, 343, 'intro', 2, NULL, 2, 1, 6, '2026-07-03 17:12:45'),
(448, 343, 'ad', 2, 2, NULL, 2, 13, '2026-07-03 17:12:45'),
(449, 344, 'intro', 2, NULL, 2, 1, 6, '2026-07-03 17:12:45'),
(450, 344, 'ad', 2, 2, NULL, 2, 13, '2026-07-03 17:12:45'),
(451, 345, 'intro', 2, NULL, 2, 1, 6, '2026-07-03 17:12:45'),
(452, 345, 'ad', 2, 2, NULL, 2, 13, '2026-07-03 17:12:45'),
(453, 346, 'intro', 2, NULL, 2, 1, 6, '2026-07-03 17:12:45'),
(454, 346, 'ad', 2, 2, NULL, 2, 13, '2026-07-03 17:12:45'),
(455, 347, 'intro', 2, NULL, 2, 1, 6, '2026-07-03 17:12:45'),
(456, 347, 'ad', 2, 2, NULL, 2, 13, '2026-07-03 17:12:45'),
(457, 348, 'intro', 2, NULL, 2, 1, 6, '2026-07-03 17:12:45'),
(458, 348, 'ad', 2, 2, NULL, 2, 13, '2026-07-03 17:12:45'),
(459, 349, 'intro', 2, NULL, 2, 1, 6, '2026-07-03 17:12:45'),
(460, 349, 'ad', 2, 2, NULL, 2, 13, '2026-07-03 17:12:45'),
(461, 350, 'intro', 2, NULL, 2, 1, 6, '2026-07-03 17:12:45'),
(462, 350, 'ad', 2, 2, NULL, 2, 13, '2026-07-03 17:12:45'),
(463, 351, 'intro', 2, NULL, 2, 1, 6, '2026-07-03 17:12:45'),
(464, 351, 'ad', 2, 2, NULL, 2, 13, '2026-07-03 17:12:45'),
(465, 352, 'intro', 2, NULL, 2, 1, 6, '2026-07-03 17:12:45'),
(466, 352, 'ad', 2, 2, NULL, 2, 13, '2026-07-03 17:12:45'),
(467, 353, 'intro', 2, NULL, 2, 1, 6, '2026-07-03 17:12:45'),
(468, 353, 'ad', 2, 2, NULL, 2, 13, '2026-07-03 17:12:45'),
(469, 354, 'intro', 2, NULL, 2, 1, 6, '2026-07-03 17:12:45'),
(470, 354, 'ad', 2, 2, NULL, 2, 13, '2026-07-03 17:12:45'),
(471, 355, 'intro', 2, NULL, 2, 1, 6, '2026-07-03 17:12:45'),
(472, 355, 'ad', 2, 2, NULL, 2, 13, '2026-07-03 17:12:45'),
(473, 356, 'intro', 2, NULL, 2, 1, 6, '2026-07-03 17:12:45'),
(474, 356, 'ad', 2, 2, NULL, 2, 13, '2026-07-03 17:12:45'),
(475, 357, 'intro', 2, NULL, 2, 1, 6, '2026-07-03 17:12:45'),
(476, 357, 'ad', 2, 2, NULL, 2, 13, '2026-07-03 17:12:45'),
(477, 358, 'intro', 2, NULL, 2, 1, 6, '2026-07-03 17:12:45'),
(478, 358, 'ad', 2, 2, NULL, 2, 13, '2026-07-03 17:12:45'),
(479, 359, 'intro', 2, NULL, 2, 1, 6, '2026-07-03 17:12:45'),
(480, 359, 'ad', 2, 2, NULL, 2, 13, '2026-07-03 17:12:45'),
(481, 360, 'intro', 2, NULL, 2, 1, 6, '2026-07-03 17:12:45'),
(482, 360, 'ad', 2, 2, NULL, 2, 13, '2026-07-03 17:12:45'),
(483, 361, 'intro', 2, NULL, 2, 1, 6, '2026-07-03 17:12:45'),
(484, 361, 'ad', 2, 2, NULL, 2, 13, '2026-07-03 17:12:45'),
(485, 362, 'intro', 2, NULL, 2, 1, 6, '2026-07-03 17:12:45'),
(486, 362, 'ad', 2, 2, NULL, 2, 13, '2026-07-03 17:12:45');

-- --------------------------------------------------------

--
-- Structure de la table `ad_broadcast_logs`
--

CREATE TABLE `ad_broadcast_logs` (
  `id` int(11) NOT NULL,
  `campaign_id` int(11) DEFAULT NULL,
  `ad_break_id` int(11) DEFAULT NULL,
  `file_id` int(11) DEFAULT NULL,
  `radio_id` int(11) NOT NULL,
  `station` varchar(160) NOT NULL,
  `played_at` datetime NOT NULL,
  `duration_seconds` int(11) NOT NULL DEFAULT 0,
  `status` enum('played','skipped','failed') NOT NULL DEFAULT 'played',
  `created_at` datetime NOT NULL
) ENGINE=InnoDB DEFAULT CHARSET=utf8mb4 COLLATE=utf8mb4_general_ci;

-- --------------------------------------------------------

--
-- Structure de la table `ad_campaigns`
--

CREATE TABLE `ad_campaigns` (
  `id` int(11) NOT NULL,
  `user_id` int(11) NOT NULL,
  `radio_id` int(11) NOT NULL,
  `brand_name` varchar(160) NOT NULL,
  `campaign_name` varchar(180) NOT NULL,
  `total_broadcasts` int(11) NOT NULL DEFAULT 1,
  `broadcasts_done` int(11) NOT NULL DEFAULT 0,
  `start_date` date NOT NULL,
  `end_date` date NOT NULL,
  `start_time` time NOT NULL,
  `end_time` time NOT NULL,
  `interval_minutes` int(11) NOT NULL DEFAULT 60,
  `status` enum('draft','active','paused','finished') NOT NULL DEFAULT 'draft',
  `created_at` datetime NOT NULL,
  `updated_at` datetime NOT NULL
) ENGINE=InnoDB DEFAULT CHARSET=utf8mb4 COLLATE=utf8mb4_general_ci;

--
-- Déchargement des données de la table `ad_campaigns`
--

INSERT INTO `ad_campaigns` (`id`, `user_id`, `radio_id`, `brand_name`, `campaign_name`, `total_broadcasts`, `broadcasts_done`, `start_date`, `end_date`, `start_time`, `end_time`, `interval_minutes`, `status`, `created_at`, `updated_at`) VALUES
(1, 1, 1, 'LS CUSTOM', 'Test', 120, 0, '2026-07-03', '2026-08-02', '08:00:00', '18:00:00', 30, 'active', '2026-07-03 16:32:44', '2026-07-03 17:12:24'),
(2, 1, 1, 'Up & ATOM', 'test2', 120, 0, '2026-07-03', '2026-08-02', '08:00:00', '18:00:00', 60, 'active', '2026-07-03 16:34:09', '2026-07-03 17:12:39');

-- --------------------------------------------------------

--
-- Structure de la table `ad_files`
--

CREATE TABLE `ad_files` (
  `id` int(11) NOT NULL,
  `campaign_id` int(11) NOT NULL,
  `original_filename` varchar(255) NOT NULL,
  `stored_filename` varchar(255) NOT NULL,
  `relative_path` varchar(255) NOT NULL,
  `public_url` varchar(255) DEFAULT NULL,
  `duration_seconds` int(11) NOT NULL DEFAULT 0,
  `size_bytes` bigint(20) NOT NULL DEFAULT 0,
  `mime_type` varchar(120) DEFAULT NULL,
  `status` enum('active','archived') NOT NULL DEFAULT 'active',
  `created_at` datetime NOT NULL
) ENGINE=InnoDB DEFAULT CHARSET=utf8mb4 COLLATE=utf8mb4_general_ci;

--
-- Déchargement des données de la table `ad_files`
--

INSERT INTO `ad_files` (`id`, `campaign_id`, `original_filename`, `stored_filename`, `relative_path`, `public_url`, `duration_seconds`, `size_bytes`, `mime_type`, `status`, `created_at`) VALUES
(1, 1, 'Pub LSCUSTOM.mp3', 'ls-custom-test-1783089180-8519.mp3', 'srv/pub/campaigns/1/ls-custom-test-1783089180-8519.mp3', '../srv/pub/campaigns/1/ls-custom-test-1783089180-8519.mp3', 14, 581056, 'audio/mpeg', 'active', '2026-07-03 16:33:00'),
(2, 2, 'Pub UpNAtom.mp3', 'up-atom-test2-1783089257-3695.mp3', 'srv/pub/campaigns/2/up-atom-test2-1783089257-3695.mp3', '../srv/pub/campaigns/2/up-atom-test2-1783089257-3695.mp3', 13, 525376, 'audio/mpeg', 'active', '2026-07-03 16:34:17');

-- --------------------------------------------------------

--
-- Structure de la table `ad_jingles`
--

CREATE TABLE `ad_jingles` (
  `id` int(11) NOT NULL,
  `user_id` int(11) NOT NULL,
  `radio_id` int(11) DEFAULT NULL,
  `campaign_id` int(11) DEFAULT NULL,
  `type` enum('intro','outro') NOT NULL,
  `name` varchar(160) NOT NULL,
  `relative_path` varchar(255) NOT NULL,
  `public_url` varchar(255) DEFAULT NULL,
  `duration_seconds` int(11) NOT NULL DEFAULT 0,
  `source_type` enum('upload','media') NOT NULL DEFAULT 'upload',
  `media_id` int(11) DEFAULT NULL,
  `status` enum('active','archived') NOT NULL DEFAULT 'active',
  `created_at` datetime NOT NULL,
  `updated_at` datetime NOT NULL
) ENGINE=InnoDB DEFAULT CHARSET=utf8mb4 COLLATE=utf8mb4_general_ci;

--
-- Déchargement des données de la table `ad_jingles`
--

INSERT INTO `ad_jingles` (`id`, `user_id`, `radio_id`, `campaign_id`, `type`, `name`, `relative_path`, `public_url`, `duration_seconds`, `source_type`, `media_id`, `status`, `created_at`, `updated_at`) VALUES
(1, 1, 1, NULL, 'intro', 'Decro pub', 'srv/pub/jingles/radio-1-intro-1783090965-5251.mp3', '../srv/pub/jingles/radio-1-intro-1783090965-5251.mp3', 6, 'upload', NULL, 'archived', '2026-07-03 17:02:45', '2026-07-03 17:02:51'),
(2, 1, 1, NULL, 'intro', 'Decro pub', 'srv/pub/jingles/radio-1-intro-1783090971-7001.mp3', '../srv/pub/jingles/radio-1-intro-1783090971-7001.mp3', 6, 'upload', NULL, 'archived', '2026-07-03 17:02:51', '2026-07-03 18:42:36'),
(3, 1, 1, NULL, 'intro', 'WAVE DECRO PUB LOCALE 2020 - NRJ', 'srv/musique/nrj-wave-decro-pub-locale-2020-v2-artiste-musique-1782725529-1871.mp3', '../srv/musique/nrj-wave-decro-pub-locale-2020-v2-artiste-musique-1782725529-1871.mp3', 6, 'upload', NULL, 'archived', '2026-07-03 18:42:36', '2026-07-03 18:42:46'),
(4, 1, 1, NULL, 'intro', 'WAVE DECRO PUB LOCALE 2020 - NRJ', 'srv/musique/nrj-wave-decro-pub-locale-2020-v2-artiste-musique-1782725529-1871.mp3', '../srv/musique/nrj-wave-decro-pub-locale-2020-v2-artiste-musique-1782725529-1871.mp3', 6, 'upload', NULL, 'archived', '2026-07-03 18:42:46', '2026-07-03 18:50:13'),
(5, 1, 1, NULL, 'intro', 'Sweeper - RockFordFM', 'srv/musique/liner-01-1783076850-4186.mp3', '../srv/musique/liner-01-1783076850-4186.mp3', 7, 'media', 233, 'archived', '2026-07-03 18:50:13', '2026-07-03 18:55:22'),
(6, 1, 1, NULL, 'intro', 'WAVE DECRO PUB LOCALE 2020 - NRJ', 'srv/musique/nrj-wave-decro-pub-locale-2020-v2-artiste-musique-1782725529-1871.mp3', '../srv/musique/nrj-wave-decro-pub-locale-2020-v2-artiste-musique-1782725529-1871.mp3', 6, 'media', 65, 'active', '2026-07-03 18:55:28', '2026-07-03 18:55:28'),
(7, 1, 1, NULL, 'outro', 'WAVE RACCRO PUB 2020 - NRJ', 'srv/musique/nrj-wave-raccro-pub-2020-idroid27-1782725529-8722.mp3', '../srv/musique/nrj-wave-raccro-pub-2020-idroid27-1782725529-8722.mp3', 10, 'media', 64, 'active', '2026-07-03 18:55:39', '2026-07-03 18:55:39');

-- --------------------------------------------------------

--
-- Structure de la table `audio_eq_presets`
--

CREATE TABLE `audio_eq_presets` (
  `id` int(11) NOT NULL,
  `user_id` int(11) NOT NULL,
  `type` enum('master','micro') NOT NULL,
  `name` varchar(120) NOT NULL,
  `config_json` mediumtext NOT NULL,
  `created_at` datetime NOT NULL DEFAULT current_timestamp(),
  `updated_at` datetime NOT NULL DEFAULT current_timestamp() ON UPDATE current_timestamp()
) ENGINE=InnoDB DEFAULT CHARSET=utf8mb4 COLLATE=utf8mb4_unicode_ci;

--
-- Déchargement des données de la table `audio_eq_presets`
--

INSERT INTO `audio_eq_presets` (`id`, `user_id`, `type`, `name`, `config_json`, `created_at`, `updated_at`) VALUES
(1, 1, 'micro', 'MICRO DYLAN', '{\"micEq\":{\"enabled\":true,\"gains\":[5.5,4,-3,-2,0,1,3,4,2,1]},\"micEnhancement\":{\"clarity\":9,\"ambience\":0,\"surround\":6,\"dynamics\":4,\"bass\":10},\"micModules\":{\"gate\":{\"enabled\":true,\"threshold\":0.02,\"attack\":5,\"release\":150},\"compressor\":{\"enabled\":true,\"threshold\":-25,\"ratio\":4,\"attack\":8,\"release\":100,\"makeup\":0},\"deEsser\":{\"enabled\":true,\"amount\":0.35,\"freq\":7500},\"limiter\":{\"enabled\":true,\"ceiling\":-1}}}', '2026-07-07 12:51:59', '2026-07-07 12:51:59'),
(2, 1, 'master', 'Son RADIO', '{\"eq\":{\"enabled\":true,\"gains\":[2,-1,0,-1,1,3,4,3.5,2,1]},\"enhancement\":{\"clarity\":10,\"ambience\":0,\"surround\":0,\"dynamics\":8,\"bass\":7},\"masterModules\":{\"compressor\":{\"enabled\":true,\"threshold\":-18,\"ratio\":3,\"attack\":10,\"release\":150,\"makeup\":0},\"deEsser\":{\"enabled\":true,\"amount\":0.3,\"freq\":7500},\"limiter\":{\"enabled\":true,\"ceiling\":-1}}}', '2026-07-07 12:53:17', '2026-07-07 12:53:17'),
(3, 1, 'master', 'Radio Test', '{\"eq\":{\"enabled\":true,\"gains\":[1,1,-1,0,0,1,1,2,1,1]},\"enhancement\":{\"clarity\":3,\"ambience\":0,\"surround\":1,\"dynamics\":3,\"bass\":3},\"masterModules\":{\"lowcut\":{\"enabled\":true,\"freq\":30},\"warmth\":{\"enabled\":false,\"drive\":0.05},\"air\":{\"enabled\":true,\"amount\":0.30000000000000004},\"reverb\":{\"enabled\":false,\"mix\":0.1,\"size\":1},\"compressor\":{\"enabled\":true,\"threshold\":-18,\"ratio\":3,\"attack\":10,\"release\":150,\"makeup\":4},\"deEsser\":{\"enabled\":false,\"amount\":0.30000000000000004,\"freq\":7500},\"limiter\":{\"enabled\":true,\"ceiling\":-1}}}', '2026-07-08 15:43:14', '2026-07-08 15:43:14');

-- --------------------------------------------------------

--
-- Structure de la table `client_tokens`
--

CREATE TABLE `client_tokens` (
  `id` int(11) NOT NULL,
  `user_id` int(11) NOT NULL,
  `token` char(64) NOT NULL,
  `label` varchar(190) DEFAULT NULL,
  `user_agent` text DEFAULT NULL,
  `created_at` datetime NOT NULL,
  `last_seen_at` datetime DEFAULT NULL
) ENGINE=InnoDB DEFAULT CHARSET=utf8mb4 COLLATE=utf8mb4_general_ci;

--
-- Déchargement des données de la table `client_tokens`
--

INSERT INTO `client_tokens` (`id`, `user_id`, `token`, `label`, `user_agent`, `created_at`, `last_seen_at`) VALUES
(6, 1, '2f24b932e41fc1c47434966f34519a5a4220f2b82bfd88536bb9128273311ef8', 'StudioDesk App', 'Mozilla/5.0 (Windows NT 10.0; Win64; x64) AppleWebKit/537.36 (KHTML, like Gecko) studiodesk-app/1.0.0 Chrome/148.0.7778.271 Electron/42.5.0 Safari/537.36', '2026-07-06 19:36:17', '2026-07-10 17:17:13'),
(7, 1, '5a7d8d4b398ae237eea209bda736e1acd010c5e6995e57232c96c9f3278e793d', 'StudioDesk App', 'Mozilla/5.0 (Windows NT 10.0; Win64; x64) AppleWebKit/537.36 (KHTML, like Gecko) studiodesk-app/1.0.0 Chrome/148.0.7778.271 Electron/42.5.0 Safari/537.36', '2026-07-06 21:11:30', '2026-07-08 12:48:08');

-- --------------------------------------------------------

--
-- Structure de la table `configuration`
--

CREATE TABLE `configuration` (
  `id` int(11) NOT NULL,
  `title` varchar(255) NOT NULL,
  `description` text NOT NULL
) ENGINE=InnoDB DEFAULT CHARSET=utf8mb4 COLLATE=utf8mb4_general_ci;

--
-- Déchargement des données de la table `configuration`
--

INSERT INTO `configuration` (`id`, `title`, `description`) VALUES
(1, 'StudioDesk', 'StudioDesk Manager - Plateforme de gestion de radio avec programmation, diffusion.');

-- --------------------------------------------------------

--
-- Structure de la table `emission_rundown_items`
--

CREATE TABLE `emission_rundown_items` (
  `id` int(11) NOT NULL,
  `user_id` int(11) NOT NULL,
  `radio_id` int(11) NOT NULL,
  `emission_id` int(11) NOT NULL,
  `slot_time` time DEFAULT NULL,
  `position` int(11) NOT NULL DEFAULT 0,
  `item_type` varchar(20) NOT NULL DEFAULT 'music',
  `media_id` int(11) DEFAULT NULL,
  `title` varchar(190) NOT NULL,
  `artist` varchar(190) DEFAULT NULL,
  `duration_seconds` int(11) DEFAULT NULL,
  `created_at` datetime NOT NULL,
  `updated_at` datetime NOT NULL
) ENGINE=InnoDB DEFAULT CHARSET=utf8mb4 COLLATE=utf8mb4_unicode_ci;

--
-- Déchargement des données de la table `emission_rundown_items`
--

INSERT INTO `emission_rundown_items` (`id`, `user_id`, `radio_id`, `emission_id`, `slot_time`, `position`, `item_type`, `media_id`, `title`, `artist`, `duration_seconds`, `created_at`, `updated_at`) VALUES
(2, 1, 1, 2, '23:20:00', 1, 'music', 212, 'SOUS CONTRÔLE', 'Rven/GIMS/EREBOR MUSIC', 177, '2026-07-09 23:00:55', '2026-07-10 09:03:56'),
(3, 1, 1, 2, '23:20:00', 2, 'music', 170, 'SPA', 'GIMS/Theodora', 183, '2026-07-09 23:00:59', '2026-07-10 09:03:56'),
(4, 1, 1, 2, '23:20:00', 3, 'music', 169, 'Soleil', 'GIMS', 132, '2026-07-09 23:01:00', '2026-07-10 09:03:56'),
(5, 1, 1, 2, '19:00:00', 1, 'music', 219, 'Hit List 03', 'NRJ', 9, '2026-07-10 09:25:43', '2026-07-10 09:25:43');

-- --------------------------------------------------------

--
-- Structure de la table `emission_soundboards`
--

CREATE TABLE `emission_soundboards` (
  `emission_key` varchar(64) NOT NULL,
  `user_id` int(11) NOT NULL,
  `radio_id` int(11) DEFAULT NULL,
  `data` longtext DEFAULT NULL,
  `updated_at` datetime NOT NULL
) ENGINE=InnoDB DEFAULT CHARSET=utf8mb4 COLLATE=utf8mb4_general_ci;

--
-- Déchargement des données de la table `emission_soundboards`
--

INSERT INTO `emission_soundboards` (`emission_key`, `user_id`, `radio_id`, `data`, `updated_at`) VALUES
('2', 1, 1, '{\"pages\":[{\"name\":\"Page 1\",\"pads\":[213,218,219,230,null,null,null,null,null,null,217,214,null,null,null,null,null,null,null,null,null,null,null,null,null,null,null,null,null,null,null,null,null,null,null,null,null,null,null,null]}]}', '2026-07-07 10:18:02');

-- --------------------------------------------------------

--
-- Structure de la table `media_categories`
--

CREATE TABLE `media_categories` (
  `id` int(11) NOT NULL,
  `user_id` int(11) NOT NULL,
  `radio_id` int(11) DEFAULT NULL,
  `scope` enum('user','radio') NOT NULL DEFAULT 'radio',
  `name` varchar(120) NOT NULL,
  `slug` varchar(140) NOT NULL,
  `color` varchar(20) NOT NULL DEFAULT '#8ea2ff',
  `content_type` enum('music','jingle','bed','soundboard','voice_track','podcast','liner','top_horaire','chronique','spot') NOT NULL DEFAULT 'music',
  `is_default` tinyint(1) NOT NULL DEFAULT 0,
  `cue_out_seconds` decimal(6,2) NOT NULL DEFAULT 0.00,
  `cross_seconds` decimal(6,2) NOT NULL DEFAULT 0.00,
  `fade_in_seconds` decimal(6,2) NOT NULL DEFAULT 0.00,
  `fade_out_seconds` decimal(6,2) NOT NULL DEFAULT 0.00,
  `created_at` datetime NOT NULL,
  `updated_at` datetime NOT NULL
) ENGINE=InnoDB DEFAULT CHARSET=utf8mb4 COLLATE=utf8mb4_general_ci;

--
-- Déchargement des données de la table `media_categories`
--

INSERT INTO `media_categories` (`id`, `user_id`, `radio_id`, `scope`, `name`, `slug`, `color`, `content_type`, `is_default`, `cue_out_seconds`, `cross_seconds`, `fade_in_seconds`, `fade_out_seconds`, `created_at`, `updated_at`) VALUES
(10, 1, NULL, 'user', 'Non classe', 'non-classe', '#94a3b8', 'music', 1, 5.00, 5.00, 0.10, 3.00, '2026-06-29 10:46:09', '2026-07-10 18:28:26'),
(194, 1, 1, 'radio', 'Jingles', 'jingles', '#8ea2ff', 'jingle', 0, 1.90, 1.00, 0.40, 1.80, '2026-06-29 17:31:40', '2026-06-30 13:35:40'),
(195, 1, 5, 'radio', 'Jingles', 'jingles', '#8ea2ff', 'jingle', 0, 0.00, 0.30, 0.50, 0.20, '2026-07-03 13:07:21', '2026-07-03 13:07:21');

-- --------------------------------------------------------

--
-- Structure de la table `media_files`
--

CREATE TABLE `media_files` (
  `id` int(11) NOT NULL,
  `user_id` int(11) NOT NULL,
  `radio_id` int(11) DEFAULT NULL,
  `scope` enum('user','radio') NOT NULL DEFAULT 'radio',
  `category_id` int(11) DEFAULT NULL,
  `content_type` enum('music','jingle','bed','soundboard','voice_track','podcast','liner','top_horaire','chronique','spot') NOT NULL DEFAULT 'music',
  `title` varchar(190) NOT NULL,
  `artist` varchar(190) NOT NULL,
  `album` varchar(190) DEFAULT NULL,
  `genre` varchar(120) DEFAULT NULL,
  `duration_seconds` int(11) DEFAULT NULL,
  `original_filename` varchar(255) NOT NULL,
  `stored_filename` varchar(255) NOT NULL,
  `relative_path` varchar(255) NOT NULL,
  `cover_path` varchar(255) DEFAULT NULL,
  `mime_type` varchar(120) NOT NULL,
  `size_bytes` bigint(20) NOT NULL DEFAULT 0,
  `checksum` char(64) DEFAULT NULL,
  `created_at` datetime NOT NULL,
  `updated_at` datetime NOT NULL,
  `trim_start_seconds` decimal(8,3) NOT NULL DEFAULT 0.000,
  `trim_end_seconds` decimal(8,3) DEFAULT NULL,
  `fade_in_seconds` decimal(8,3) NOT NULL DEFAULT 0.000,
  `fade_out_seconds` decimal(8,3) NOT NULL DEFAULT 0.000,
  `excerpt_start_seconds` decimal(8,3) NOT NULL DEFAULT 0.000,
  `excerpt_end_seconds` decimal(8,3) DEFAULT NULL,
  `playback_speed` decimal(5,3) NOT NULL DEFAULT 1.000,
  `intro_seconds` decimal(8,3) NOT NULL DEFAULT 0.000
) ENGINE=InnoDB DEFAULT CHARSET=utf8mb4 COLLATE=utf8mb4_general_ci;

--
-- Déchargement des données de la table `media_files`
--

INSERT INTO `media_files` (`id`, `user_id`, `radio_id`, `scope`, `category_id`, `content_type`, `title`, `artist`, `album`, `genre`, `duration_seconds`, `original_filename`, `stored_filename`, `relative_path`, `cover_path`, `mime_type`, `size_bytes`, `checksum`, `created_at`, `updated_at`, `trim_start_seconds`, `trim_end_seconds`, `fade_in_seconds`, `fade_out_seconds`, `excerpt_start_seconds`, `excerpt_end_seconds`, `playback_speed`, `intro_seconds`) VALUES
(2, 1, NULL, 'user', 10, 'music', '91\'s', 'PNL', 'Deux frères', NULL, 234, 'PNL - 91\'s (SPOTISAVER).mp3', '91-s-pnl-1782723141-9151.mp3', 'srv/musique/91-s-pnl-1782723141-9151.mp3', 'srv/covers/cover-1-1782723141-a8a52bbc.jpg', 'audio/mpeg', 9852521, 'a977147035b56904eae1b620aba51fe0e8a2115c31801869fae42d19a5ae6968', '2026-06-29 10:52:21', '2026-06-29 10:52:21', 0.000, NULL, 0.000, 0.000, 0.000, NULL, 1.000, 0.000),
(3, 1, NULL, 'user', 191, 'music', 'Jingle', '01', NULL, NULL, 6, 'Jingle_01.mp3', 'jingle-01-1782723849-4808.mp3', 'srv/musique/jingle-01-1782723849-4808.mp3', NULL, 'audio/mpeg', 224896, '43eda02691a5e7e2c1d114cabcec96517209c150ef81e2f205555835eb12d190', '2026-06-29 11:04:09', '2026-06-29 11:04:09', 0.000, NULL, 0.000, 0.000, 0.000, NULL, 1.000, 0.000),
(4, 1, NULL, 'user', 191, 'music', 'Jingle', '02', NULL, NULL, 6, 'Jingle_02.mp3', 'jingle-02-1782723855-8154.mp3', 'srv/musique/jingle-02-1782723855-8154.mp3', NULL, 'audio/mpeg', 224896, '6854de99af66933c03bc84b3e5130ddf47766f45c032a31ea9ea94605f65526a', '2026-06-29 11:04:15', '2026-06-29 11:04:15', 0.000, NULL, 0.000, 0.000, 0.000, NULL, 1.000, 0.000),
(7, 1, NULL, 'user', 180, 'music', 'Jingle SHOTGUN ID 2', 'NRJ 2022', NULL, NULL, 13, 'Jingle SHOTGUN ID 2.mp3', 'jingle-shotgun-id-2-nrj-2022-1782724756-6645.mp3', 'srv/musique/jingle-shotgun-id-2-nrj-2022-1782724756-6645.mp3', NULL, 'audio/mpeg', 204508, '16c7cb51de0b9b55f55d8fc44a778fca16ad1f1438a5f59e2bf605ef442f4109', '2026-06-29 11:19:16', '2026-06-29 11:19:16', 0.000, NULL, 0.000, 0.000, 0.000, NULL, 1.000, 0.000),
(8, 1, NULL, 'user', 180, 'music', 'Jingle SHOTGUN ID 3', 'NRJ 2022', NULL, NULL, 14, 'Jingle SHOTGUN ID 3.mp3', 'jingle-shotgun-id-3-nrj-2022-1782724756-6789.mp3', 'srv/musique/jingle-shotgun-id-3-nrj-2022-1782724756-6789.mp3', NULL, 'audio/mpeg', 216352, '463ed08ac6f362b26779ebb20a7f944517caf6cef05e5a3f4564a333ffb3863e', '2026-06-29 11:19:16', '2026-06-29 11:19:16', 0.000, NULL, 0.000, 0.000, 0.000, NULL, 1.000, 0.000),
(9, 1, NULL, 'user', 180, 'music', 'Jingle SHOTGUN ID 4', 'NRJ 2022', NULL, NULL, 12, 'Jingle SHOTGUN ID 4.mp3', 'jingle-shotgun-id-4-nrj-2022-1782724756-6374.mp3', 'srv/musique/jingle-shotgun-id-4-nrj-2022-1782724756-6374.mp3', NULL, 'audio/mpeg', 193744, '25916eb98a2a975ebc6b6a00ff8c18d6441279441bbc2670ca3a77751690fd40', '2026-06-29 11:19:16', '2026-06-29 11:19:16', 0.000, NULL, 0.000, 0.000, 0.000, NULL, 1.000, 0.000),
(10, 1, NULL, 'user', 180, 'music', 'Jingle SHOTGUN ID 1', 'NRJ 2022', NULL, NULL, 11, 'Jingle SHOTGUN ID 1.mp3', 'jingle-shotgun-id-1-nrj-2022-1782724756-3535.mp3', 'srv/musique/jingle-shotgun-id-1-nrj-2022-1782724756-3535.mp3', NULL, 'audio/mpeg', 170483, '56aa5b38f6c786c12646edcc7510d32f2580a4da897ecc68e92c4dea2fb1a781', '2026-06-29 11:19:16', '2026-06-29 11:19:16', 0.000, NULL, 0.000, 0.000, 0.000, NULL, 1.000, 0.000),
(11, 1, NULL, 'user', 180, 'music', 'Jingle HYPER ID 1', 'NRJ', NULL, NULL, 3, 'Jingle NRJ HYPER ID 1.mp3', 'jingle-hyper-id-1-nrj-1782724868-6890.mp3', 'srv/musique/jingle-hyper-id-1-nrj-1782724868-6890.mp3', NULL, 'audio/mpeg', 47851, '3725366f200d78b7a607c40c05dc0a9d655934653203047095ad1be9b54c1d8d', '2026-06-29 11:21:08', '2026-06-29 11:21:08', 0.000, NULL, 0.000, 0.000, 0.000, NULL, 1.000, 0.000),
(12, 1, NULL, 'user', 180, 'music', 'Jingle HYPER ID 2', 'NRJ', NULL, NULL, 3, 'Jingle NRJ HYPER ID 2.mp3', 'jingle-hyper-id-2-nrj-1782724868-6039.mp3', 'srv/musique/jingle-hyper-id-2-nrj-1782724868-6039.mp3', NULL, 'audio/mpeg', 42216, '70bed05fd67cf1814a60d7ee0638b9b77ff16d77a7a8006dacce3b86f974dff6', '2026-06-29 11:21:08', '2026-06-29 11:21:08', 0.000, NULL, 0.000, 0.000, 0.000, NULL, 1.000, 0.000),
(13, 1, NULL, 'user', 180, 'music', 'Jingle HYPER ID 3', 'NRJ', NULL, NULL, 3, 'Jingle NRJ HYPER ID 3.mp3', 'jingle-hyper-id-3-nrj-1782724868-3754.mp3', 'srv/musique/jingle-hyper-id-3-nrj-1782724868-3754.mp3', NULL, 'audio/mpeg', 46916, 'e965443b29dc957530f0aa3f8a79466751da445422b0c724ab138458b09f7ad5', '2026-06-29 11:21:08', '2026-06-29 11:21:08', 0.000, NULL, 0.000, 0.000, 0.000, NULL, 1.000, 0.000),
(14, 1, NULL, 'user', 180, 'music', 'Jingle HYPER ID 4', 'NRJ', NULL, NULL, 4, 'Jingle NRJ HYPER ID 4.mp3', 'jingle-hyper-id-4-nrj-1782724868-9468.mp3', 'srv/musique/jingle-hyper-id-4-nrj-1782724868-9468.mp3', NULL, 'audio/mpeg', 66374, '0768a72348b75558bb6579c4def862884f94f4050952815615b0890edcfc1908', '2026-06-29 11:21:08', '2026-06-29 11:21:08', 0.000, NULL, 0.000, 0.000, 0.000, NULL, 1.000, 0.000),
(15, 1, NULL, 'user', 180, 'music', 'Jingle HYPER ID 5', 'NRJ', NULL, NULL, 4, 'Jingle NRJ HYPER ID 5.mp3', 'jingle-hyper-id-5-nrj-1782724869-1128.mp3', 'srv/musique/jingle-hyper-id-5-nrj-1782724869-1128.mp3', NULL, 'audio/mpeg', 65852, '7d429ee2995564e2da25b50293ad59b3b8a1bde98bde307b2a49e722e27bf596', '2026-06-29 11:21:09', '2026-06-29 11:21:09', 0.000, NULL, 0.000, 0.000, 0.000, NULL, 1.000, 0.000),
(16, 1, NULL, 'user', 180, 'music', 'Jingle HYPER ID 6', 'NRJ', NULL, NULL, 3, 'Jingle NRJ HYPER ID 6.mp3', 'jingle-hyper-id-6-nrj-1782724869-2696.mp3', 'srv/musique/jingle-hyper-id-6-nrj-1782724869-2696.mp3', NULL, 'audio/mpeg', 45759, 'ea48327b3366df07540d2464cfe5f0891b164b336f53bf98dd6d4bf26914902c', '2026-06-29 11:21:09', '2026-06-29 11:21:09', 0.000, NULL, 0.000, 0.000, 0.000, NULL, 1.000, 0.000),
(17, 1, NULL, 'user', 180, 'music', 'Jingle HYPER ID 7', 'NRJ', NULL, NULL, 4, 'Jingle NRJ HYPER ID 7.mp3', 'jingle-hyper-id-7-nrj-1782724869-3975.mp3', 'srv/musique/jingle-hyper-id-7-nrj-1782724869-3975.mp3', NULL, 'audio/mpeg', 60035, 'df286d41d2e5703cca54b6d89036c5d19e0ade6d42c73c817ae796395336de3e', '2026-06-29 11:21:09', '2026-06-29 11:21:09', 0.000, NULL, 0.000, 0.000, 0.000, NULL, 1.000, 0.000),
(18, 1, NULL, 'user', 180, 'music', 'Jingle HYPER ID 8', 'NRJ', NULL, NULL, 4, 'Jingle NRJ HYPER ID 8.mp3', 'jingle-hyper-id-8-nrj-1782724869-6827.mp3', 'srv/musique/jingle-hyper-id-8-nrj-1782724869-6827.mp3', NULL, 'audio/mpeg', 60661, '944831ab081941433203b0b55750d769e7fa0dd4a181b613d2b7348fd9ef1119', '2026-06-29 11:21:09', '2026-06-29 11:21:09', 0.000, NULL, 0.000, 0.000, 0.000, NULL, 1.000, 0.000),
(19, 1, NULL, 'user', 180, 'music', 'Jingle HYPER ID 9', 'NRJ', NULL, NULL, 2, 'Jingle NRJ HYPER ID 9.mp3', 'jingle-hyper-id-9-nrj-1782724869-2114.mp3', 'srv/musique/jingle-hyper-id-9-nrj-1782724869-2114.mp3', NULL, 'audio/mpeg', 39502, 'f6705a0d6314b5973f788a75298455b56b925db110d9fe7ac3ba6b7fb78b0a6d', '2026-06-29 11:21:09', '2026-06-29 11:21:09', 0.000, NULL, 0.000, 0.000, 0.000, NULL, 1.000, 0.000),
(20, 1, NULL, 'user', 180, 'music', 'Jingle NRJ Hyper ID 10', 'NRJ', NULL, 'Ident Spring 2023', 4, 'Jingle NRJ HYPER ID 10.mp3', 'jingle-nrj-hyper-id-10-nrj-1782724869-6355.mp3', 'srv/musique/jingle-nrj-hyper-id-10-nrj-1782724869-6355.mp3', NULL, 'audio/mpeg', 65583, 'acb4a35bff9c96a5d1a1ce3b06b1dc02620c06bb5998c542ec7209fad27d1343', '2026-06-29 11:21:09', '2026-06-29 11:21:09', 0.000, NULL, 0.000, 0.000, 0.000, NULL, 1.000, 0.000),
(21, 1, NULL, 'user', 180, 'music', 'SOLVABLE WATER Rapid ID', 'NRJ', NULL, NULL, 4, 'NRJ - SOLVABLE WATER Hyper ID.mp3', 'solvable-water-rapid-id-nrj-1782724869-7186.mp3', 'srv/musique/solvable-water-rapid-id-nrj-1782724869-7186.mp3', NULL, 'audio/mpeg', 59181, '7130d95076c69c871a2ec5aeb141ff4e6bcef75670f6e85e6db2094756027f3e', '2026-06-29 11:21:09', '2026-06-29 11:21:09', 0.000, NULL, 0.000, 0.000, 0.000, NULL, 1.000, 0.000),
(22, 1, NULL, 'user', 180, 'music', 'Autre monde', 'PNL', 'Deux frères', NULL, 282, 'PNL - Autre monde (SPOTISAVER).mp3', 'autre-monde-pnl-1782725088-2430.mp3', 'srv/musique/autre-monde-pnl-1782725088-2430.mp3', 'srv/covers/cover-1-1782725088-2f900431.jpg', 'audio/mpeg', 11777071, '1522efd651e61287c22fd6d497f8b4eaabb60269314570d2f42ae28cd5552d36', '2026-06-29 11:24:48', '2026-06-29 11:24:48', 0.000, NULL, 0.000, 0.000, 0.000, NULL, 1.000, 0.000),
(23, 1, NULL, 'user', 180, 'music', 'Jingle RAPID FIRE ID 1', 'NRJ', NULL, NULL, 7, 'Jingle NRJ RAPID FIRE ID 1.mp3', 'jingle-rapid-fire-id-1-nrj-1782725127-8971.mp3', 'srv/musique/jingle-rapid-fire-id-1-nrj-1782725127-8971.mp3', NULL, 'audio/mpeg', 107863, '4401524054b29c42cad223ec8c5c1dc8781d06c5dd266fcc4dfaa637efaea124', '2026-06-29 11:25:27', '2026-06-29 11:25:27', 0.000, NULL, 0.000, 0.000, 0.000, NULL, 1.000, 0.000),
(24, 1, NULL, 'user', 180, 'music', 'Jingle RAPID FIRE ID 2', 'NRJ', NULL, NULL, 7, 'Jingle NRJ RAPID FIRE ID 2.mp3', 'jingle-rapid-fire-id-2-nrj-1782725127-4597.mp3', 'srv/musique/jingle-rapid-fire-id-2-nrj-1782725127-4597.mp3', NULL, 'audio/mpeg', 104844, '6e76ae9fb6f458d8237ef5b74076cc6dd9e92a00c2a82f48f94fedcd1ad0cf5b', '2026-06-29 11:25:27', '2026-06-29 11:25:27', 0.000, NULL, 0.000, 0.000, 0.000, NULL, 1.000, 0.000),
(25, 1, NULL, 'user', 180, 'music', 'Jingle RAPID FIRE ID 3', 'NRJ', NULL, NULL, 6, 'Jingle NRJ RAPID FIRE ID 3.mp3', 'jingle-rapid-fire-id-3-nrj-1782725127-9729.mp3', 'srv/musique/jingle-rapid-fire-id-3-nrj-1782725127-9729.mp3', NULL, 'audio/mpeg', 99621, 'fbb75c4e6ecf394df41757b75e9eb601489071fe893649bf6e5ac5f982be3f55', '2026-06-29 11:25:27', '2026-06-29 11:25:27', 0.000, NULL, 0.000, 0.000, 0.000, NULL, 1.000, 0.000),
(26, 1, NULL, 'user', 180, 'music', 'Jingle RAPID FIRE ID 4', 'NRJ', NULL, NULL, 6, 'Jingle NRJ RAPID FIRE ID 4.mp3', 'jingle-rapid-fire-id-4-nrj-1782725127-8693.mp3', 'srv/musique/jingle-rapid-fire-id-4-nrj-1782725127-8693.mp3', NULL, 'audio/mpeg', 100348, 'a2e9a7b02aa74a42a076425d944a0f74ec8a797203526b04d5bf09639c4911ac', '2026-06-29 11:25:27', '2026-06-29 11:25:27', 0.000, NULL, 0.000, 0.000, 0.000, NULL, 1.000, 0.000),
(27, 1, NULL, 'user', 180, 'music', 'Jingle RAPID FIRE ID 5', 'NRJ', NULL, NULL, 6, 'Jingle NRJ RAPID FIRE ID 5.mp3', 'jingle-rapid-fire-id-5-nrj-1782725127-2757.mp3', 'srv/musique/jingle-rapid-fire-id-5-nrj-1782725127-2757.mp3', NULL, 'audio/mpeg', 100872, '8194e58f7081fbc661df7ad161b28b14b6a08bd6e31c80c7b9745ad9357dd324', '2026-06-29 11:25:27', '2026-06-29 11:25:27', 0.000, NULL, 0.000, 0.000, 0.000, NULL, 1.000, 0.000),
(28, 1, NULL, 'user', 180, 'music', 'Jingle RAPID FIRE ID 6', 'NRJ', NULL, NULL, 6, 'Jingle NRJ RAPID FIRE ID 6.mp3', 'jingle-rapid-fire-id-6-nrj-1782725127-4007.mp3', 'srv/musique/jingle-rapid-fire-id-6-nrj-1782725127-4007.mp3', NULL, 'audio/mpeg', 93254, '1ac6e75b70bc0127aeee1e64174167d609b30ac99210b62e6dd11d3411f55590', '2026-06-29 11:25:27', '2026-06-29 11:25:27', 0.000, NULL, 0.000, 0.000, 0.000, NULL, 1.000, 0.000),
(29, 1, NULL, 'user', 180, 'music', 'Jingle RAPID FIRE ID 7', 'NRJ', NULL, NULL, 6, 'Jingle NRJ RAPID FIRE ID 7.mp3', 'jingle-rapid-fire-id-7-nrj-1782725127-4794.mp3', 'srv/musique/jingle-rapid-fire-id-7-nrj-1782725127-4794.mp3', NULL, 'audio/mpeg', 90435, '5f598e7ced95d6f5b63164f26e880c1c5824b7e139c9f63e1abfbb6ac06c39ff', '2026-06-29 11:25:27', '2026-06-29 11:25:27', 0.000, NULL, 0.000, 0.000, 0.000, NULL, 1.000, 0.000),
(30, 1, NULL, 'user', 180, 'music', 'Jingle RAPID FIRE ID 8', 'NRJ', NULL, NULL, 6, 'Jingle NRJ RAPID FIRE ID 8.mp3', 'jingle-rapid-fire-id-8-nrj-1782725127-7973.mp3', 'srv/musique/jingle-rapid-fire-id-8-nrj-1782725127-7973.mp3', NULL, 'audio/mpeg', 102848, '17f2b20cf610ccfeec2a2a087695d4693d651e56baa1ae57265726ab7ebf583d', '2026-06-29 11:25:27', '2026-06-29 11:25:27', 0.000, NULL, 0.000, 0.000, 0.000, NULL, 1.000, 0.000),
(31, 1, NULL, 'user', 180, 'music', 'Jingle RAPID FIRE ID 9', 'NRJ', NULL, NULL, 7, 'Jingle NRJ RAPID FIRE ID 9.mp3', 'jingle-rapid-fire-id-9-nrj-1782725127-6098.mp3', 'srv/musique/jingle-rapid-fire-id-9-nrj-1782725127-6098.mp3', NULL, 'audio/mpeg', 108910, '48d89ff09e8062dfc554b446a4d220b0844aeffeae8f96124980c8f0b6e35dac', '2026-06-29 11:25:27', '2026-06-29 11:25:27', 0.000, NULL, 0.000, 0.000, 0.000, NULL, 1.000, 0.000),
(32, 1, NULL, 'user', 180, 'music', 'Jingle RAPID FIRE ID 10', 'NRJ', NULL, NULL, 6, 'Jingle NRJ RAPID FIRE ID 10.mp3', 'jingle-rapid-fire-id-10-nrj-1782725127-2775.mp3', 'srv/musique/jingle-rapid-fire-id-10-nrj-1782725127-2775.mp3', NULL, 'audio/mpeg', 102548, '1b63aed168757fbd01bdea1603c5a74d07bb524b73ed1d60e6eb24fef2aadb93', '2026-06-29 11:25:27', '2026-06-29 11:25:27', 0.000, NULL, 0.000, 0.000, 0.000, NULL, 1.000, 0.000),
(33, 1, NULL, 'user', 180, 'music', 'Jingle RAPID FIRE ID 11', 'NRJ', NULL, NULL, 7, 'Jingle NRJ RAPID FIRE ID 11.mp3', 'jingle-rapid-fire-id-11-nrj-1782725127-8691.mp3', 'srv/musique/jingle-rapid-fire-id-11-nrj-1782725127-8691.mp3', NULL, 'audio/mpeg', 117570, '230bcac4b1e86c644f62ee56280741066ca30ae0f4ef045623b2b3d87e895d72', '2026-06-29 11:25:27', '2026-06-29 11:25:27', 0.000, NULL, 0.000, 0.000, 0.000, NULL, 1.000, 0.000),
(34, 1, NULL, 'user', 180, 'music', 'Jingle NRJ Rapid Fire ID 12', 'NRJ', '.', 'Ident Spring 2023', 7, 'Jingle NRJ RAPID FIRE ID 12.mp3', 'jingle-nrj-rapid-fire-id-12-nrj-1782725127-4383.mp3', 'srv/musique/jingle-nrj-rapid-fire-id-12-nrj-1782725127-4383.mp3', NULL, 'audio/mpeg', 108244, 'f8e6cad80e848c8caa3655324f567ee3356a9bb96b7dd77441ec31b86dd0623c', '2026-06-29 11:25:27', '2026-06-29 11:25:27', 0.000, NULL, 0.000, 0.000, 0.000, NULL, 1.000, 0.000),
(35, 1, NULL, 'user', 180, 'music', 'NRJ - SOLVABLE WATER Hyper ID', 'NRJ', '.', 'Ident Fall 2017', 2, 'NRJ - SOLVABLE WATER Rapid Fire ID.mp3', 'nrj-solvable-water-hyper-id-nrj-1782725127-6048.mp3', 'srv/musique/nrj-solvable-water-hyper-id-nrj-1782725127-6048.mp3', NULL, 'audio/mpeg', 35841, 'c32eba13b749184ee420d297c5b6f775302f2adddf4ea709912c4a62d48e9434', '2026-06-29 11:25:27', '2026-06-29 11:25:27', 0.000, NULL, 0.000, 0.000, 0.000, NULL, 1.000, 0.000),
(36, 1, NULL, 'user', 180, 'music', 'Jingle SHOTGUN ID 1', 'NRJ', 'Jingles 2023', NULL, 11, 'Jingle NRJ SHOTGUN ID 1.mp3', 'jingle-shotgun-id-1-nrj-1782725127-7505.mp3', 'srv/musique/jingle-shotgun-id-1-nrj-1782725127-7505.mp3', NULL, 'audio/mpeg', 182822, 'f413b9b5ca47df1bb657ece6345e24cc4449d405d0a002cfe63e004021755f90', '2026-06-29 11:25:27', '2026-06-29 11:25:27', 0.000, NULL, 0.000, 0.000, 0.000, NULL, 1.000, 0.000),
(37, 1, NULL, 'user', 180, 'music', 'Jingle SHOTGUN ID 2', 'NRJ', 'Jingles 2023', NULL, 15, 'Jingle NRJ SHOTGUN ID 2.mp3', 'jingle-shotgun-id-2-nrj-1782725127-5284.mp3', 'srv/musique/jingle-shotgun-id-2-nrj-1782725127-5284.mp3', NULL, 'audio/mpeg', 239751, 'f313fc8ec6f807c98133d1fb6a0edf9550e837434b279b08a4261a8717f7f003', '2026-06-29 11:25:27', '2026-06-29 11:25:27', 0.000, NULL, 0.000, 0.000, 0.000, NULL, 1.000, 0.000),
(38, 1, NULL, 'user', 180, 'music', 'Jingle SHOTGUN ID 3', 'NRJ', 'Jingles 2023', NULL, 12, 'Jingle NRJ SHOTGUN ID 3.mp3', 'jingle-shotgun-id-3-nrj-1782725127-3008.mp3', 'srv/musique/jingle-shotgun-id-3-nrj-1782725127-3008.mp3', NULL, 'audio/mpeg', 187833, '20b203725b06c5cae2518479e02f7e659001e13dfcab6137e666ffec46ad9758', '2026-06-29 11:25:27', '2026-06-29 11:25:27', 0.000, NULL, 0.000, 0.000, 0.000, NULL, 1.000, 0.000),
(39, 1, NULL, 'user', 180, 'music', 'Jingle SHOTGUN ID 4', 'NRJ', 'Jingles 2023', NULL, 14, 'Jingle NRJ SHOTGUN ID 4.mp3', 'jingle-shotgun-id-4-nrj-1782725127-4390.mp3', 'srv/musique/jingle-shotgun-id-4-nrj-1782725127-4390.mp3', NULL, 'audio/mpeg', 228732, '83b3c729fa938a9b8af81ef56cafb5f6e275821a43490c7b786dbe475e6df0a3', '2026-06-29 11:25:27', '2026-06-29 11:25:27', 0.000, NULL, 0.000, 0.000, 0.000, NULL, 1.000, 0.000),
(40, 1, NULL, 'user', 180, 'music', 'Jingle SHOTGUN ID 5', 'NRJ', 'Jingles 2023', NULL, 14, 'Jingle NRJ SHOTGUN ID 5.mp3', 'jingle-shotgun-id-5-nrj-1782725127-8929.mp3', 'srv/musique/jingle-shotgun-id-5-nrj-1782725127-8929.mp3', NULL, 'audio/mpeg', 226857, '44551c255755e16bd8eb305763c59865751cae75640135e13d79e6460d882570', '2026-06-29 11:25:27', '2026-06-29 11:25:27', 0.000, NULL, 0.000, 0.000, 0.000, NULL, 1.000, 0.000),
(41, 1, NULL, 'user', 180, 'music', 'Jingle SHOTGUN ID 6', 'NRJ', 'Jingles 2023', NULL, 14, 'Jingle NRJ SHOTGUN ID 6.mp3', 'jingle-shotgun-id-6-nrj-1782725127-9985.mp3', 'srv/musique/jingle-shotgun-id-6-nrj-1782725127-9985.mp3', NULL, 'audio/mpeg', 224248, '8d75977aaeeb1833c845a32ef261686ce40d47a98df3aacb1b6b8f9f0732e487', '2026-06-29 11:25:27', '2026-06-29 11:25:27', 0.000, NULL, 0.000, 0.000, 0.000, NULL, 1.000, 0.000),
(42, 1, NULL, 'user', 180, 'music', 'Jingle SHOTGUN ID 7', 'NRJ', 'Jingles 2023', NULL, 14, 'Jingle NRJ SHOTGUN ID 7.mp3', 'jingle-shotgun-id-7-nrj-1782725127-8714.mp3', 'srv/musique/jingle-shotgun-id-7-nrj-1782725127-8714.mp3', NULL, 'audio/mpeg', 222997, '4576cc749476e785d724734236708c852d1a28b1a7c0e3df20ae7f00f94caadc', '2026-06-29 11:25:27', '2026-06-29 11:25:27', 0.000, NULL, 0.000, 0.000, 0.000, NULL, 1.000, 0.000),
(43, 1, NULL, 'user', 180, 'music', 'Jingle SHOTGUN ID 8', 'NRJ', 'Jingles 2023', NULL, 12, 'Jingle NRJ SHOTGUN ID 8.mp3', 'jingle-shotgun-id-8-nrj-1782725127-2306.mp3', 'srv/musique/jingle-shotgun-id-8-nrj-1782725127-2306.mp3', NULL, 'audio/mpeg', 189439, '6c9a994337f8da651cc849196d9c8489cd89c349326b35cd772c69114aeaddfb', '2026-06-29 11:25:27', '2026-06-29 11:25:27', 0.000, NULL, 0.000, 0.000, 0.000, NULL, 1.000, 0.000),
(44, 1, NULL, 'user', 180, 'music', 'Jingle SHOTGUN ID 9', 'NRJ', 'Jingles 2023', NULL, 12, 'Jingle NRJ SHOTGUN ID 9.mp3', 'jingle-shotgun-id-9-nrj-1782725127-5824.mp3', 'srv/musique/jingle-shotgun-id-9-nrj-1782725127-5824.mp3', NULL, 'audio/mpeg', 197746, 'df5ab2ea2b81480f8005f98c8e06e11fbf93ea9746b217b993c304abc9155359', '2026-06-29 11:25:27', '2026-06-29 11:25:27', 0.000, NULL, 0.000, 0.000, 0.000, NULL, 1.000, 0.000),
(45, 1, NULL, 'user', 180, 'music', 'Jingle SHOTGUN ID 10', 'NRJ', 'Jingles 2023', NULL, 16, 'Jingle NRJ SHOTGUN ID 10.mp3', 'jingle-shotgun-id-10-nrj-1782725127-9256.mp3', 'srv/musique/jingle-shotgun-id-10-nrj-1782725127-9256.mp3', NULL, 'audio/mpeg', 248370, 'aa1dfbd67717c5ba2d71b42afefe542e33a1620d4b118e09b5ec4d94617f485e', '2026-06-29 11:25:27', '2026-06-29 11:25:27', 0.000, NULL, 0.000, 0.000, 0.000, NULL, 1.000, 0.000),
(46, 1, NULL, 'user', 180, 'music', 'Jingle NRJ Shotgun ID 11', 'NRJay', NULL, 'Ident Spring 2023', 13, 'Jingle NRJ SHOTGUN ID 11.mp3', 'jingle-nrj-shotgun-id-11-nrjay-1782725127-4184.mp3', 'srv/musique/jingle-nrj-shotgun-id-11-nrjay-1782725127-4184.mp3', NULL, 'audio/mpeg', 209496, '37cb7ff4aed5a7401189780f47be1142891370394331438b8d9eb441d9279eae', '2026-06-29 11:25:27', '2026-06-29 11:25:27', 0.000, NULL, 0.000, 0.000, 0.000, NULL, 1.000, 0.000),
(47, 1, NULL, 'user', 180, 'music', 'SOLVABLE WATER Shotgun ID', 'NRJ', NULL, NULL, 12, 'NRJ - SOLVABLE WATER Shotgun ID.mp3', 'solvable-water-shotgun-id-nrj-1782725127-6782.mp3', 'srv/musique/solvable-water-shotgun-id-nrj-1782725127-6782.mp3', NULL, 'audio/mpeg', 187890, '71fc4519d877ea2e335fc2bdfa7f4d7d31716ed1672d09e4d9f568769fea89a6', '2026-06-29 11:25:27', '2026-06-29 11:25:27', 0.000, NULL, 0.000, 0.000, 0.000, NULL, 1.000, 0.000),
(48, 1, NULL, 'user', 180, 'music', 'Stager 1  - 2022', 'NRJ', NULL, NULL, 12, 'NRJ - Stager 1.mp3', 'stager-1-2022-nrj-1782725206-2541.mp3', 'srv/musique/stager-1-2022-nrj-1782725206-2541.mp3', NULL, 'audio/mpeg', 483837, 'a7ecb6f7ed24afc4ff97c068abc01010e849b47fa6a09a370beb9b229796bd18', '2026-06-29 11:26:46', '2026-06-29 11:26:46', 0.000, NULL, 0.000, 0.000, 0.000, NULL, 1.000, 0.000),
(49, 1, NULL, 'user', 180, 'music', 'Stager 2  - 2022', 'NRJ', NULL, NULL, 10, 'NRJ - Stager 2.mp3', 'stager-2-2022-nrj-1782725206-5875.mp3', 'srv/musique/stager-2-2022-nrj-1782725206-5875.mp3', NULL, 'audio/mpeg', 383527, 'f76a188b87f597f75f760c76903a3d30fe3e640765bb36d86a0ad8c3df62bc1b', '2026-06-29 11:26:46', '2026-06-29 11:26:46', 0.000, NULL, 0.000, 0.000, 0.000, NULL, 1.000, 0.000),
(50, 1, NULL, 'user', 180, 'music', 'Stager 3  - 2022', 'NRJ', NULL, NULL, 16, 'NRJ - Stager 3.mp3', 'stager-3-2022-nrj-1782725206-5067.mp3', 'srv/musique/stager-3-2022-nrj-1782725206-5067.mp3', NULL, 'audio/mpeg', 644752, '88342db83a7c05d9f608dcd67d8b02994042b3792be7dc819529a2b4d2dad3f8', '2026-06-29 11:26:46', '2026-06-29 11:26:46', 0.000, NULL, 0.000, 0.000, 0.000, NULL, 1.000, 0.000),
(51, 1, NULL, 'user', 180, 'music', 'Stager 4  - 2022', 'NRJ', NULL, NULL, 14, 'NRJ - Stager 4.mp3', 'stager-4-2022-nrj-1782725206-2929.mp3', 'srv/musique/stager-4-2022-nrj-1782725206-2929.mp3', NULL, 'audio/mpeg', 559070, 'a8a4f934f4ba66bc48f44eeaaaadfd670a86411941ef59db901256a3aa16cae1', '2026-06-29 11:26:46', '2026-06-29 11:26:46', 0.000, NULL, 0.000, 0.000, 0.000, NULL, 1.000, 0.000),
(52, 1, NULL, 'user', 180, 'music', 'Stager 5  - 2022', 'NRJ', NULL, NULL, 16, 'NRJ - Stager 5.mp3', 'stager-5-2022-nrj-1782725206-3446.mp3', 'srv/musique/stager-5-2022-nrj-1782725206-3446.mp3', NULL, 'audio/mpeg', 638482, '493a603cab2934a65f23973864a7ddff5f510b2c9b326cc3b620e7f0bcc99b2a', '2026-06-29 11:26:46', '2026-06-29 11:26:46', 0.000, NULL, 0.000, 0.000, 0.000, NULL, 1.000, 0.000),
(53, 1, NULL, 'user', 180, 'music', 'Comblage JANV N1 1M10S', 'Artiste Musique', NULL, NULL, 69, 'Comblage JANV N1 1M10S.mp3', 'comblage-janv-n1-1m10s-artiste-musique-1782725319-6832.mp3', 'srv/musique/comblage-janv-n1-1m10s-artiste-musique-1782725319-6832.mp3', NULL, 'audio/mpeg', 1096306, '5fdf92590d57d1917c595f568594859696fd85302f299406e9eba8d2b98bca59', '2026-06-29 11:28:39', '2026-06-29 11:28:39', 0.000, NULL, 0.000, 0.000, 0.000, NULL, 1.000, 0.000),
(54, 1, NULL, 'user', 180, 'music', 'Comblage JANV N2 1M10S', 'Artiste Musique', NULL, NULL, 72, 'Comblage JANV N2 1M10S.mp3', 'comblage-janv-n2-1m10s-artiste-musique-1782725319-7052.mp3', 'srv/musique/comblage-janv-n2-1m10s-artiste-musique-1782725319-7052.mp3', NULL, 'audio/mpeg', 1151894, '118757f4d0cc278f0dee5dc2177988a9e1725762ddaa0ac3145a244ca316724f', '2026-06-29 11:28:39', '2026-06-29 11:28:39', 0.000, NULL, 0.000, 0.000, 0.000, NULL, 1.000, 0.000),
(56, 1, NULL, 'user', 180, 'music', 'NRJ', 'Top Horaire 2021 (Cage Speak)', NULL, NULL, 34, 'NRJ - Top Horaire 2021 (Cage Speak).mp3', 'nrj-top-horaire-2021-cage-speak-1782725370-2272.mp3', 'srv/musique/nrj-top-horaire-2021-cage-speak-1782725370-2272.mp3', NULL, 'audio/mpeg', 544181, '603fdd8913d9c1ea440546512b40839c71466d1171a8683a1c1cded25ca466dc', '2026-06-29 11:29:30', '2026-06-29 11:29:30', 0.000, NULL, 0.000, 0.000, 0.000, NULL, 1.000, 0.000),
(57, 1, NULL, 'user', 180, 'music', 'TOP HORAIRE 2021 Heures', 'NRJ 1H', NULL, NULL, 26, 'TOP HORAIRE 2021 Heures - NRJ 1H.mp3', 'top-horaire-2021-heures-nrj-1h-1782725517-8780.mp3', 'srv/musique/top-horaire-2021-heures-nrj-1h-1782725517-8780.mp3', NULL, 'audio/mpeg', 1039680, '041d85171fe827eadcf6a14295231b02ee4613f00df968046182d50d21fa7457', '2026-06-29 11:31:57', '2026-06-29 11:31:57', 0.000, NULL, 0.000, 0.000, 0.000, NULL, 1.000, 0.000),
(58, 1, NULL, 'user', 180, 'music', 'TOP HORAIRE 2021 Heures', 'NRJ 2H', NULL, NULL, 26, 'TOP HORAIRE 2021 Heures - NRJ 2H.mp3', 'top-horaire-2021-heures-nrj-2h-1782725517-3006.mp3', 'srv/musique/top-horaire-2021-heures-nrj-2h-1782725517-3006.mp3', NULL, 'audio/mpeg', 1039680, '18b6ddab783db7642971716d08004eb9222d313810248d39fe987b130f69dcfc', '2026-06-29 11:31:57', '2026-06-29 11:31:57', 0.000, NULL, 0.000, 0.000, 0.000, NULL, 1.000, 0.000),
(59, 1, NULL, 'user', 180, 'music', 'TOP HORAIRE 2021 Heures', 'NRJ 3H', NULL, NULL, 26, 'TOP HORAIRE 2021 Heures - NRJ 3H.mp3', 'top-horaire-2021-heures-nrj-3h-1782725517-3086.mp3', 'srv/musique/top-horaire-2021-heures-nrj-3h-1782725517-3086.mp3', NULL, 'audio/mpeg', 1039680, 'd9b5a748488aa8f3961596cc60c737c0c297e99f37a79b0c6fef500db56e67e8', '2026-06-29 11:31:57', '2026-06-29 11:31:57', 0.000, NULL, 0.000, 0.000, 0.000, NULL, 1.000, 0.000),
(60, 1, NULL, 'user', 180, 'music', 'TOP HORAIRE 2021 Heures', 'NRJ 4H', NULL, NULL, 26, 'TOP HORAIRE 2021 Heures - NRJ 4H.mp3', 'top-horaire-2021-heures-nrj-4h-1782725517-4655.mp3', 'srv/musique/top-horaire-2021-heures-nrj-4h-1782725517-4655.mp3', NULL, 'audio/mpeg', 1039680, '54090d70960a8e7b0e58e03a9b6d4cde79f7afb0806c43af3cf54cc53423fb5b', '2026-06-29 11:31:57', '2026-06-29 11:31:57', 0.000, NULL, 0.000, 0.000, 0.000, NULL, 1.000, 0.000),
(61, 1, NULL, 'user', 180, 'music', 'TOP HORAIRE 2021 Heures', 'NRJ 5H', NULL, NULL, 26, 'TOP HORAIRE 2021 Heures - NRJ 5H.mp3', 'top-horaire-2021-heures-nrj-5h-1782725517-4531.mp3', 'srv/musique/top-horaire-2021-heures-nrj-5h-1782725517-4531.mp3', NULL, 'audio/mpeg', 1039680, 'fa5286054f7d12638b9c5d2f3546ee4c0ada5903d3fdf3169e807291e89f8c26', '2026-06-29 11:31:57', '2026-06-29 11:31:57', 0.000, NULL, 0.000, 0.000, 0.000, NULL, 1.000, 0.000),
(62, 1, NULL, 'user', 180, 'music', 'TOP HORAIRE 2021 Heures', 'NRJ Minuit', NULL, NULL, 26, 'TOP HORAIRE 2021 Heures - NRJ Minuit.mp3', 'top-horaire-2021-heures-nrj-minuit-1782725518-4727.mp3', 'srv/musique/top-horaire-2021-heures-nrj-minuit-1782725518-4727.mp3', NULL, 'audio/mpeg', 1039680, '7fd63a11220894259969479bdcaabfedb9e04bb034e82dcc1e925188e70e6543', '2026-06-29 11:31:58', '2026-06-29 11:31:58', 0.000, NULL, 0.000, 0.000, 0.000, NULL, 1.000, 0.000),
(63, 1, NULL, 'user', 180, 'music', 'WAVE RACCRO PUB 2020', 'NRJ', NULL, NULL, 7, 'NRJ  WAVE RACCRO PUB COURT 2020.mp3', 'nrj-wave-raccro-pub-2020-artiste-musique-1782725529-6327.mp3', 'srv/musique/nrj-wave-raccro-pub-2020-artiste-musique-1782725529-6327.mp3', 'srv/covers/cover-1-1782732171-8d96295c.png', 'audio/mpeg', 122709, '34d8d521c5b93394fe087698b1255fa74669c49adb49f7f64ebec8f1ad2ffdb1', '2026-06-29 11:32:09', '2026-06-29 13:22:51', 0.000, NULL, 0.000, 0.000, 0.000, NULL, 1.000, 0.000),
(64, 1, NULL, 'user', 180, 'music', 'WAVE RACCRO PUB 2020', 'NRJ', NULL, 'Blues', 10, 'NRJ  WAVE RACCRO PUB LONG 2020.mp3', 'nrj-wave-raccro-pub-2020-idroid27-1782725529-8722.mp3', 'srv/musique/nrj-wave-raccro-pub-2020-idroid27-1782725529-8722.mp3', NULL, 'audio/mpeg', 167360, 'b0e8865556ab86086683410c9f50e6d4d86b7b8ff3ca6639ab084ef4b954a685', '2026-06-29 11:32:09', '2026-06-29 13:22:36', 0.000, NULL, 0.000, 0.000, 0.000, NULL, 1.000, 0.000),
(65, 1, NULL, 'user', 180, 'music', 'WAVE DECRO PUB LOCALE 2020', 'NRJ', NULL, NULL, 6, 'NRJ  DECRO PUB LOCALE 2020 (v2 ).mp3', 'nrj-wave-decro-pub-locale-2020-v2-artiste-musique-1782725529-1871.mp3', 'srv/musique/nrj-wave-decro-pub-locale-2020-v2-artiste-musique-1782725529-1871.mp3', 'srv/covers/cover-1-1782732149-5a1e9471.png', 'audio/mpeg', 103093, '784e42ee232d6064b461769aa5419354243d9cef98f9f8d25ae4af7247636889', '2026-06-29 11:32:09', '2026-06-29 13:22:29', 0.000, NULL, 0.000, 0.000, 0.000, NULL, 1.000, 0.000),
(66, 1, NULL, 'user', 180, 'music', 'NRJ', 'DECRO PUB LOCAL', NULL, NULL, 3, 'NRJ - DECRO PUB LOCAL.mp3', 'nrj-decro-pub-local-1782725550-4430.mp3', 'srv/musique/nrj-decro-pub-local-1782725550-4430.mp3', NULL, 'audio/mpeg', 46392, 'a2e367ceb3781aa57b13fd75eb6321469ebab50d689e2d3efe1dc308b2b9addc', '2026-06-29 11:32:30', '2026-06-29 11:32:30', 0.000, NULL, 0.000, 0.000, 0.000, NULL, 1.000, 0.000),
(67, 1, NULL, 'user', 180, 'music', 'NRJ', 'DECRO PUB', NULL, NULL, 2, 'NRJ - DECRO PUB.mp3', 'nrj-decro-pub-1782725550-5543.mp3', 'srv/musique/nrj-decro-pub-1782725550-5543.mp3', NULL, 'audio/mpeg', 38869, '0b8757a40a9f3f5550ad72e3ec6ff327acf5e9610ab4cbd1de32809d880be950', '2026-06-29 11:32:30', '2026-06-29 11:32:30', 0.000, NULL, 0.000, 0.000, 0.000, NULL, 1.000, 0.000),
(68, 1, NULL, 'user', 180, 'music', 'NRJ', 'WAVE COURT RACCRO PUB', NULL, NULL, 3, 'NRJ - WAVE COURT RACCRO PUB.mp3', 'nrj-wave-court-raccro-pub-1782725550-2377.mp3', 'srv/musique/nrj-wave-court-raccro-pub-1782725550-2377.mp3', NULL, 'audio/mpeg', 43048, '3323c12cd63b6489ff0a5a7f71beeaec7edb1e0b8bf8095b196a4194a1646bb5', '2026-06-29 11:32:30', '2026-06-29 11:32:30', 0.000, NULL, 0.000, 0.000, 0.000, NULL, 1.000, 0.000),
(69, 1, NULL, 'user', 180, 'music', 'NRJ', 'WAVE LONG RACCRO PUB', NULL, NULL, 5, 'NRJ - WAVE LONG RACCRO PUB.mp3', 'nrj-wave-long-raccro-pub-1782725550-6477.mp3', 'srv/musique/nrj-wave-long-raccro-pub-1782725550-6477.mp3', NULL, 'audio/mpeg', 81083, '251181b021c6ff711f1e93cdacc4d9a20f899ea3c71629ef9e93e259d0624622', '2026-06-29 11:32:30', '2026-06-29 11:32:30', 0.000, NULL, 0.000, 0.000, 0.000, NULL, 1.000, 0.000),
(70, 1, NULL, 'user', 180, 'music', '10 HITS SUITE', 'NRJ', NULL, NULL, 8, 'NRJ - SWEEPER - VOUS ECOUTEZ 10HITS A LA SUITE SUR NRJ .MP3', 'nrj-sweeper-1782725603-3347.mp3', 'srv/musique/nrj-sweeper-1782725603-3347.mp3', NULL, 'audio/mpeg', 127894, 'f94312231520c5e64b37137b2ed050a7ad4ff33e8dac7ebc2d39d67231782b6e', '2026-06-29 11:33:23', '2026-06-29 13:21:56', 0.000, NULL, 0.000, 0.000, 0.000, NULL, 1.000, 0.000),
(71, 1, NULL, 'user', 180, 'music', 'SWEEPER 10 HITS SUITE', 'NRJ', NULL, 'SWEEPER', 7, 'NRJ - SWEEPER 10 HITS SUITE 2020 -- 01.mp3', 'nrj-sweeper-10-hits-suite-2020-01-alexis-nrj-1782725603-6660.mp3', 'srv/musique/nrj-sweeper-10-hits-suite-2020-01-alexis-nrj-1782725603-6660.mp3', 'srv/covers/cover-1-1782732107-3835abb0.png', 'audio/mpeg', 160939, '51ece4366ef4e92ac5ddfcf1d62d3afc5f430b5bd74bd0be4f7a5401f25d9b53', '2026-06-29 11:33:23', '2026-06-29 13:21:47', 0.000, NULL, 0.000, 0.000, 0.000, NULL, 1.000, 0.000),
(73, 1, NULL, 'user', 180, 'music', 'Décrochage Programme Local 01', 'NRJ', NULL, NULL, 4, '01 - Décrochage Programme Local.mp3', '01-d-ecrochage-programme-local-1782725624-6209.mp3', 'srv/musique/01-d-ecrochage-programme-local-1782725624-6209.mp3', NULL, 'audio/mpeg', 174720, '95953dcb776f4ca888f2677fb053cc3d7ef71df491b091ebbe4822aaf2caf75f', '2026-06-29 11:33:44', '2026-06-29 13:21:24', 0.000, NULL, 0.000, 0.000, 0.000, NULL, 1.000, 0.000),
(74, 1, NULL, 'user', 180, 'music', 'Raccrochage Local + Décro NAT 02', 'NRJ', NULL, NULL, 5, '02 - Raccrochage Local + décro NAT.mp3', '02-raccrochage-local-d-ecro-nat-1782725624-8689.mp3', 'srv/musique/02-raccrochage-local-d-ecro-nat-1782725624-8689.mp3', NULL, 'audio/mpeg', 198765, '50cd1d27a8f8d7a29e7bc63f519a515dadc9b68e5afbb25190497b4c8f46336c', '2026-06-29 11:33:44', '2026-06-29 13:21:16', 0.000, NULL, 0.000, 0.000, 0.000, NULL, 1.000, 0.000),
(76, 1, NULL, 'user', 194, 'music', 'Jingle SHOTGUN ID 1', 'NRJ', 'Jingles 2023', NULL, 11, 'Jingle NRJ SHOTGUN ID 1.mp3', 'jingle-shotgun-id-1-nrj-1782747111-5517.mp3', 'srv/musique/jingle-shotgun-id-1-nrj-1782747111-5517.mp3', NULL, 'audio/mpeg', 182822, 'f413b9b5ca47df1bb657ece6345e24cc4449d405d0a002cfe63e004021755f90', '2026-06-29 17:31:51', '2026-06-29 17:31:51', 0.000, NULL, 0.000, 0.000, 0.000, NULL, 1.000, 0.000),
(77, 1, NULL, 'user', 194, 'music', 'Jingle SHOTGUN ID 2', 'NRJ', 'Jingles 2023', NULL, 15, 'Jingle NRJ SHOTGUN ID 2.mp3', 'jingle-shotgun-id-2-nrj-1782747111-7753.mp3', 'srv/musique/jingle-shotgun-id-2-nrj-1782747111-7753.mp3', NULL, 'audio/mpeg', 239751, 'f313fc8ec6f807c98133d1fb6a0edf9550e837434b279b08a4261a8717f7f003', '2026-06-29 17:31:51', '2026-06-29 17:31:51', 0.000, NULL, 0.000, 0.000, 0.000, NULL, 1.000, 0.000),
(78, 1, NULL, 'user', 194, 'music', 'Jingle SHOTGUN ID 3', 'NRJ', 'Jingles 2023', NULL, 12, 'Jingle NRJ SHOTGUN ID 3.mp3', 'jingle-shotgun-id-3-nrj-1782747111-7730.mp3', 'srv/musique/jingle-shotgun-id-3-nrj-1782747111-7730.mp3', NULL, 'audio/mpeg', 187833, '20b203725b06c5cae2518479e02f7e659001e13dfcab6137e666ffec46ad9758', '2026-06-29 17:31:51', '2026-06-29 17:31:51', 0.000, NULL, 0.000, 0.000, 0.000, NULL, 1.000, 0.000),
(79, 1, NULL, 'user', 194, 'music', 'Jingle SHOTGUN ID 4', 'NRJ', 'Jingles 2023', NULL, 14, 'Jingle NRJ SHOTGUN ID 4.mp3', 'jingle-shotgun-id-4-nrj-1782747111-2944.mp3', 'srv/musique/jingle-shotgun-id-4-nrj-1782747111-2944.mp3', NULL, 'audio/mpeg', 228732, '83b3c729fa938a9b8af81ef56cafb5f6e275821a43490c7b786dbe475e6df0a3', '2026-06-29 17:31:51', '2026-06-29 17:31:51', 0.000, NULL, 0.000, 0.000, 0.000, NULL, 1.000, 0.000),
(80, 1, NULL, 'user', 194, 'music', 'Jingle SHOTGUN ID 5', 'NRJ', 'Jingles 2023', NULL, 14, 'Jingle NRJ SHOTGUN ID 5.mp3', 'jingle-shotgun-id-5-nrj-1782747111-7665.mp3', 'srv/musique/jingle-shotgun-id-5-nrj-1782747111-7665.mp3', NULL, 'audio/mpeg', 226857, '44551c255755e16bd8eb305763c59865751cae75640135e13d79e6460d882570', '2026-06-29 17:31:51', '2026-06-29 17:31:51', 0.000, NULL, 0.000, 0.000, 0.000, NULL, 1.000, 0.000),
(81, 1, NULL, 'user', 194, 'music', 'Jingle SHOTGUN ID 6', 'NRJ', 'Jingles 2023', NULL, 14, 'Jingle NRJ SHOTGUN ID 6.mp3', 'jingle-shotgun-id-6-nrj-1782747111-9161.mp3', 'srv/musique/jingle-shotgun-id-6-nrj-1782747111-9161.mp3', NULL, 'audio/mpeg', 224248, '8d75977aaeeb1833c845a32ef261686ce40d47a98df3aacb1b6b8f9f0732e487', '2026-06-29 17:31:51', '2026-06-29 17:31:51', 0.000, NULL, 0.000, 0.000, 0.000, NULL, 1.000, 0.000),
(82, 1, NULL, 'user', 194, 'music', 'Jingle SHOTGUN ID 7', 'NRJ', 'Jingles 2023', NULL, 14, 'Jingle NRJ SHOTGUN ID 7.mp3', 'jingle-shotgun-id-7-nrj-1782747111-9853.mp3', 'srv/musique/jingle-shotgun-id-7-nrj-1782747111-9853.mp3', NULL, 'audio/mpeg', 222997, '4576cc749476e785d724734236708c852d1a28b1a7c0e3df20ae7f00f94caadc', '2026-06-29 17:31:51', '2026-06-29 17:31:51', 0.000, NULL, 0.000, 0.000, 0.000, NULL, 1.000, 0.000),
(83, 1, NULL, 'user', 194, 'music', 'Jingle SHOTGUN ID 8', 'NRJ', 'Jingles 2023', NULL, 12, 'Jingle NRJ SHOTGUN ID 8.mp3', 'jingle-shotgun-id-8-nrj-1782747111-7302.mp3', 'srv/musique/jingle-shotgun-id-8-nrj-1782747111-7302.mp3', NULL, 'audio/mpeg', 189439, '6c9a994337f8da651cc849196d9c8489cd89c349326b35cd772c69114aeaddfb', '2026-06-29 17:31:51', '2026-06-29 17:31:51', 0.000, NULL, 0.000, 0.000, 0.000, NULL, 1.000, 0.000),
(84, 1, NULL, 'user', 194, 'music', 'Jingle SHOTGUN ID 9', 'NRJ', 'Jingles 2023', NULL, 12, 'Jingle NRJ SHOTGUN ID 9.mp3', 'jingle-shotgun-id-9-nrj-1782747111-4335.mp3', 'srv/musique/jingle-shotgun-id-9-nrj-1782747111-4335.mp3', NULL, 'audio/mpeg', 197746, 'df5ab2ea2b81480f8005f98c8e06e11fbf93ea9746b217b993c304abc9155359', '2026-06-29 17:31:51', '2026-06-29 17:31:51', 0.000, NULL, 0.000, 0.000, 0.000, NULL, 1.000, 0.000),
(85, 1, NULL, 'user', 194, 'music', 'Jingle SHOTGUN ID 10', 'NRJ', 'Jingles 2023', NULL, 16, 'Jingle NRJ SHOTGUN ID 10.mp3', 'jingle-shotgun-id-10-nrj-1782747111-3878.mp3', 'srv/musique/jingle-shotgun-id-10-nrj-1782747111-3878.mp3', NULL, 'audio/mpeg', 248370, 'aa1dfbd67717c5ba2d71b42afefe542e33a1620d4b118e09b5ec4d94617f485e', '2026-06-29 17:31:51', '2026-06-29 17:31:51', 0.000, NULL, 0.000, 0.000, 0.000, NULL, 1.000, 0.000),
(86, 1, NULL, 'user', 194, 'music', 'Jingle NRJ Shotgun ID 11', 'NRJay', NULL, 'Ident Spring 2023', 13, 'Jingle NRJ SHOTGUN ID 11.mp3', 'jingle-nrj-shotgun-id-11-nrjay-1782747112-3860.mp3', 'srv/musique/jingle-nrj-shotgun-id-11-nrjay-1782747112-3860.mp3', NULL, 'audio/mpeg', 209496, '37cb7ff4aed5a7401189780f47be1142891370394331438b8d9eb441d9279eae', '2026-06-29 17:31:52', '2026-06-29 17:31:52', 0.000, NULL, 0.000, 0.000, 0.000, NULL, 1.000, 0.000),
(87, 1, NULL, 'user', 194, 'music', 'SOLVABLE WATER Shotgun ID', 'NRJ', NULL, NULL, 12, 'NRJ - SOLVABLE WATER Shotgun ID.mp3', 'solvable-water-shotgun-id-nrj-1782747112-6673.mp3', 'srv/musique/solvable-water-shotgun-id-nrj-1782747112-6673.mp3', NULL, 'audio/mpeg', 187890, '71fc4519d877ea2e335fc2bdfa7f4d7d31716ed1672d09e4d9f568769fea89a6', '2026-06-29 17:31:52', '2026-06-29 17:31:52', 0.000, NULL, 0.000, 0.000, 0.000, NULL, 1.000, 0.000),
(88, 1, NULL, 'user', 194, 'music', 'Jingle RAPID FIRE ID 1', 'NRJ', NULL, NULL, 7, 'Jingle NRJ RAPID FIRE ID 1.mp3', 'jingle-rapid-fire-id-1-nrj-1782755406-9593.mp3', 'srv/musique/jingle-rapid-fire-id-1-nrj-1782755406-9593.mp3', NULL, 'audio/mpeg', 107863, '4401524054b29c42cad223ec8c5c1dc8781d06c5dd266fcc4dfaa637efaea124', '2026-06-29 19:50:06', '2026-06-29 19:50:06', 0.000, NULL, 0.000, 0.000, 0.000, NULL, 1.000, 0.000),
(89, 1, NULL, 'user', 194, 'music', 'Jingle RAPID FIRE ID 2', 'NRJ', NULL, NULL, 7, 'Jingle NRJ RAPID FIRE ID 2.mp3', 'jingle-rapid-fire-id-2-nrj-1782755406-1537.mp3', 'srv/musique/jingle-rapid-fire-id-2-nrj-1782755406-1537.mp3', NULL, 'audio/mpeg', 104844, '6e76ae9fb6f458d8237ef5b74076cc6dd9e92a00c2a82f48f94fedcd1ad0cf5b', '2026-06-29 19:50:06', '2026-06-29 19:50:06', 0.000, NULL, 0.000, 0.000, 0.000, NULL, 1.000, 0.000),
(90, 1, NULL, 'user', 194, 'music', 'Jingle RAPID FIRE ID 3', 'NRJ', NULL, NULL, 6, 'Jingle NRJ RAPID FIRE ID 3.mp3', 'jingle-rapid-fire-id-3-nrj-1782755406-8206.mp3', 'srv/musique/jingle-rapid-fire-id-3-nrj-1782755406-8206.mp3', NULL, 'audio/mpeg', 99621, 'fbb75c4e6ecf394df41757b75e9eb601489071fe893649bf6e5ac5f982be3f55', '2026-06-29 19:50:06', '2026-06-29 19:50:06', 0.000, NULL, 0.000, 0.000, 0.000, NULL, 1.000, 0.000),
(91, 1, NULL, 'user', 194, 'music', 'Jingle RAPID FIRE ID 4', 'NRJ', NULL, NULL, 6, 'Jingle NRJ RAPID FIRE ID 4.mp3', 'jingle-rapid-fire-id-4-nrj-1782755406-3180.mp3', 'srv/musique/jingle-rapid-fire-id-4-nrj-1782755406-3180.mp3', NULL, 'audio/mpeg', 100348, 'a2e9a7b02aa74a42a076425d944a0f74ec8a797203526b04d5bf09639c4911ac', '2026-06-29 19:50:06', '2026-06-29 19:50:06', 0.000, NULL, 0.000, 0.000, 0.000, NULL, 1.000, 0.000),
(92, 1, NULL, 'user', 194, 'music', 'Jingle RAPID FIRE ID 5', 'NRJ', NULL, NULL, 6, 'Jingle NRJ RAPID FIRE ID 5.mp3', 'jingle-rapid-fire-id-5-nrj-1782755406-8165.mp3', 'srv/musique/jingle-rapid-fire-id-5-nrj-1782755406-8165.mp3', NULL, 'audio/mpeg', 100872, '8194e58f7081fbc661df7ad161b28b14b6a08bd6e31c80c7b9745ad9357dd324', '2026-06-29 19:50:06', '2026-06-29 19:50:06', 0.000, NULL, 0.000, 0.000, 0.000, NULL, 1.000, 0.000),
(93, 1, NULL, 'user', 194, 'music', 'Jingle RAPID FIRE ID 6', 'NRJ', NULL, NULL, 6, 'Jingle NRJ RAPID FIRE ID 6.mp3', 'jingle-rapid-fire-id-6-nrj-1782755406-6208.mp3', 'srv/musique/jingle-rapid-fire-id-6-nrj-1782755406-6208.mp3', NULL, 'audio/mpeg', 93254, '1ac6e75b70bc0127aeee1e64174167d609b30ac99210b62e6dd11d3411f55590', '2026-06-29 19:50:06', '2026-06-29 19:50:06', 0.000, NULL, 0.000, 0.000, 0.000, NULL, 1.000, 0.000),
(94, 1, NULL, 'user', 194, 'music', 'Jingle RAPID FIRE ID 7', 'NRJ', NULL, NULL, 6, 'Jingle NRJ RAPID FIRE ID 7.mp3', 'jingle-rapid-fire-id-7-nrj-1782755406-9682.mp3', 'srv/musique/jingle-rapid-fire-id-7-nrj-1782755406-9682.mp3', NULL, 'audio/mpeg', 90435, '5f598e7ced95d6f5b63164f26e880c1c5824b7e139c9f63e1abfbb6ac06c39ff', '2026-06-29 19:50:06', '2026-06-29 19:50:06', 0.000, NULL, 0.000, 0.000, 0.000, NULL, 1.000, 0.000),
(95, 1, NULL, 'user', 194, 'music', 'Jingle RAPID FIRE ID 8', 'NRJ', NULL, NULL, 6, 'Jingle NRJ RAPID FIRE ID 8.mp3', 'jingle-rapid-fire-id-8-nrj-1782755406-3173.mp3', 'srv/musique/jingle-rapid-fire-id-8-nrj-1782755406-3173.mp3', NULL, 'audio/mpeg', 102848, '17f2b20cf610ccfeec2a2a087695d4693d651e56baa1ae57265726ab7ebf583d', '2026-06-29 19:50:06', '2026-06-29 19:50:06', 0.000, NULL, 0.000, 0.000, 0.000, NULL, 1.000, 0.000),
(96, 1, NULL, 'user', 194, 'music', 'Jingle RAPID FIRE ID 9', 'NRJ', NULL, NULL, 7, 'Jingle NRJ RAPID FIRE ID 9.mp3', 'jingle-rapid-fire-id-9-nrj-1782755406-6027.mp3', 'srv/musique/jingle-rapid-fire-id-9-nrj-1782755406-6027.mp3', NULL, 'audio/mpeg', 108910, '48d89ff09e8062dfc554b446a4d220b0844aeffeae8f96124980c8f0b6e35dac', '2026-06-29 19:50:06', '2026-06-29 19:50:06', 0.000, NULL, 0.000, 0.000, 0.000, NULL, 1.000, 0.000),
(97, 1, NULL, 'user', 194, 'music', 'Jingle RAPID FIRE ID 10', 'NRJ', NULL, NULL, 6, 'Jingle NRJ RAPID FIRE ID 10.mp3', 'jingle-rapid-fire-id-10-nrj-1782755407-4421.mp3', 'srv/musique/jingle-rapid-fire-id-10-nrj-1782755407-4421.mp3', NULL, 'audio/mpeg', 102548, '1b63aed168757fbd01bdea1603c5a74d07bb524b73ed1d60e6eb24fef2aadb93', '2026-06-29 19:50:07', '2026-06-29 19:50:07', 0.000, NULL, 0.000, 0.000, 0.000, NULL, 1.000, 0.000),
(98, 1, NULL, 'user', 194, 'music', 'Jingle RAPID FIRE ID 11', 'NRJ', NULL, NULL, 7, 'Jingle NRJ RAPID FIRE ID 11.mp3', 'jingle-rapid-fire-id-11-nrj-1782755407-7992.mp3', 'srv/musique/jingle-rapid-fire-id-11-nrj-1782755407-7992.mp3', NULL, 'audio/mpeg', 117570, '230bcac4b1e86c644f62ee56280741066ca30ae0f4ef045623b2b3d87e895d72', '2026-06-29 19:50:07', '2026-06-29 19:50:07', 0.000, NULL, 0.000, 0.000, 0.000, NULL, 1.000, 0.000),
(99, 1, NULL, 'user', 194, 'music', 'Jingle NRJ Rapid Fire ID 12', 'NRJ', '.', 'Ident Spring 2023', 7, 'Jingle NRJ RAPID FIRE ID 12.mp3', 'jingle-nrj-rapid-fire-id-12-nrj-1782755407-1677.mp3', 'srv/musique/jingle-nrj-rapid-fire-id-12-nrj-1782755407-1677.mp3', NULL, 'audio/mpeg', 108244, 'f8e6cad80e848c8caa3655324f567ee3356a9bb96b7dd77441ec31b86dd0623c', '2026-06-29 19:50:07', '2026-06-29 19:50:07', 0.000, NULL, 0.000, 0.000, 0.000, NULL, 1.000, 0.000),
(100, 1, NULL, 'user', 194, 'music', 'NRJ - SOLVABLE WATER Hyper ID', 'NRJ', '.', 'Ident Fall 2017', 2, 'NRJ - SOLVABLE WATER Rapid Fire ID.mp3', 'nrj-solvable-water-hyper-id-nrj-1782755407-9130.mp3', 'srv/musique/nrj-solvable-water-hyper-id-nrj-1782755407-9130.mp3', NULL, 'audio/mpeg', 35841, 'c32eba13b749184ee420d297c5b6f775302f2adddf4ea709912c4a62d48e9434', '2026-06-29 19:50:07', '2026-06-29 19:50:07', 0.000, NULL, 0.000, 0.000, 0.000, NULL, 1.000, 0.000),
(101, 1, NULL, 'user', 194, 'music', 'Jingle HYPER ID 1', 'NRJ', NULL, NULL, 3, 'Jingle NRJ HYPER ID 1.mp3', 'jingle-hyper-id-1-nrj-1782755414-6623.mp3', 'srv/musique/jingle-hyper-id-1-nrj-1782755414-6623.mp3', NULL, 'audio/mpeg', 47851, '3725366f200d78b7a607c40c05dc0a9d655934653203047095ad1be9b54c1d8d', '2026-06-29 19:50:14', '2026-06-29 19:50:14', 0.000, NULL, 0.000, 0.000, 0.000, NULL, 1.000, 0.000),
(102, 1, NULL, 'user', 194, 'music', 'Jingle HYPER ID 2', 'NRJ', NULL, NULL, 3, 'Jingle NRJ HYPER ID 2.mp3', 'jingle-hyper-id-2-nrj-1782755414-2205.mp3', 'srv/musique/jingle-hyper-id-2-nrj-1782755414-2205.mp3', NULL, 'audio/mpeg', 42216, '70bed05fd67cf1814a60d7ee0638b9b77ff16d77a7a8006dacce3b86f974dff6', '2026-06-29 19:50:14', '2026-06-29 19:50:14', 0.000, NULL, 0.000, 0.000, 0.000, NULL, 1.000, 0.000),
(103, 1, NULL, 'user', 194, 'music', 'Jingle HYPER ID 3', 'NRJ', NULL, NULL, 3, 'Jingle NRJ HYPER ID 3.mp3', 'jingle-hyper-id-3-nrj-1782755414-8989.mp3', 'srv/musique/jingle-hyper-id-3-nrj-1782755414-8989.mp3', NULL, 'audio/mpeg', 46916, 'e965443b29dc957530f0aa3f8a79466751da445422b0c724ab138458b09f7ad5', '2026-06-29 19:50:14', '2026-06-29 19:50:14', 0.000, NULL, 0.000, 0.000, 0.000, NULL, 1.000, 0.000),
(104, 1, NULL, 'user', 194, 'music', 'Jingle HYPER ID 4', 'NRJ', NULL, NULL, 4, 'Jingle NRJ HYPER ID 4.mp3', 'jingle-hyper-id-4-nrj-1782755414-2417.mp3', 'srv/musique/jingle-hyper-id-4-nrj-1782755414-2417.mp3', NULL, 'audio/mpeg', 66374, '0768a72348b75558bb6579c4def862884f94f4050952815615b0890edcfc1908', '2026-06-29 19:50:14', '2026-06-29 19:50:14', 0.000, NULL, 0.000, 0.000, 0.000, NULL, 1.000, 0.000),
(105, 1, NULL, 'user', 194, 'music', 'Jingle HYPER ID 5', 'NRJ', NULL, NULL, 4, 'Jingle NRJ HYPER ID 5.mp3', 'jingle-hyper-id-5-nrj-1782755414-9087.mp3', 'srv/musique/jingle-hyper-id-5-nrj-1782755414-9087.mp3', NULL, 'audio/mpeg', 65852, '7d429ee2995564e2da25b50293ad59b3b8a1bde98bde307b2a49e722e27bf596', '2026-06-29 19:50:14', '2026-06-29 19:50:14', 0.000, NULL, 0.000, 0.000, 0.000, NULL, 1.000, 0.000),
(106, 1, NULL, 'user', 194, 'music', 'Jingle HYPER ID 6', 'NRJ', NULL, NULL, 3, 'Jingle NRJ HYPER ID 6.mp3', 'jingle-hyper-id-6-nrj-1782755414-9820.mp3', 'srv/musique/jingle-hyper-id-6-nrj-1782755414-9820.mp3', NULL, 'audio/mpeg', 45759, 'ea48327b3366df07540d2464cfe5f0891b164b336f53bf98dd6d4bf26914902c', '2026-06-29 19:50:14', '2026-06-29 19:50:14', 0.000, NULL, 0.000, 0.000, 0.000, NULL, 1.000, 0.000),
(107, 1, NULL, 'user', 194, 'music', 'Jingle HYPER ID 7', 'NRJ', NULL, NULL, 4, 'Jingle NRJ HYPER ID 7.mp3', 'jingle-hyper-id-7-nrj-1782755414-5137.mp3', 'srv/musique/jingle-hyper-id-7-nrj-1782755414-5137.mp3', NULL, 'audio/mpeg', 60035, 'df286d41d2e5703cca54b6d89036c5d19e0ade6d42c73c817ae796395336de3e', '2026-06-29 19:50:14', '2026-06-29 19:50:14', 0.000, NULL, 0.000, 0.000, 0.000, NULL, 1.000, 0.000),
(108, 1, NULL, 'user', 194, 'music', 'Jingle HYPER ID 8', 'NRJ', NULL, NULL, 4, 'Jingle NRJ HYPER ID 8.mp3', 'jingle-hyper-id-8-nrj-1782755414-3080.mp3', 'srv/musique/jingle-hyper-id-8-nrj-1782755414-3080.mp3', NULL, 'audio/mpeg', 60661, '944831ab081941433203b0b55750d769e7fa0dd4a181b613d2b7348fd9ef1119', '2026-06-29 19:50:14', '2026-06-29 19:50:14', 0.000, NULL, 0.000, 0.000, 0.000, NULL, 1.000, 0.000),
(109, 1, NULL, 'user', 194, 'music', 'Jingle HYPER ID 9', 'NRJ', NULL, NULL, 2, 'Jingle NRJ HYPER ID 9.mp3', 'jingle-hyper-id-9-nrj-1782755415-9610.mp3', 'srv/musique/jingle-hyper-id-9-nrj-1782755415-9610.mp3', NULL, 'audio/mpeg', 39502, 'f6705a0d6314b5973f788a75298455b56b925db110d9fe7ac3ba6b7fb78b0a6d', '2026-06-29 19:50:15', '2026-06-29 19:50:15', 0.000, NULL, 0.000, 0.000, 0.000, NULL, 1.000, 0.000),
(110, 1, NULL, 'user', 194, 'music', 'Jingle NRJ Hyper ID 10', 'NRJ', NULL, 'Ident Spring 2023', 4, 'Jingle NRJ HYPER ID 10.mp3', 'jingle-nrj-hyper-id-10-nrj-1782755415-9168.mp3', 'srv/musique/jingle-nrj-hyper-id-10-nrj-1782755415-9168.mp3', NULL, 'audio/mpeg', 65583, 'acb4a35bff9c96a5d1a1ce3b06b1dc02620c06bb5998c542ec7209fad27d1343', '2026-06-29 19:50:15', '2026-06-29 19:50:15', 0.000, NULL, 0.000, 0.000, 0.000, NULL, 1.000, 0.000),
(111, 1, NULL, 'user', 194, 'music', 'SOLVABLE WATER Rapid ID', 'NRJ', NULL, NULL, 4, 'NRJ - SOLVABLE WATER Hyper ID.mp3', 'solvable-water-rapid-id-nrj-1782755415-1719.mp3', 'srv/musique/solvable-water-rapid-id-nrj-1782755415-1719.mp3', NULL, 'audio/mpeg', 59181, '7130d95076c69c871a2ec5aeb141ff4e6bcef75670f6e85e6db2094756027f3e', '2026-06-29 19:50:15', '2026-06-29 19:50:15', 0.000, NULL, 0.000, 0.000, 0.000, NULL, 1.000, 0.000),
(112, 1, NULL, 'user', 194, 'music', 'Jingle SHOTGUN ID 1', 'NRJ 2022', NULL, NULL, 11, 'Jingle SHOTGUN ID 1.mp3', 'jingle-shotgun-id-1-nrj-2022-1782755462-6520.mp3', 'srv/musique/jingle-shotgun-id-1-nrj-2022-1782755462-6520.mp3', NULL, 'audio/mpeg', 170483, '56aa5b38f6c786c12646edcc7510d32f2580a4da897ecc68e92c4dea2fb1a781', '2026-06-29 19:51:02', '2026-06-29 19:51:02', 0.000, NULL, 0.000, 0.000, 0.000, NULL, 1.000, 0.000),
(113, 1, NULL, 'user', 194, 'music', 'Jingle SHOTGUN ID 2', 'NRJ 2022', NULL, NULL, 13, 'Jingle SHOTGUN ID 2.mp3', 'jingle-shotgun-id-2-nrj-2022-1782755462-8079.mp3', 'srv/musique/jingle-shotgun-id-2-nrj-2022-1782755462-8079.mp3', NULL, 'audio/mpeg', 204508, '16c7cb51de0b9b55f55d8fc44a778fca16ad1f1438a5f59e2bf605ef442f4109', '2026-06-29 19:51:02', '2026-06-29 19:51:02', 0.000, NULL, 0.000, 0.000, 0.000, NULL, 1.000, 0.000),
(114, 1, NULL, 'user', 194, 'music', 'Jingle SHOTGUN ID 3', 'NRJ 2022', NULL, NULL, 14, 'Jingle SHOTGUN ID 3.mp3', 'jingle-shotgun-id-3-nrj-2022-1782755462-1674.mp3', 'srv/musique/jingle-shotgun-id-3-nrj-2022-1782755462-1674.mp3', NULL, 'audio/mpeg', 216352, '463ed08ac6f362b26779ebb20a7f944517caf6cef05e5a3f4564a333ffb3863e', '2026-06-29 19:51:02', '2026-06-29 19:51:02', 0.000, NULL, 0.000, 0.000, 0.000, NULL, 1.000, 0.000),
(115, 1, NULL, 'user', 194, 'music', 'Jingle SHOTGUN ID 4', 'NRJ 2022', NULL, NULL, 12, 'Jingle SHOTGUN ID 4.mp3', 'jingle-shotgun-id-4-nrj-2022-1782755462-1925.mp3', 'srv/musique/jingle-shotgun-id-4-nrj-2022-1782755462-1925.mp3', NULL, 'audio/mpeg', 193744, '25916eb98a2a975ebc6b6a00ff8c18d6441279441bbc2670ca3a77751690fd40', '2026-06-29 19:51:02', '2026-06-29 19:51:02', 0.000, NULL, 0.000, 0.000, 0.000, NULL, 1.000, 0.000),
(116, 1, NULL, 'user', 194, 'music', 'Stager 1  - 2022', 'NRJ', NULL, NULL, 12, 'NRJ - Stager 1.mp3', 'stager-1-2022-nrj-1782755462-8169.mp3', 'srv/musique/stager-1-2022-nrj-1782755462-8169.mp3', NULL, 'audio/mpeg', 483837, 'a7ecb6f7ed24afc4ff97c068abc01010e849b47fa6a09a370beb9b229796bd18', '2026-06-29 19:51:02', '2026-06-29 19:51:02', 0.000, NULL, 0.000, 0.000, 0.000, NULL, 1.000, 0.000),
(117, 1, NULL, 'user', 194, 'music', 'Stager 2  - 2022', 'NRJ', NULL, NULL, 10, 'NRJ - Stager 2.mp3', 'stager-2-2022-nrj-1782755462-3673.mp3', 'srv/musique/stager-2-2022-nrj-1782755462-3673.mp3', NULL, 'audio/mpeg', 383527, 'f76a188b87f597f75f760c76903a3d30fe3e640765bb36d86a0ad8c3df62bc1b', '2026-06-29 19:51:02', '2026-06-29 19:51:02', 0.000, NULL, 0.000, 0.000, 0.000, NULL, 1.000, 0.000),
(118, 1, NULL, 'user', 194, 'music', 'Stager 3  - 2022', 'NRJ', NULL, NULL, 16, 'NRJ - Stager 3.mp3', 'stager-3-2022-nrj-1782755462-1270.mp3', 'srv/musique/stager-3-2022-nrj-1782755462-1270.mp3', NULL, 'audio/mpeg', 644752, '88342db83a7c05d9f608dcd67d8b02994042b3792be7dc819529a2b4d2dad3f8', '2026-06-29 19:51:02', '2026-06-29 19:51:02', 0.000, NULL, 0.000, 0.000, 0.000, NULL, 1.000, 0.000),
(119, 1, NULL, 'user', 194, 'music', 'Stager 4  - 2022', 'NRJ', NULL, NULL, 14, 'NRJ - Stager 4.mp3', 'stager-4-2022-nrj-1782755462-1218.mp3', 'srv/musique/stager-4-2022-nrj-1782755462-1218.mp3', NULL, 'audio/mpeg', 559070, 'a8a4f934f4ba66bc48f44eeaaaadfd670a86411941ef59db901256a3aa16cae1', '2026-06-29 19:51:02', '2026-06-29 19:51:02', 0.000, NULL, 0.000, 0.000, 0.000, NULL, 1.000, 0.000),
(120, 1, NULL, 'user', 194, 'music', 'Stager 5  - 2022', 'NRJ', NULL, NULL, 16, 'NRJ - Stager 5.mp3', 'stager-5-2022-nrj-1782755462-6876.mp3', 'srv/musique/stager-5-2022-nrj-1782755462-6876.mp3', NULL, 'audio/mpeg', 638482, '493a603cab2934a65f23973864a7ddff5f510b2c9b326cc3b620e7f0bcc99b2a', '2026-06-29 19:51:02', '2026-06-29 19:51:02', 0.000, NULL, 0.000, 0.000, 0.000, NULL, 1.000, 0.000),
(121, 1, NULL, 'user', 194, 'music', 'Comblage JANV N1 1M10S', 'Artiste Musique', NULL, NULL, 69, 'Comblage JANV N1 1M10S.mp3', 'comblage-janv-n1-1m10s-artiste-musique-1782755462-4492.mp3', 'srv/musique/comblage-janv-n1-1m10s-artiste-musique-1782755462-4492.mp3', NULL, 'audio/mpeg', 1096306, '5fdf92590d57d1917c595f568594859696fd85302f299406e9eba8d2b98bca59', '2026-06-29 19:51:02', '2026-06-29 19:51:02', 0.000, NULL, 0.000, 0.000, 0.000, NULL, 1.000, 0.000),
(122, 1, NULL, 'user', 194, 'music', 'Comblage JANV N2 1M10S', 'Artiste Musique', NULL, NULL, 72, 'Comblage JANV N2 1M10S.mp3', 'comblage-janv-n2-1m10s-artiste-musique-1782755462-3212.mp3', 'srv/musique/comblage-janv-n2-1m10s-artiste-musique-1782755462-3212.mp3', NULL, 'audio/mpeg', 1151894, '118757f4d0cc278f0dee5dc2177988a9e1725762ddaa0ac3145a244ca316724f', '2026-06-29 19:51:02', '2026-06-29 19:51:02', 0.000, NULL, 0.000, 0.000, 0.000, NULL, 1.000, 0.000);
INSERT INTO `media_files` (`id`, `user_id`, `radio_id`, `scope`, `category_id`, `content_type`, `title`, `artist`, `album`, `genre`, `duration_seconds`, `original_filename`, `stored_filename`, `relative_path`, `cover_path`, `mime_type`, `size_bytes`, `checksum`, `created_at`, `updated_at`, `trim_start_seconds`, `trim_end_seconds`, `fade_in_seconds`, `fade_out_seconds`, `excerpt_start_seconds`, `excerpt_end_seconds`, `playback_speed`, `intro_seconds`) VALUES
(123, 1, NULL, 'user', 194, 'music', 'NRJ', 'DECRO PUB LOCAL', NULL, NULL, 3, 'NRJ - DECRO PUB LOCAL.mp3', 'nrj-decro-pub-local-1782755462-9167.mp3', 'srv/musique/nrj-decro-pub-local-1782755462-9167.mp3', NULL, 'audio/mpeg', 46392, 'a2e367ceb3781aa57b13fd75eb6321469ebab50d689e2d3efe1dc308b2b9addc', '2026-06-29 19:51:02', '2026-06-29 19:51:02', 0.000, NULL, 0.000, 0.000, 0.000, NULL, 1.000, 0.000),
(124, 1, NULL, 'user', 194, 'music', 'NRJ', 'DECRO PUB', NULL, NULL, 2, 'NRJ - DECRO PUB.mp3', 'nrj-decro-pub-1782755462-5289.mp3', 'srv/musique/nrj-decro-pub-1782755462-5289.mp3', NULL, 'audio/mpeg', 38869, '0b8757a40a9f3f5550ad72e3ec6ff327acf5e9610ab4cbd1de32809d880be950', '2026-06-29 19:51:02', '2026-06-29 19:51:02', 0.000, NULL, 0.000, 0.000, 0.000, NULL, 1.000, 0.000),
(125, 1, NULL, 'user', 194, 'music', 'NRJ', 'WAVE COURT RACCRO PUB', NULL, NULL, 3, 'NRJ - WAVE COURT RACCRO PUB.mp3', 'nrj-wave-court-raccro-pub-1782755462-3659.mp3', 'srv/musique/nrj-wave-court-raccro-pub-1782755462-3659.mp3', NULL, 'audio/mpeg', 43048, '3323c12cd63b6489ff0a5a7f71beeaec7edb1e0b8bf8095b196a4194a1646bb5', '2026-06-29 19:51:02', '2026-06-29 19:51:02', 0.000, NULL, 0.000, 0.000, 0.000, NULL, 1.000, 0.000),
(126, 1, NULL, 'user', 194, 'music', 'NRJ', 'WAVE LONG RACCRO PUB', NULL, NULL, 5, 'NRJ - WAVE LONG RACCRO PUB.mp3', 'nrj-wave-long-raccro-pub-1782755462-5025.mp3', 'srv/musique/nrj-wave-long-raccro-pub-1782755462-5025.mp3', NULL, 'audio/mpeg', 81083, '251181b021c6ff711f1e93cdacc4d9a20f899ea3c71629ef9e93e259d0624622', '2026-06-29 19:51:02', '2026-06-29 19:51:02', 0.000, NULL, 0.000, 0.000, 0.000, NULL, 1.000, 0.000),
(127, 1, NULL, 'user', 194, 'music', 'NRJ', 'SWEEPER', NULL, NULL, 8, 'NRJ - SWEEPER - VOUS ECOUTEZ 10HITS A LA SUITE SUR NRJ .MP3', 'nrj-sweeper-1782755480-6523.mp3', 'srv/musique/nrj-sweeper-1782755480-6523.mp3', NULL, 'audio/mpeg', 127894, 'f94312231520c5e64b37137b2ed050a7ad4ff33e8dac7ebc2d39d67231782b6e', '2026-06-29 19:51:20', '2026-06-29 19:51:20', 0.000, NULL, 0.000, 0.000, 0.000, NULL, 1.000, 0.000),
(128, 1, NULL, 'user', 194, 'music', 'NRJ // SWEEPER 10 HITS SUITE_2020_01', 'Alexis NRJ', NULL, 'SWEEPER', 7, 'NRJ - SWEEPER 10 HITS SUITE 2020 -- 01.mp3', 'nrj-sweeper-10-hits-suite-2020-01-alexis-nrj-1782755480-5592.mp3', 'srv/musique/nrj-sweeper-10-hits-suite-2020-01-alexis-nrj-1782755480-5592.mp3', 'srv/covers/cover-1-1782755480-ef26ac28.jpg', 'audio/mpeg', 160939, '51ece4366ef4e92ac5ddfcf1d62d3afc5f430b5bd74bd0be4f7a5401f25d9b53', '2026-06-29 19:51:20', '2026-06-29 19:51:20', 0.000, NULL, 0.000, 0.000, 0.000, NULL, 1.000, 0.000),
(129, 1, NULL, 'user', 194, 'music', 'NRJ', 'SWEEPER 10HITS A LA SUITE C', NULL, NULL, 8, 'NRJ - SWEEPER 10HITS A LA SUITE C_EST ICI NRJ.mp3', 'nrj-sweeper-10hits-a-la-suite-c-1782755480-7350.mp3', 'srv/musique/nrj-sweeper-10hits-a-la-suite-c-1782755480-7350.mp3', NULL, 'audio/mpeg', 131238, 'd1c925229153da1f2e4df7874800a8b0c1b144fd6b4d046b660181844d3f31b7', '2026-06-29 19:51:20', '2026-06-29 19:51:20', 0.000, NULL, 0.000, 0.000, 0.000, NULL, 1.000, 0.000),
(130, 1, NULL, 'user', 194, 'music', '01', 'Décrochage Programme Local', NULL, NULL, 4, '01 - Décrochage Programme Local.mp3', '01-d-ecrochage-programme-local-1782755491-7434.mp3', 'srv/musique/01-d-ecrochage-programme-local-1782755491-7434.mp3', NULL, 'audio/mpeg', 174720, '95953dcb776f4ca888f2677fb053cc3d7ef71df491b091ebbe4822aaf2caf75f', '2026-06-29 19:51:31', '2026-06-29 19:51:31', 0.000, NULL, 0.000, 0.000, 0.000, NULL, 1.000, 0.000),
(131, 1, NULL, 'user', 194, 'music', '02', 'Raccrochage Local + Décro NAT', NULL, NULL, 5, '02 - Raccrochage Local + décro NAT.mp3', '02-raccrochage-local-d-ecro-nat-1782755491-6730.mp3', 'srv/musique/02-raccrochage-local-d-ecro-nat-1782755491-6730.mp3', NULL, 'audio/mpeg', 198765, '50cd1d27a8f8d7a29e7bc63f519a515dadc9b68e5afbb25190497b4c8f46336c', '2026-06-29 19:51:31', '2026-06-29 19:51:31', 0.000, NULL, 0.000, 0.000, 0.000, NULL, 1.000, 0.000),
(132, 1, NULL, 'user', 194, 'music', 'Rampe NRJ 2023 - 3', 'NRJ FRANCE', NULL, NULL, 32, 'NRJ - Rampe AZZECCA.mp3', 'rampe-nrj-2023-3-nrj-france-1782755503-2820.mp3', 'srv/musique/rampe-nrj-2023-3-nrj-france-1782755503-2820.mp3', NULL, 'audio/mpeg', 512059, '002bb12df3fce4e93826b477e6870c057d16c6f29ac27d242df49a12f4c5fb6c', '2026-06-29 19:51:43', '2026-06-29 19:51:43', 0.000, NULL, 0.000, 0.000, 0.000, NULL, 1.000, 0.000),
(133, 1, NULL, 'user', 194, 'music', 'Rampe NRJ 2023 - 2', 'NRJ FRANCE', NULL, NULL, 26, 'NRJ - Rampe GREECE 2000.mp3', 'rampe-nrj-2023-2-nrj-france-1782755503-3682.mp3', 'srv/musique/rampe-nrj-2023-2-nrj-france-1782755503-3682.mp3', NULL, 'audio/mpeg', 418018, '199eae2c260a445dcf70e7ca3d1ede036bed4324bceb5e621d13769af524d0d1', '2026-06-29 19:51:43', '2026-06-29 19:51:43', 0.000, NULL, 0.000, 0.000, 0.000, NULL, 1.000, 0.000),
(134, 1, NULL, 'user', 194, 'music', 'Rampe NRJ 2023 - 1', 'NRJ FRANCE', NULL, NULL, 25, 'Rampe 2023 - 1.mp3', 'rampe-nrj-2023-1-nrj-france-1782755503-5007.mp3', 'srv/musique/rampe-nrj-2023-1-nrj-france-1782755503-5007.mp3', NULL, 'audio/mpeg', 402135, 'ed18ac9652eeb82c2b959ab74c8aa5805170472b219a62d2ee6803b5ce5983ec', '2026-06-29 19:51:43', '2026-06-29 19:51:43', 0.000, NULL, 0.000, 0.000, 0.000, NULL, 1.000, 0.000),
(135, 1, NULL, 'user', 194, 'music', 'Rampe NRJ 2023 - 3', 'NRJ FRANCE', NULL, NULL, 32, 'Rampe 2023 - 4.mp3', 'rampe-nrj-2023-3-nrj-france-1782755503-4265.mp3', 'srv/musique/rampe-nrj-2023-3-nrj-france-1782755503-4265.mp3', NULL, 'audio/mpeg', 506625, 'cdcfeef620718c665d7cf27335f8ea4d77fcb4309f2f82139e12a2ce1117ed45', '2026-06-29 19:51:43', '2026-06-29 19:51:43', 0.000, NULL, 0.000, 0.000, 0.000, NULL, 1.000, 0.000),
(136, 1, NULL, 'user', 194, 'music', 'Rampe NRJ 2023 - 5', 'NRJ FRANCE', NULL, NULL, 24, 'Rampe 2023 - 5.mp3', 'rampe-nrj-2023-5-nrj-france-1782755503-9603.mp3', 'srv/musique/rampe-nrj-2023-5-nrj-france-1782755503-9603.mp3', NULL, 'audio/mpeg', 391268, 'b1c72a675ad25022f8864257bc55d827807c956e52f87939c5a1034b0f47e901', '2026-06-29 19:51:43', '2026-06-29 19:51:43', 0.000, NULL, 0.000, 0.000, 0.000, NULL, 1.000, 0.000),
(137, 1, NULL, 'user', 194, 'music', 'Rampe NRJ 2023 - 5', 'NRJ FRANCE', NULL, NULL, 28, 'Rampe 2023 - 6.mp3', 'rampe-nrj-2023-5-nrj-france-1782755503-3106.mp3', 'srv/musique/rampe-nrj-2023-5-nrj-france-1782755503-3106.mp3', NULL, 'audio/mpeg', 453126, 'c7ec801ffd7164f7021b07a641b22cd702424baa9045f78999874e22afa4d69f', '2026-06-29 19:51:43', '2026-07-02 15:12:37', 0.000, 28.000, 0.000, 0.000, 0.000, 28.000, 1.000, 0.000),
(138, 1, NULL, 'user', 194, 'music', 'Rampe NRJ 2023 - 7', 'NRJ FRANCE', NULL, NULL, 30, 'Rampe 2023 - 7.mp3', 'rampe-nrj-2023-7-nrj-france-1782755503-4455.mp3', 'srv/musique/rampe-nrj-2023-7-nrj-france-1782755503-4455.mp3', NULL, 'audio/mpeg', 487399, '027b62fb1dddf326188de28f8e19d68348315dd24d675fb7b5223149f691fc49', '2026-06-29 19:51:43', '2026-06-29 19:51:43', 0.000, NULL, 0.000, 0.000, 0.000, NULL, 1.000, 0.000),
(139, 1, NULL, 'user', 194, 'music', 'Rampe NRJ 2023 - 8', 'NRJ FRANCE', NULL, NULL, 23, 'Rampe 2023 - 8.mp3', 'rampe-nrj-2023-8-nrj-france-1782755503-7629.mp3', 'srv/musique/rampe-nrj-2023-8-nrj-france-1782755503-7629.mp3', NULL, 'audio/mpeg', 368281, 'c3d11fd542d3bea116033e17b5d7c0cd8006f07c3c0635a29e829ec8f2b8bbd5', '2026-06-29 19:51:43', '2026-06-29 19:51:43', 0.000, NULL, 0.000, 0.000, 0.000, NULL, 1.000, 0.000),
(140, 1, NULL, 'user', 194, 'music', 'NRJ', 'Top Horaire 2021 (Cage Speak)', NULL, NULL, 34, 'NRJ - Top Horaire 2021 (Cage Speak).mp3', 'nrj-top-horaire-2021-cage-speak-1782755717-7315.mp3', 'srv/musique/nrj-top-horaire-2021-cage-speak-1782755717-7315.mp3', NULL, 'audio/mpeg', 544181, '603fdd8913d9c1ea440546512b40839c71466d1171a8683a1c1cded25ca466dc', '2026-06-29 19:55:17', '2026-06-29 19:55:17', 0.000, NULL, 0.000, 0.000, 0.000, NULL, 1.000, 0.000),
(141, 1, NULL, 'user', 194, 'music', 'NRJ - Top Horaire Avatar 2', 'Wams NRJ', NULL, NULL, 18, 'NRJ - Top Horaire Avatar 2.mp3', 'nrj-top-horaire-avatar-2-wams-nrj-1782755717-5380.mp3', 'srv/musique/nrj-top-horaire-avatar-2-wams-nrj-1782755717-5380.mp3', 'srv/covers/cover-1-1782755717-46e8b641.jpg', 'audio/mpeg', 323328, 'a1eb8adcbeb1625d38b536fcd7224bb16bd95d91dfbe6e48e32207421c32cf31', '2026-06-29 19:55:17', '2026-06-29 19:55:17', 0.000, NULL, 0.000, 0.000, 0.000, NULL, 1.000, 0.000),
(142, 1, NULL, 'user', 194, 'music', 'NRJ - Top Horaire Rihanna', 'Wams NRJ', NULL, NULL, 17, 'NRJ - Top Horaire Rihanna.mp3', 'nrj-top-horaire-rihanna-wams-nrj-1782755717-5508.mp3', 'srv/musique/nrj-top-horaire-rihanna-wams-nrj-1782755717-5508.mp3', 'srv/covers/cover-1-1782755717-a9271ce6.jpg', 'audio/mpeg', 351176, 'babe1bdec489f81f6f93d64bd428282c905129936bdc55b322bdfd9bf6ad4ff1', '2026-06-29 19:55:17', '2026-06-29 19:55:17', 0.000, NULL, 0.000, 0.000, 0.000, NULL, 1.000, 0.000),
(143, 1, NULL, 'user', 194, 'music', 'NRJ', 'Top', NULL, NULL, 34, 'NRJ_-_Top_Horaire_2021_Cage_Speak.mp3', 'nrj-top-1782755717-3903.mp3', 'srv/musique/nrj-top-1782755717-3903.mp3', NULL, 'audio/mpeg', 544181, '603fdd8913d9c1ea440546512b40839c71466d1171a8683a1c1cded25ca466dc', '2026-06-29 19:55:17', '2026-06-29 19:55:17', 0.000, NULL, 0.000, 0.000, 0.000, NULL, 1.000, 0.000),
(144, 1, NULL, 'user', 194, 'music', 'TOP HORAIRE 2021 Heures', 'NRJ 1H', NULL, NULL, 26, 'TOP HORAIRE 2021 Heures - NRJ 1H.mp3', 'top-horaire-2021-heures-nrj-1h-1782755717-4962.mp3', 'srv/musique/top-horaire-2021-heures-nrj-1h-1782755717-4962.mp3', NULL, 'audio/mpeg', 1039680, '041d85171fe827eadcf6a14295231b02ee4613f00df968046182d50d21fa7457', '2026-06-29 19:55:17', '2026-06-29 19:55:17', 0.000, NULL, 0.000, 0.000, 0.000, NULL, 1.000, 0.000),
(145, 1, NULL, 'user', 194, 'music', 'TOP HORAIRE 2021 Heures', 'NRJ 2H', NULL, NULL, 26, 'TOP HORAIRE 2021 Heures - NRJ 2H.mp3', 'top-horaire-2021-heures-nrj-2h-1782755717-1762.mp3', 'srv/musique/top-horaire-2021-heures-nrj-2h-1782755717-1762.mp3', NULL, 'audio/mpeg', 1039680, '18b6ddab783db7642971716d08004eb9222d313810248d39fe987b130f69dcfc', '2026-06-29 19:55:17', '2026-06-29 19:55:17', 0.000, NULL, 0.000, 0.000, 0.000, NULL, 1.000, 0.000),
(146, 1, NULL, 'user', 194, 'music', 'TOP HORAIRE 2021 Heures', 'NRJ 3H', NULL, NULL, 26, 'TOP HORAIRE 2021 Heures - NRJ 3H.mp3', 'top-horaire-2021-heures-nrj-3h-1782755717-3475.mp3', 'srv/musique/top-horaire-2021-heures-nrj-3h-1782755717-3475.mp3', NULL, 'audio/mpeg', 1039680, 'd9b5a748488aa8f3961596cc60c737c0c297e99f37a79b0c6fef500db56e67e8', '2026-06-29 19:55:17', '2026-06-29 19:55:17', 0.000, NULL, 0.000, 0.000, 0.000, NULL, 1.000, 0.000),
(147, 1, NULL, 'user', 194, 'music', 'TOP HORAIRE 2021 Heures', 'NRJ 4H', NULL, NULL, 26, 'TOP HORAIRE 2021 Heures - NRJ 4H.mp3', 'top-horaire-2021-heures-nrj-4h-1782755717-1818.mp3', 'srv/musique/top-horaire-2021-heures-nrj-4h-1782755717-1818.mp3', NULL, 'audio/mpeg', 1039680, '54090d70960a8e7b0e58e03a9b6d4cde79f7afb0806c43af3cf54cc53423fb5b', '2026-06-29 19:55:17', '2026-06-29 19:55:17', 0.000, NULL, 0.000, 0.000, 0.000, NULL, 1.000, 0.000),
(148, 1, NULL, 'user', 194, 'music', 'TOP HORAIRE 2021 Heures', 'NRJ 5H', NULL, NULL, 26, 'TOP HORAIRE 2021 Heures - NRJ 5H.mp3', 'top-horaire-2021-heures-nrj-5h-1782755718-5196.mp3', 'srv/musique/top-horaire-2021-heures-nrj-5h-1782755718-5196.mp3', NULL, 'audio/mpeg', 1039680, 'fa5286054f7d12638b9c5d2f3546ee4c0ada5903d3fdf3169e807291e89f8c26', '2026-06-29 19:55:18', '2026-06-29 19:55:18', 0.000, NULL, 0.000, 0.000, 0.000, NULL, 1.000, 0.000),
(149, 1, NULL, 'user', 194, 'music', 'TOP HORAIRE 2021 Heures', 'NRJ Minuit', NULL, NULL, 26, 'TOP HORAIRE 2021 Heures - NRJ Minuit.mp3', 'top-horaire-2021-heures-nrj-minuit-1782755718-9879.mp3', 'srv/musique/top-horaire-2021-heures-nrj-minuit-1782755718-9879.mp3', NULL, 'audio/mpeg', 1039680, '7fd63a11220894259969479bdcaabfedb9e04bb034e82dcc1e925188e70e6543', '2026-06-29 19:55:18', '2026-06-29 19:55:18', 0.000, NULL, 0.000, 0.000, 0.000, NULL, 1.000, 0.000),
(150, 1, NULL, 'user', 10, 'music', 'Blanka', 'PNL', 'Deux frères', NULL, 254, 'PNL - Blanka (SPOTISAVER).mp3', 'blanka-pnl-1782769519-6865.mp3', 'srv/musique/blanka-pnl-1782769519-6865.mp3', 'srv/covers/cover-1-1782769519-e5bd4d37.jpg', 'audio/mpeg', 10677774, '419bdc0897c7fe55268d04fdd09c82baa4ae858e30516a2d11540e81569a1701', '2026-06-29 23:45:19', '2026-06-29 23:45:19', 0.000, NULL, 0.000, 0.000, 0.000, NULL, 1.000, 0.000),
(151, 1, NULL, 'user', 10, 'music', 'Chang', 'PNL', 'Deux frères', NULL, 314, 'PNL - Chang (SPOTISAVER).mp3', 'chang-pnl-1782769519-7987.mp3', 'srv/musique/chang-pnl-1782769519-7987.mp3', 'srv/covers/cover-1-1782769519-77ad5b0b.jpg', 'audio/mpeg', 13086581, '1b27c17cdd76792c5abd0f0aa2815f20458f5d60ca52fe4efd7b5e170eb14677', '2026-06-29 23:45:19', '2026-06-29 23:45:19', 0.000, NULL, 0.000, 0.000, 0.000, NULL, 1.000, 0.000),
(152, 1, NULL, 'user', 10, 'music', 'Autre monde', 'PNL', 'Deux frères', NULL, 282, 'PNL - Autre monde (SPOTISAVER).mp3', 'autre-monde-pnl-1782769519-4714.mp3', 'srv/musique/autre-monde-pnl-1782769519-4714.mp3', 'srv/covers/cover-1-1782769519-7f914537.jpg', 'audio/mpeg', 11777071, '1522efd651e61287c22fd6d497f8b4eaabb60269314570d2f42ae28cd5552d36', '2026-06-29 23:45:19', '2026-06-29 23:45:19', 0.000, NULL, 0.000, 0.000, 0.000, NULL, 1.000, 0.000),
(153, 1, NULL, 'user', 10, 'music', 'Au DD', 'PNL', 'Deux frères', NULL, 247, 'PNL - Au DD (SPOTISAVER).mp3', 'au-dd-pnl-1782769519-5562.mp3', 'srv/musique/au-dd-pnl-1782769519-5562.mp3', 'srv/covers/cover-1-1782769519-dcb48f35.jpg', 'audio/mpeg', 10395367, 'f77cb2fe921e1264f4825f93a1cd57fc500a54698e898c0dd8e695f48d55a012', '2026-06-29 23:45:19', '2026-06-29 23:45:19', 0.000, NULL, 0.000, 0.000, 0.000, NULL, 1.000, 0.000),
(154, 1, NULL, 'user', 10, 'music', 'Tout donner', 'Naza/SDM', 'Dégât', NULL, 146, 'Naza, SDM - Tout donner (SPOTISAVER).mp3', 'tout-donner-naza-sdm-1782769519-9957.mp3', 'srv/musique/tout-donner-naza-sdm-1782769519-9957.mp3', 'srv/covers/cover-1-1782769519-0226456e.jpg', 'audio/mpeg', 6206189, '8a3c7c2de9d75074ac3ecff2c3e3f38b1b00f26a20066917c5ef21126e57cc9f', '2026-06-29 23:45:20', '2026-06-29 23:45:20', 0.000, NULL, 0.000, 0.000, 0.000, NULL, 1.000, 0.000),
(155, 1, NULL, 'user', 10, 'music', 'Pilé - Gospel', 'Mauvais djo/Kano Choir', 'Pilé (Gospel)', NULL, 124, 'Mauvais djo, Kano Choir - Pilé - Gospel (SPOTISAVER).mp3', 'pil-e-gospel-mauvais-djo-kano-choir-1782769520-1931.mp3', 'srv/musique/pil-e-gospel-mauvais-djo-kano-choir-1782769520-1931.mp3', 'srv/covers/cover-1-1782769520-9472972e.jpg', 'audio/mpeg', 5470725, '0a122674b31ce694596ce311c875cd01d2395b77a9fd107d7c548f0822fa19cb', '2026-06-29 23:45:20', '2026-07-03 11:04:20', 1.610, 123.400, 0.000, 18.100, 1.610, 122.210, 1.000, 16.820),
(156, 1, NULL, 'user', 10, 'music', 'MÉDICAMENT', 'HOUDI/Anyme023', 'MÉDICAMENT', NULL, 187, 'HOUDI - MÉDICAMENT.mp3', 'm-edicament-houdi-anyme023-1782769520-1017.mp3', 'srv/musique/m-edicament-houdi-anyme023-1782769520-1017.mp3', 'srv/covers/cover-1-1782769520-d8776d13.jpg', 'audio/mpeg', 7676738, 'de819c6c3da9ff72956eedbfe33f539cba317e979d4d30d2ada567bf062bf2e1', '2026-06-29 23:45:20', '2026-06-29 23:45:20', 0.000, NULL, 0.000, 0.000, 0.000, NULL, 1.000, 0.000),
(157, 1, NULL, 'user', 10, 'music', 'SISTA', 'MINUISKI', 'SISTA', NULL, 129, 'MINUISKI - SISTA (SPOTISAVER).mp3', 'sista-minuiski-1782769520-7452.mp3', 'srv/musique/sista-minuiski-1782769520-7452.mp3', 'srv/covers/cover-1-1782769520-9f011724.jpg', 'audio/mpeg', 5620409, '30b3c4379c0ee871a7966eb8d31570841e9daa2132a6a4270e35e8f9af179835', '2026-06-29 23:45:20', '2026-06-29 23:45:20', 0.000, NULL, 0.000, 0.000, 0.000, NULL, 1.000, 0.000),
(158, 1, NULL, 'user', 10, 'music', 'FEFE FULL NWAR', 'MINUISKI', 'FEFE FULL NWAR', NULL, 134, 'MINUISKI - FEFE FULL NWAR (SPOTISAVER).mp3', 'fefe-full-nwar-minuiski-1782769520-3230.mp3', 'srv/musique/fefe-full-nwar-minuiski-1782769520-3230.mp3', 'srv/covers/cover-1-1782769520-591bc53d.jpg', 'audio/mpeg', 5844988, 'eb594396a47bfc8627fcc6097b3f3c156440720a76df1767ff415bfe8612d899', '2026-06-29 23:45:20', '2026-06-29 23:45:20', 0.000, NULL, 0.000, 0.000, 0.000, NULL, 1.000, 0.000),
(159, 1, NULL, 'user', 10, 'music', 'SRT FULL NWAR', 'MINUISKI', 'SRT FULL NWAR', NULL, 188, 'MINUISKI - SRT FULL NWAR (SPOTISAVER).mp3', 'srt-full-nwar-minuiski-1782769520-2184.mp3', 'srv/musique/srt-full-nwar-minuiski-1782769520-2184.mp3', 'srv/covers/cover-1-1782769520-81376258.jpg', 'audio/mpeg', 7712587, '296c06fff0636e9720f605ebb0e12ac3b58838e6f74d17906e9d4442c3fdd3a3', '2026-06-29 23:45:20', '2026-06-29 23:45:20', 0.000, NULL, 0.000, 0.000, 0.000, NULL, 1.000, 0.000),
(160, 1, NULL, 'user', 10, 'music', 'Minuit sur Messagerie', 'MINUISKI/Nina Rossell', 'Minuit sur Messagerie', NULL, 135, 'MINUISKI, Nina Rossell - Minuit sur Messagerie (SPOTISAVER).mp3', 'minuit-sur-messagerie-minuiski-nina-rossell-1782769520-5679.mp3', 'srv/musique/minuit-sur-messagerie-minuiski-nina-rossell-1782769520-5679.mp3', 'srv/covers/cover-1-1782769520-e50043d3.jpg', 'audio/mpeg', 5801020, '68a372e5404aaef846cb59e59e9eea91ab69ee1e712ba4250830c89fd6ce8535', '2026-06-29 23:45:20', '2026-06-29 23:45:20', 0.000, NULL, 0.000, 0.000, 0.000, NULL, 1.000, 0.000),
(161, 1, NULL, 'user', 10, 'music', 'échec et mat', 'miki', 'graou', NULL, 169, 'miki - échec et mat (SPOTISAVER).mp3', 'echec-et-mat-miki-1782769520-5128.mp3', 'srv/musique/echec-et-mat-miki-1782769520-5128.mp3', 'srv/covers/cover-1-1782769520-d14cd2fc.jpg', 'audio/mpeg', 7167641, 'babb17caf1561c6af4b22a47fc63cb2532873874448b078bf13287089477743e', '2026-06-29 23:45:20', '2026-06-29 23:45:20', 0.000, NULL, 0.000, 0.000, 0.000, NULL, 1.000, 0.000),
(162, 1, NULL, 'user', 10, 'music', 'particule', 'miki', 'industry plant', NULL, 180, 'miki - particule (SPOTISAVER).mp3', 'particule-miki-1782769520-1593.mp3', 'srv/musique/particule-miki-1782769520-1593.mp3', 'srv/covers/cover-1-1782769520-b4a3c6a0.jpg', 'audio/mpeg', 7442149, '3bbcfdfda6612054246986448deea8a0cc5d28757fd6fffaa6bacdb1c7451f21', '2026-06-29 23:45:20', '2026-06-29 23:45:20', 0.000, NULL, 0.000, 0.000, 0.000, NULL, 1.000, 0.000),
(163, 1, NULL, 'user', 10, 'music', 'ça pik un peu quand même', 'miki', 'industry plant', NULL, 137, 'miki - ça pik un peu quand même (SPOTISAVER).mp3', 'ca-pik-un-peu-quand-m-eme-miki-1782769520-4492.mp3', 'srv/musique/ca-pik-un-peu-quand-m-eme-miki-1782769520-4492.mp3', 'srv/covers/cover-1-1782769520-a8e26f75.jpg', 'audio/mpeg', 5739382, '738624f25f425cea4033fa9639abf26c7c600b23eb71083830878f8c6d4e0e69', '2026-06-29 23:45:20', '2026-06-29 23:45:20', 0.000, NULL, 0.000, 0.000, 0.000, NULL, 1.000, 0.000),
(164, 1, NULL, 'user', 10, 'music', 'hate that i made you love me', 'Ariana Grande', 'hate that i made you love me', NULL, 198, 'Ariana Grande - hate that i made you love me (SPOTISAVER).mp3', 'hate-that-i-made-you-love-me-ariana-grande-1782769546-2111.mp3', 'srv/musique/hate-that-i-made-you-love-me-ariana-grande-1782769546-2111.mp3', 'srv/covers/cover-1-1782769546-3afb7bde.jpg', 'audio/mpeg', 8232643, 'fda4ecc8c7e50e6141a0ca2a3abe703f01c6dda6558b86ee3ba5b4b63bf83148', '2026-06-29 23:45:46', '2026-06-29 23:45:46', 0.000, NULL, 0.000, 0.000, 0.000, NULL, 1.000, 0.000),
(165, 1, NULL, 'user', 10, 'music', 'NUEVAYoL', 'Bad Bunny', 'DeBÍ TiRAR MáS FOToS', NULL, 184, 'Bad Bunny - NUEVAYoL (SPOTISAVER).mp3', 'nuevayol-bad-bunny-1782769546-3815.mp3', 'srv/musique/nuevayol-bad-bunny-1782769546-3815.mp3', 'srv/covers/cover-1-1782769546-9e1617f0.jpg', 'audio/mpeg', 8047138, '701ce4a553ef9f18811a72eba9ab544db3c1a2fa75d36a66d097acb408b003c9', '2026-06-29 23:45:47', '2026-06-29 23:45:47', 0.000, NULL, 0.000, 0.000, 0.000, NULL, 1.000, 0.000),
(166, 1, NULL, 'user', 10, 'music', 'BMW', 'Black Cat', 'BMW', NULL, 146, 'Black Cat - BMW (SPOTISAVER).mp3', 'bmw-black-cat-1782769547-1422.mp3', 'srv/musique/bmw-black-cat-1782769547-1422.mp3', 'srv/covers/cover-1-1782769547-284b100a.jpg', 'audio/mpeg', 6096427, 'ed81745c0de170b64210e7ac0f7d2c52719f3b4105a461c7dfb1e43d32882c0e', '2026-06-29 23:45:47', '2026-06-29 23:45:47', 0.000, NULL, 0.000, 0.000, 0.000, NULL, 1.000, 0.000),
(167, 1, NULL, 'user', 10, 'music', 'Pangor (Swalalala)', 'Djaksparo', 'Pangor (Swalalala)', NULL, 122, 'Djaksparo - Pangor (Swalalala) (SPOTISAVER).mp3', 'pangor-swalalala-djaksparo-1782769547-8790.mp3', 'srv/musique/pangor-swalalala-djaksparo-1782769547-8790.mp3', 'srv/covers/cover-1-1782769547-0200d8dc.jpg', 'audio/mpeg', 5382017, '9605462eb6b4815e62fe5be9ac5557095e13a8fc88ab7bc2d0fcc13bf23b2107', '2026-06-29 23:45:47', '2026-06-29 23:45:47', 0.000, NULL, 0.000, 0.000, 0.000, NULL, 1.000, 0.000),
(168, 1, NULL, 'user', 10, 'music', 'RENÉ CAOVILLA', 'Gambi', 'RENÉ CAOVILLA', NULL, 138, 'Gambi - RENÉ CAOVILLA (SPOTISAVER).mp3', 'ren-e-caovilla-gambi-1782769547-5489.mp3', 'srv/musique/ren-e-caovilla-gambi-1782769547-5489.mp3', 'srv/covers/cover-1-1782769547-8ed25830.jpg', 'audio/mpeg', 6149508, 'a8e5daa2c730ed1a34281a9d7b1bb4c2fb4a9e1367bb97cba42496cfab7c648c', '2026-06-29 23:45:47', '2026-06-29 23:45:47', 0.000, NULL, 0.000, 0.000, 0.000, NULL, 1.000, 0.000),
(169, 1, NULL, 'user', 10, 'music', 'Soleil', 'GIMS', 'Soleil', NULL, 132, 'GIMS - Soleil (SPOTISAVER).mp3', 'soleil-gims-1782769547-2504.mp3', 'srv/musique/soleil-gims-1782769547-2504.mp3', 'srv/covers/cover-1-1782769547-2f20773c.jpg', 'audio/mpeg', 5741945, '22542751dec21b080214c14ff27fb8f0f43ab7e07c0aee1460f83b80c021f302', '2026-06-29 23:45:47', '2026-06-29 23:45:47', 0.000, NULL, 0.000, 0.000, 0.000, NULL, 1.000, 0.000),
(170, 1, NULL, 'user', 10, 'music', 'SPA', 'GIMS/Theodora', 'SPA', NULL, 183, 'GIMS, Theodora - SPA (SPOTISAVER).mp3', 'spa-gims-theodora-1782769547-6170.mp3', 'srv/musique/spa-gims-theodora-1782769547-6170.mp3', 'srv/covers/cover-1-1782769547-52828693.jpg', 'audio/mpeg', 7692228, '5dc0b7a829be72be016315bff0468798a1b04c7782b5f6d5e3599da900073953', '2026-06-29 23:45:47', '2026-06-29 23:45:47', 0.000, NULL, 0.000, 0.000, 0.000, NULL, 1.000, 0.000),
(171, 1, NULL, 'user', 10, 'music', 'Jamaican (Bam Bam)', 'HUGEL/SOLTO (FR)', 'Jamaican (Bam Bam)', NULL, 156, 'HUGEL, SOLTO (FR) - Jamaican (Bam Bam) (SPOTISAVER).mp3', 'jamaican-bam-bam-hugel-solto-fr-1782769547-5773.mp3', 'srv/musique/jamaican-bam-bam-hugel-solto-fr-1782769547-5773.mp3', 'srv/covers/cover-1-1782769547-727101fd.jpg', 'audio/mpeg', 6905687, '442df88602873fd1cfd089b7dfd3dffd97eb26860f5c4818f8e68d7a19d24ce8', '2026-06-29 23:45:47', '2026-06-29 23:45:47', 0.000, NULL, 0.000, 0.000, 0.000, NULL, 1.000, 0.000),
(172, 1, NULL, 'user', 10, 'music', 'Parfum quartier', 'Jul', 'Parfum quartier', NULL, 226, 'Jul - Parfum quartier (SPOTISAVER).mp3', 'parfum-quartier-jul-1782769547-7841.mp3', 'srv/musique/parfum-quartier-jul-1782769547-7841.mp3', 'srv/covers/cover-1-1782769547-3ed02e4d.jpg', 'audio/mpeg', 9252908, '41ad88b1537bd3838f8b67d7c17a13d42f72664f522d7428dd14ad1d45ce3a00', '2026-06-29 23:45:47', '2026-06-29 23:45:47', 0.000, NULL, 0.000, 0.000, 0.000, NULL, 1.000, 0.000),
(173, 1, NULL, 'user', 10, 'music', 'ATL', 'La Mano 1.9/Gazo/La Rvfleuze', 'ATL', NULL, 164, 'La Mano 1.9, Gazo, La Rvfleuze - ATL (SPOTISAVER).mp3', 'atl-la-mano-1-9-gazo-la-rvfleuze-1782769547-7016.mp3', 'srv/musique/atl-la-mano-1-9-gazo-la-rvfleuze-1782769547-7016.mp3', 'srv/covers/cover-1-1782769547-bb0db263.jpg', 'audio/mpeg', 6675656, '3548be1ea56f417f3e4b3fa2ec12a6b583a07b4977e92e64b28dae2bd4c7bca4', '2026-06-29 23:45:47', '2026-06-29 23:45:47', 0.000, NULL, 0.000, 0.000, 0.000, NULL, 1.000, 0.000),
(174, 1, NULL, 'user', 10, 'music', 'Serrure #5', 'La Rvfleuze', 'Serrure #5', NULL, 139, 'La Rvfleuze - Serrure #5 (SPOTISAVER).mp3', 'serrure-5-la-rvfleuze-1782769547-9571.mp3', 'srv/musique/serrure-5-la-rvfleuze-1782769547-9571.mp3', 'srv/covers/cover-1-1782769547-c5099606.jpg', 'audio/mpeg', 5920182, '3cefcabfccf5f01bbeb349ee4341cb08836579715f2a9b36f6d417d2036d9dd8', '2026-06-29 23:45:47', '2026-06-29 23:45:47', 0.000, NULL, 0.000, 0.000, 0.000, NULL, 1.000, 0.000),
(175, 1, NULL, 'user', 10, 'music', 'Pineapple', 'Leto', 'Pineapple', NULL, 161, 'Leto - Pineapple (SPOTISAVER).mp3', 'pineapple-leto-1782769547-4777.mp3', 'srv/musique/pineapple-leto-1782769547-4777.mp3', 'srv/covers/cover-1-1782769547-e99d64fb.jpg', 'audio/mpeg', 6994732, '1ff1b76153562603d837a8f3c93ceec4eb3745eb76b5f199d7076d439a7addbd', '2026-06-29 23:45:47', '2026-06-29 23:45:47', 0.000, NULL, 0.000, 0.000, 0.000, NULL, 1.000, 0.000),
(176, 1, NULL, 'user', 10, 'music', 'Maladie', 'Mauvais djo', 'Maladie', NULL, 192, 'Mauvais djo - Maladie (SPOTISAVER).mp3', 'maladie-mauvais-djo-1782769547-7096.mp3', 'srv/musique/maladie-mauvais-djo-1782769547-7096.mp3', 'srv/covers/cover-1-1782769547-49743ff2.jpg', 'audio/mpeg', 7968933, '04d179d4a2511c453ddbdbf72315e768d44835706bbbd2539342fe072fa53d9d', '2026-06-29 23:45:47', '2026-06-29 23:45:47', 0.000, NULL, 0.000, 0.000, 0.000, NULL, 1.000, 0.000),
(177, 1, NULL, 'user', 10, 'music', 'RUINART', 'R2', '7/7 : 24/24', NULL, 175, 'R2 - RUINART (SPOTISAVER).mp3', 'ruinart-r2-1782769547-5216.mp3', 'srv/musique/ruinart-r2-1782769547-5216.mp3', 'srv/covers/cover-1-1782769547-af10cc12.jpg', 'audio/mpeg', 7116957, '4b0d8410325ea1a46f58c501f7ade49d2eab5730b10d509581a7c10d8cdf8625', '2026-06-29 23:45:48', '2026-06-29 23:45:48', 0.000, NULL, 0.000, 0.000, 0.000, NULL, 1.000, 0.000),
(178, 1, NULL, 'user', 10, 'music', 'B.M.S (by my side)', 'Rambo goyard', 'B.M.S (by my side)', NULL, 126, 'Rambo goyard - B.M.S (by my side) (SPOTISAVER).mp3', 'b-m-s-by-my-side-rambo-goyard-1782769548-4705.mp3', 'srv/musique/b-m-s-by-my-side-rambo-goyard-1782769548-4705.mp3', 'srv/covers/cover-1-1782769548-adea7388.jpg', 'audio/mpeg', 5449156, '40f8484ef8193c3b172557e01f6804cfd307214ddb133b395d2c51f111eb9e83', '2026-06-29 23:45:48', '2026-06-29 23:45:48', 0.000, NULL, 0.000, 0.000, 0.000, NULL, 1.000, 0.000),
(179, 1, NULL, 'user', 10, 'music', 'Dai Dai', 'Shakira/Burna Boy', 'Dai Dai', NULL, 224, 'Shakira, Burna Boy - Dai Dai (SPOTISAVER).mp3', 'dai-dai-shakira-burna-boy-1782769548-7102.mp3', 'srv/musique/dai-dai-shakira-burna-boy-1782769548-7102.mp3', 'srv/covers/cover-1-1782769548-13478b90.jpg', 'audio/mpeg', 9361216, 'a999fe3066e23b46a546fcde247687ade465a42216aaef20808043b7c2e7a463', '2026-06-29 23:45:48', '2026-06-29 23:45:48', 0.000, NULL, 0.000, 0.000, 0.000, NULL, 1.000, 0.000),
(180, 1, NULL, 'user', 10, 'music', 'Dracula - JENNIE Remix', 'Tame Impala/JENNIE', 'Dracula (Remix)', NULL, 210, 'Tame Impala, JENNIE - Dracula - JENNIE Remix (SPOTISAVER).mp3', 'dracula-jennie-remix-tame-impala-jennie-1782769548-3638.mp3', 'srv/musique/dracula-jennie-remix-tame-impala-jennie-1782769548-3638.mp3', 'srv/covers/cover-1-1782769548-8cadbc62.jpg', 'audio/mpeg', 8681565, '14d5f2e9f6a2e459554430b4dc51d8bd9af20e43763d2ac6980e6d7f204503d9', '2026-06-29 23:45:48', '2026-06-29 23:45:48', 0.000, NULL, 0.000, 0.000, 0.000, NULL, 1.000, 0.000),
(181, 1, NULL, 'user', 10, 'music', 'Self Aware', 'Temper City', 'Self Aware', NULL, 181, 'Temper City - Self Aware (SPOTISAVER).mp3', 'self-aware-temper-city-1782769548-5142.mp3', 'srv/musique/self-aware-temper-city-1782769548-5142.mp3', 'srv/covers/cover-1-1782769548-d56dae03.jpg', 'audio/mpeg', 7357822, '31009751cc0e404da85fadc7c76782ec7e01b32d8f719d72d416bdc5dbe5c853', '2026-06-29 23:45:48', '2026-06-29 23:45:48', 0.000, NULL, 0.000, 0.000, 0.000, NULL, 1.000, 0.000),
(182, 1, NULL, 'user', 10, 'music', 'Miss Kitoko', 'Theodora', 'Miss Kitoko', NULL, 150, 'Theodora - Miss Kitoko (SPOTISAVER).mp3', 'miss-kitoko-theodora-1782769548-7632.mp3', 'srv/musique/miss-kitoko-theodora-1782769548-7632.mp3', 'srv/covers/cover-1-1782769548-63b3e25c.jpg', 'audio/mpeg', 6432041, '77aeca77a270d7da3e7872b800ac28d28e02dc4f2b948674a8ec3eeeda0a3420', '2026-06-29 23:45:48', '2026-06-29 23:45:48', 0.000, NULL, 0.000, 0.000, 0.000, NULL, 1.000, 0.000),
(183, 1, NULL, 'user', 10, 'music', 'Mélo Décalé', 'Tiakola', 'Mélo Décalé', NULL, 156, 'Tiakola - Mélo Décalé (SPOTISAVER).mp3', 'm-elo-d-ecal-e-tiakola-1782769548-7492.mp3', 'srv/musique/m-elo-d-ecal-e-tiakola-1782769548-7492.mp3', 'srv/covers/cover-1-1782769548-32c63f15.jpg', 'audio/mpeg', 6727670, 'b2164680f4aeac5fb0b0031d298d4372499fd217f3ad252caaf47e1c4205a054', '2026-06-29 23:45:48', '2026-06-29 23:45:48', 0.000, NULL, 0.000, 0.000, 0.000, NULL, 1.000, 0.000),
(184, 1, NULL, 'user', 10, 'music', 'Poney', 'Werenoi', 'Diamant Noir', NULL, 230, 'Werenoi - Poney (SPOTISAVER).mp3', 'poney-werenoi-1782769548-2515.mp3', 'srv/musique/poney-werenoi-1782769548-2515.mp3', 'srv/covers/cover-1-1782769548-e745b65b.jpg', 'audio/mpeg', 9410979, '78bbf57dff708aac8570e85bd53a64059563cc76537b343c10ea182a44be320d', '2026-06-29 23:45:48', '2026-06-29 23:45:48', 0.000, NULL, 0.000, 0.000, 0.000, NULL, 1.000, 0.000),
(185, 1, NULL, 'user', 10, 'music', 'GMK', 'WIXO & LA2S', 'GMK', NULL, 125, 'WIXO & LA2S - GMK (SPOTISAVER).mp3', 'gmk-wixo-la2s-1782769548-6450.mp3', 'srv/musique/gmk-wixo-la2s-1782769548-6450.mp3', 'srv/covers/cover-1-1782769548-f461bc5d.jpg', 'audio/mpeg', 5384133, 'bf6b56f976f46bc2bf680d4801c8d2baef8706378bd168d821a10ad63bac7dbd', '2026-06-29 23:45:48', '2026-06-29 23:45:48', 0.000, NULL, 0.000, 0.000, 0.000, NULL, 1.000, 0.000),
(186, 1, NULL, 'user', 10, 'music', 'La vie qu\'on mène', 'Ninho', 'Destin', NULL, 194, 'Ninho - La vie qu\'on mène (SPOTISAVER).mp3', 'la-vie-qu-on-m-ene-ninho-1782769548-2978.mp3', 'srv/musique/la-vie-qu-on-m-ene-ninho-1782769548-2978.mp3', 'srv/covers/cover-1-1782769548-821abb35.jpg', 'audio/mpeg', 8154881, '0ff6d4551add276e5fc6767655f0fcc02f0aaf48913ce9a7e2d4b5579835f84f', '2026-06-29 23:45:48', '2026-06-29 23:45:48', 0.000, NULL, 0.000, 0.000, 0.000, NULL, 1.000, 0.000),
(187, 1, NULL, 'user', 10, 'music', 'stupid song', 'Olivia Rodrigo', 'you seem pretty sad for a girl so in love', NULL, 210, 'Olivia Rodrigo - stupid song (SPOTISAVER).mp3', 'stupid-song-olivia-rodrigo-1782769548-2010.mp3', 'srv/musique/stupid-song-olivia-rodrigo-1782769548-2010.mp3', 'srv/covers/cover-1-1782769548-5db258ae.jpg', 'audio/mpeg', 8636280, '00c123de67b9aaf3c88e722760491ad8ecf02c45bcbe7285ffe86ddcdd1226e1', '2026-06-29 23:45:48', '2026-06-29 23:45:48', 0.000, NULL, 0.000, 0.000, 0.000, NULL, 1.000, 0.000),
(188, 1, NULL, 'user', 10, 'music', 'Pocahontas', 'PLK', 'Grand Garçon', NULL, 169, 'PLK - Pocahontas (SPOTISAVER).mp3', 'pocahontas-plk-1782769548-8874.mp3', 'srv/musique/pocahontas-plk-1782769548-8874.mp3', 'srv/covers/cover-1-1782769548-bf4cd679.jpg', 'audio/mpeg', 7178202, 'd2b3591f4c43b464da52c303fd20cead859cbb56c5b194b83a2d605aecd8cafb', '2026-06-29 23:45:48', '2026-06-29 23:45:48', 0.000, NULL, 0.000, 0.000, 0.000, NULL, 1.000, 0.000),
(189, 1, NULL, 'user', 10, 'music', 'MON BÉBÉ', 'RnBoi', 'My Eyes Only - Flashback', NULL, 131, 'RnBoi - MON BÉBÉ (SPOTISAVER).mp3', 'mon-b-eb-e-rnboi-1782769549-7673.mp3', 'srv/musique/mon-b-eb-e-rnboi-1782769549-7673.mp3', 'srv/covers/cover-1-1782769549-cc4e4069.jpg', 'audio/mpeg', 5533178, '0446f92cd6c5f323fa06511178f4409822bde1248f36c4ddd26ab4c2945b21da', '2026-06-29 23:45:49', '2026-06-29 23:45:49', 0.000, NULL, 0.000, 0.000, 0.000, NULL, 1.000, 0.000),
(190, 1, NULL, 'user', 10, 'music', 'Babydoll', 'Dominic Fike', 'Don\'t Forget About Me, Demos', NULL, 98, 'Dominic Fike - Babydoll (SPOTISAVER).mp3', 'babydoll-dominic-fike-1782769549-9982.mp3', 'srv/musique/babydoll-dominic-fike-1782769549-9982.mp3', 'srv/covers/cover-1-1782769549-a4e9de0c.jpg', 'audio/mpeg', 4182074, 'ecdc04430b47fef8501cf8901abd0fcfe2c3c88234fb894112261e30bfc9883c', '2026-06-29 23:45:49', '2026-06-29 23:45:49', 0.000, NULL, 0.000, 0.000, 0.000, NULL, 1.000, 0.000),
(191, 1, NULL, 'user', 10, 'music', 'Huracan', 'Kaaris', 'BYAKUGAN', NULL, 248, 'Kaaris - Huracan (SPOTISAVER).mp3', 'huracan-kaaris-1782769549-4591.mp3', 'srv/musique/huracan-kaaris-1782769549-4591.mp3', 'srv/covers/cover-1-1782769549-2a10e50e.jpg', 'audio/mpeg', 10359932, '2c765bff1a49f920fb088e2efb387346c6ceab668700718f0fe333a3aee61223', '2026-06-29 23:45:49', '2026-06-29 23:45:49', 0.000, NULL, 0.000, 0.000, 0.000, NULL, 1.000, 0.000),
(192, 1, NULL, 'user', 10, 'music', 'AVEC MOI', 'RnBoi/Nono La Grinta', 'My Eyes Only - Flashback', NULL, 182, 'RnBoi, Nono La Grinta - AVEC MOI (SPOTISAVER).mp3', 'avec-moi-rnboi-nono-la-grinta-1782769549-7693.mp3', 'srv/musique/avec-moi-rnboi-nono-la-grinta-1782769549-7693.mp3', 'srv/covers/cover-1-1782769549-f576a3a2.jpg', 'audio/mpeg', 7594763, '03b91ba81f4488b5994934eb8d90f4d1453f772dbc675ef4ee8e1e51fcf87339', '2026-06-29 23:45:49', '2026-06-29 23:45:49', 0.000, NULL, 0.000, 0.000, 0.000, NULL, 1.000, 0.000),
(193, 1, NULL, 'user', 10, 'music', '2ème Prime', 'Kaaris', 'BYAKUGAN', NULL, 189, 'Kaaris - 2ème Prime (SPOTISAVER).mp3', '2-eme-prime-kaaris-1782769549-8897.mp3', 'srv/musique/2-eme-prime-kaaris-1782769549-8897.mp3', 'srv/covers/cover-1-1782769549-81a629f0.jpg', 'audio/mpeg', 7980416, '99033545f2d7a4498c66ca283e48cf0b31f14ff4e651eb9bc82e3c6d4509cfb7', '2026-06-29 23:45:49', '2026-06-29 23:45:49', 0.000, NULL, 0.000, 0.000, 0.000, NULL, 1.000, 0.000),
(194, 1, NULL, 'user', 10, 'music', 'LOVE YOU', 'Nono La Grinta', 'The cat', NULL, 148, 'Nono La Grinta - LOVE YOU (SPOTISAVER).mp3', 'love-you-nono-la-grinta-1782769549-3201.mp3', 'srv/musique/love-you-nono-la-grinta-1782769549-3201.mp3', 'srv/covers/cover-1-1782769549-648195c4.jpg', 'audio/mpeg', 6209048, '1a27ca9a64b3802508e469a447a25e3374fde25574c387bff17ec0f9d06b7cd3', '2026-06-29 23:45:49', '2026-06-29 23:45:49', 0.000, NULL, 0.000, 0.000, 0.000, NULL, 1.000, 0.000),
(195, 1, NULL, 'user', 10, 'music', 'ELLE VOULAIT', 'RnBoi', 'My Eyes Only - Flashback', NULL, 146, 'RnBoi - ELLE VOULAIT (SPOTISAVER).mp3', 'elle-voulait-rnboi-1782769549-2595.mp3', 'srv/musique/elle-voulait-rnboi-1782769549-2595.mp3', 'srv/covers/cover-1-1782769549-a5670ca9.jpg', 'audio/mpeg', 6150293, 'f9fa0a3af68a845999b3652d2c3ed0a29e771550acbd6b9542c15ed7caf426b8', '2026-06-29 23:45:49', '2026-06-29 23:45:49', 0.000, NULL, 0.000, 0.000, 0.000, NULL, 1.000, 0.000),
(196, 1, NULL, 'user', 10, 'music', 'méli-mélo', 'kulturr', 'HOPE. : Imani', NULL, 154, 'kulturr - méli-mélo (SPOTISAVER).mp3', 'm-eli-m-elo-kulturr-1782769549-8182.mp3', 'srv/musique/m-eli-m-elo-kulturr-1782769549-8182.mp3', 'srv/covers/cover-1-1782769549-a42e83f8.jpg', 'audio/mpeg', 6490160, 'd39fa2b23461619b719279d05275d88241bcf524151fb574d207df2c9721f4b5', '2026-06-29 23:45:49', '2026-06-29 23:45:49', 0.000, NULL, 0.000, 0.000, 0.000, NULL, 1.000, 0.000),
(197, 1, NULL, 'user', 10, 'music', 'Beat It', 'Michael Jackson', 'Thriller', NULL, 258, 'Michael Jackson - Beat It (SPOTISAVER).mp3', 'beat-it-michael-jackson-1782769549-4207.mp3', 'srv/musique/beat-it-michael-jackson-1782769549-4207.mp3', 'srv/covers/cover-1-1782769549-25082714.jpg', 'audio/mpeg', 10657957, 'a21e96929e614c02d53a90cd54bbb0ebfa327a87a8e1219fabe756317ec0e10f', '2026-06-29 23:45:49', '2026-06-29 23:45:49', 0.000, NULL, 0.000, 0.000, 0.000, NULL, 1.000, 0.000),
(198, 1, NULL, 'user', 10, 'music', 'À l\'aise', 'TRIANGLE DES BERMUDES/L2B/MC YOSHI/Mauvais djo/Kokosvoice', '404', NULL, 180, 'TRIANGLE DES BERMUDES, L2B, MC YOSHI - À l\'aise (SPOTISAVER).mp3', 'a-l-aise-triangle-des-bermudes-l2b-mc-yoshi-mauvais-djo-kokosvoice-1782769549-3671.mp3', 'srv/musique/a-l-aise-triangle-des-bermudes-l2b-mc-yoshi-mauvais-djo-kokosvoice-1782769549-3671.mp3', 'srv/covers/cover-1-1782769549-2deff5f1.jpg', 'audio/mpeg', 7605976, '35036273a8aa48f9d20673559aa2f575ec870b3076387e8e7cd5f47d28ba48ae', '2026-06-29 23:45:49', '2026-06-29 23:45:49', 0.000, NULL, 0.000, 0.000, 0.000, NULL, 1.000, 0.000),
(199, 1, NULL, 'user', 10, 'music', 'melodrama', 'disiz/Theodora', 'on s\'en rappellera pas', NULL, 176, 'disiz, Theodora - melodrama (SPOTISAVER).mp3', 'melodrama-disiz-theodora-1782769549-1065.mp3', 'srv/musique/melodrama-disiz-theodora-1782769549-1065.mp3', 'srv/covers/cover-1-1782769549-1919faea.jpg', 'audio/mpeg', 7381117, 'b0e4d12227db981ccfc4728d9095053c26211c570294d382e1e2a34a895d1b0d', '2026-06-29 23:45:50', '2026-07-02 14:51:25', 0.000, 174.500, 0.000, 0.000, 148.150, 174.500, 1.000, 0.000),
(200, 1, NULL, 'user', 10, 'music', 'Pilé', 'Mauvais djo', 'L\'undertaker Part.1', NULL, 156, 'Mauvais djo - Pilé (SPOTISAVER).mp3', 'pil-e-mauvais-djo-1782769550-1434.mp3', 'srv/musique/pil-e-mauvais-djo-1782769550-1434.mp3', 'srv/covers/cover-1-1782769550-d3ba59b6.jpg', 'audio/mpeg', 6787245, 'f2f113facc769d393c94eacb86f0876702b76aa68851293e1a9699943520bc69', '2026-06-29 23:45:50', '2026-07-02 14:49:40', 0.000, 152.440, 0.000, 0.000, 13.000, 44.640, 1.000, 0.000),
(201, 1, NULL, 'user', 10, 'music', 'Billie Jean', 'Michael Jackson', 'Thriller', NULL, 294, 'Michael Jackson - Billie Jean (SPOTISAVER).mp3', 'billie-jean-michael-jackson-1782769550-7915.mp3', 'srv/musique/billie-jean-michael-jackson-1782769550-7915.mp3', 'srv/covers/cover-1-1782769550-113af66e.jpg', 'audio/mpeg', 12080449, '48e85459d2cebccbab1c375e995391f559b5b4412eae7994e4191f29ac019fb6', '2026-06-29 23:45:50', '2026-06-29 23:45:50', 0.000, NULL, 0.000, 0.000, 0.000, NULL, 1.000, 0.000),
(202, 1, NULL, 'user', 10, 'music', 'Coco Chanel', 'Meryl/Eva', 'La Dame', NULL, 131, 'Meryl, Eva - Coco Chanel (SPOTISAVER).mp3', 'coco-chanel-meryl-eva-1782769550-8119.mp3', 'srv/musique/coco-chanel-meryl-eva-1782769550-8119.mp3', 'srv/covers/cover-1-1782769550-3c1d771f.jpg', 'audio/mpeg', 5568174, 'be6b95995f58b6b1953ed422ce9d4b6982f4194e736ac1864a47546bba12e063', '2026-06-29 23:45:50', '2026-07-02 14:47:11', 9.530, 130.820, 0.000, 0.000, 17.380, 38.890, 1.000, 0.000),
(203, 1, NULL, 'user', 10, 'music', 'Sex Model', 'PLK/Theodora', 'Grand Garçon', NULL, 167, 'PLK, Theodora - Sex Model (SPOTISAVER).mp3', 'sex-model-plk-theodora-1782769550-5662.mp3', 'srv/musique/sex-model-plk-theodora-1782769550-5662.mp3', 'srv/covers/cover-1-1782769550-8283d168.jpg', 'audio/mpeg', 7114416, '374c9c8a5e24c2464c400260270d80ddeab0cd88c3a9a20f81595ec80a41ef2e', '2026-06-29 23:45:50', '2026-06-29 23:45:50', 0.000, NULL, 0.000, 0.000, 0.000, NULL, 1.000, 0.000),
(204, 1, NULL, 'user', 10, 'music', 'Paris', 'Nono La Grinta', 'RESTART', NULL, 172, 'Nono La Grinta - Paris (SPOTISAVER).mp3', 'paris-nono-la-grinta-1782769550-6067.mp3', 'srv/musique/paris-nono-la-grinta-1782769550-6067.mp3', 'srv/covers/cover-1-1782769550-ea82eb82.jpg', 'audio/mpeg', 7077177, 'a415509f7a8e1690fd8c82a96ebc854f73abeaaf4e8269b8b1b338f08d9cc6e9', '2026-06-29 23:45:50', '2026-06-29 23:45:50', 0.000, NULL, 0.000, 0.000, 0.000, NULL, 1.000, 0.000),
(205, 1, NULL, 'user', 10, 'music', 'PARLU', 'La Rvfleuze', 'Numéro d\'écrou', NULL, 141, 'La Rvfleuze - PARLU (SPOTISAVER).mp3', 'parlu-la-rvfleuze-1782769550-5549.mp3', 'srv/musique/parlu-la-rvfleuze-1782769550-5549.mp3', 'srv/covers/cover-1-1782769550-6abb2b60.jpg', 'audio/mpeg', 5909520, 'ebde6726fc5ec87584246e13f89f2f6fe45cd2d3a35eb1a03d957736cb5326b7', '2026-06-29 23:45:50', '2026-06-29 23:45:50', 0.000, NULL, 0.000, 0.000, 0.000, NULL, 1.000, 0.000),
(206, 1, NULL, 'user', 10, 'music', 'Tu dors ?', 'PLK', 'Grand Garçon', NULL, 129, 'PLK - Tu dors (SPOTISAVER).mp3', 'tu-dors-plk-1782769550-3239.mp3', 'srv/musique/tu-dors-plk-1782769550-3239.mp3', 'srv/covers/cover-1-1782769550-8c954087.jpg', 'audio/mpeg', 5591506, '20d40e2c74b111ee08951faa7d0aaaa970d873d370358d6850b06d7115ce1ae0', '2026-06-29 23:45:50', '2026-06-29 23:45:50', 0.000, NULL, 0.000, 0.000, 0.000, NULL, 1.000, 0.000),
(207, 1, NULL, 'user', 10, 'music', 'WHERE IS MY HUSBAND!', 'RAYE', 'THIS MUSIC MAY CONTAIN HOPE.', NULL, 197, 'RAYE - WHERE IS MY HUSBAND! (SPOTISAVER).mp3', 'where-is-my-husband-raye-1782769550-6576.mp3', 'srv/musique/where-is-my-husband-raye-1782769550-6576.mp3', 'srv/covers/cover-1-1782769550-c46959eb.jpg', 'audio/mpeg', 8155675, '0143bbb02042d9f1ec448425d67db8781998377815b68f91224c2168c7399067', '2026-06-29 23:45:50', '2026-06-29 23:45:50', 0.000, NULL, 0.000, 0.000, 0.000, NULL, 1.000, 0.000),
(208, 1, NULL, 'user', 10, 'music', 'C\'est la cité', 'Jul/Naps', 'Demain ça ira', NULL, 224, 'Jul, Naps - C\'est la cité (SPOTISAVER).mp3', 'c-est-la-cit-e-jul-naps-1782769550-9910.mp3', 'srv/musique/c-est-la-cit-e-jul-naps-1782769550-9910.mp3', 'srv/covers/cover-1-1782769550-6725e149.jpg', 'audio/mpeg', 9233926, '7fbe4fcc0aea29b141d0a19695df8ba44318a099f5758fa7bdd55af31e065439', '2026-06-29 23:45:50', '2026-06-29 23:45:50', 0.000, NULL, 0.000, 0.000, 0.000, NULL, 1.000, 0.000),
(209, 1, NULL, 'user', 10, 'music', 'Chemin d\'or', 'Werenoi', 'Carré', NULL, 212, 'Werenoi - Chemin d\'or (SPOTISAVER).mp3', 'chemin-d-or-werenoi-1782769550-6205.mp3', 'srv/musique/chemin-d-or-werenoi-1782769550-6205.mp3', 'srv/covers/cover-1-1782769550-e1b637b6.jpg', 'audio/mpeg', 8826776, '664dd94f353ae0d75b7e1d4426faf30c769c61bb71fd8a96374e91bfba835bc0', '2026-06-29 23:45:50', '2026-06-29 23:45:50', 0.000, NULL, 0.000, 0.000, 0.000, NULL, 1.000, 0.000),
(210, 1, NULL, 'user', 10, 'music', 'Pétunias', 'Werenoi', 'Pyramide', NULL, 211, 'Werenoi - Pétunias (SPOTISAVER).mp3', 'p-etunias-werenoi-1782769550-6712.mp3', 'srv/musique/p-etunias-werenoi-1782769550-6712.mp3', 'srv/covers/cover-1-1782769550-4fd2b891.jpg', 'audio/mpeg', 8634614, 'f7ad60b2b8270584a080ba35471934c1099f56da54b2a08a83c35c2813d3a149', '2026-06-29 23:45:51', '2026-06-29 23:45:51', 0.000, NULL, 0.000, 0.000, 0.000, NULL, 1.000, 0.000),
(211, 1, NULL, 'user', 10, 'music', 'Sexy Nana', 'Aya Nakamura/La Rvfleuze', 'Destinée Supremacy', NULL, 156, 'Aya Nakamura, La Rvfleuze - Sexy Nana (SPOTISAVER).mp3', 'sexy-nana-aya-nakamura-la-rvfleuze-1782769551-6578.mp3', 'srv/musique/sexy-nana-aya-nakamura-la-rvfleuze-1782769551-6578.mp3', 'srv/covers/cover-1-1782769551-58cb4b92.jpg', 'audio/mpeg', 6471767, '20c2665976b17cc17225c0290e724bcdea9d24e0a4332ad1f21192703dbb6224', '2026-06-29 23:45:51', '2026-07-02 13:56:17', 1.160, 153.230, 0.000, 5.000, 0.000, NULL, 1.000, 0.000),
(212, 1, NULL, 'user', 10, 'music', 'SOUS CONTRÔLE', 'Rven/GIMS/EREBOR MUSIC', 'SOUS CONTRÔLE', NULL, 177, 'Rven, GIMS, EREBOR MUSIC - SOUS CONTRÔLE (SPOTISAVER).mp3', 'sous-contr-ole-rven-gims-erebor-music-1782839955-7527.mp3', 'srv/musique/sous-contr-ole-rven-gims-erebor-music-1782839955-7527.mp3', 'srv/covers/cover-1-1782839955-f851d45f.jpg', 'audio/mpeg', 7435517, 'ad81182b5169a831611d92d775b7a710bd004bda8b76f3a5e8ad5f27e5c4121e', '2026-06-30 19:19:15', '2026-07-02 15:07:19', 0.290, 174.280, 0.000, 10.000, 48.940, 74.650, 1.000, 11.520),
(213, 1, NULL, 'user', 194, 'music', 'Hit List 01', 'NRJ', NULL, NULL, 8, 'Jingle - Hit List NRJ - 19h __ 00h-176607409.mp3', 'jingle-hit-list-nrj-1782997653-8687.mp3', 'srv/musique/jingle-hit-list-nrj-1782997653-8687.mp3', NULL, 'audio/mpeg', 134581, '4a6f502b27e578ba00b630c79b433573ff8937ddd1d28b03fb43799168393c7b', '2026-07-02 15:07:33', '2026-07-02 15:08:32', 0.020, 7.690, 0.000, 0.000, 0.020, 7.690, 1.000, 0.000),
(214, 1, NULL, 'user', 194, 'music', 'Hit List PUB', 'NRJ', NULL, NULL, 23, 'NRJ - Les Plus Gros Hits Ont Leur Classement Tout Les Soir Dans La Hit List-1319238658.mp3', 'nrj-les-plus-gros-hits-ont-leur-classement-tout-les-soir-dans-la-hit-list-1782997720-4166.mp3', 'srv/musique/nrj-les-plus-gros-hits-ont-leur-classement-tout-les-soir-dans-la-hit-list-1782997720-4166.mp3', NULL, 'audio/mpeg', 365295, '919dbce57f84a7ab9c337bc052f183419ed92253d2e91eb6b25e39941dfede8e', '2026-07-02 15:08:40', '2026-07-02 15:09:26', 0.000, 22.720, 0.000, 0.000, 0.000, 22.720, 1.000, 0.000),
(215, 1, NULL, 'user', 194, 'music', 'Hit List Sweeper', 'NRJ', NULL, NULL, 6, 'Voice Over hit list nrj 2-1730271802.mp3', 'voice-over-hit-list-nrj-2-1730271802-1782997797-6969.mp3', 'srv/musique/voice-over-hit-list-nrj-2-1730271802-1782997797-6969.mp3', NULL, 'audio/mpeg', 91950, 'cc3889f24da235085f26dd48b144bcd2a6f847fe66acf867d3d06e05e8fd952e', '2026-07-02 15:09:57', '2026-07-02 15:10:12', 0.040, 5.670, 0.000, 0.000, 0.040, 5.670, 1.000, 0.000),
(216, 1, NULL, 'user', 194, 'music', 'Hit List Sweeper 2', 'NRJ', NULL, NULL, 3, 'Voice Over Hit List Nrj 1-271516263.mp3', 'voice-over-hit-list-nrj-1-271516263-1782997797-1096.mp3', 'srv/musique/voice-over-hit-list-nrj-1-271516263-1782997797-1096.mp3', NULL, 'audio/mpeg', 55169, 'd5cb636e104427ffc8735379ee4876840bca91ddbdb6119402ae5c294e5b07d5', '2026-07-02 15:09:57', '2026-07-02 15:10:31', 0.000, 3.271, 0.000, 0.000, 0.000, 3.271, 1.000, 0.000),
(217, 1, NULL, 'user', 194, 'music', 'Hit List BED', 'NRJ', NULL, NULL, 26, 'BED Hit List Nrj [Brut]-1304866172.mp3', 'bed-hit-list-nrj-brut-1304866172-1782997797-6693.mp3', 'srv/musique/bed-hit-list-nrj-brut-1304866172-1782997797-6693.mp3', NULL, 'audio/mpeg', 411270, 'fabf03dc2f2b1652a5c193239a88e6cfeeec3324c2cca3cd8c01a8504fd354b7', '2026-07-02 15:09:57', '2026-07-02 15:10:42', 0.000, 25.648, 0.000, 0.000, 0.000, 25.648, 1.000, 0.000),
(218, 1, NULL, 'user', 194, 'music', 'Hit List 02', 'NRJ', NULL, NULL, 7, 'Jingle Hit List 14-1416124289.mp3', 'jingle-hit-list-14-1416124289-1782997797-6238.mp3', 'srv/musique/jingle-hit-list-14-1416124289-1782997797-6238.mp3', NULL, 'audio/mpeg', 107832, 'df77086b4ce94fb8c19b92b598a08f9f503cf2a1d54d2d1debebc7cb70a412f1', '2026-07-02 15:09:57', '2026-07-02 15:10:59', 0.020, 6.657, 0.000, 0.000, 0.020, 6.657, 1.000, 0.000),
(219, 1, NULL, 'user', 194, 'music', 'Hit List 03', 'NRJ', NULL, NULL, 9, 'Jingle hit list nrj 1-1017628580.mp3', 'jingle-hit-list-nrj-1-1017628580-1782997797-2067.mp3', 'srv/musique/jingle-hit-list-nrj-1-1017628580-1782997797-2067.mp3', NULL, 'audio/mpeg', 141687, '7b22c725ec31f38372875809cb5861d83fe2ae3d063af014818c7cb4051ba2dd', '2026-07-02 15:09:57', '2026-07-02 18:38:06', 0.000, 8.797, 0.000, 0.000, 0.000, 8.797, 1.000, 0.000),
(223, 1, NULL, 'user', 10, 'music', 'GIRLFRIEND', 'Tayc', 'JOŸA', NULL, 259, 'Tayc - GIRLFRIEND (SPOTISAVER).mp3', 'girlfriend-tayc-1783010712-7571.mp3', 'srv/musique/girlfriend-tayc-1783010712-7571.mp3', 'srv/covers/cover-1-1783010712-a3d67a6a.jpg', 'audio/mpeg', 10774719, '809ca8251c00040eedd5d926e9aea1552584ff8aeb08af231c071e697cb771d3', '2026-07-02 18:45:12', '2026-07-02 18:48:43', 9.800, 255.900, 0.000, 0.000, 73.400, 114.000, 1.000, 23.200),
(224, 1, NULL, 'user', 10, 'music', 'Un jour peut-être', 'Mac Tyer', 'Je suis une légende', NULL, 245, 'Mac Tyer - Un jour peut-être (SPOTISAVER).mp3', 'un-jour-peut-etre-mac-tyer-1783012578-6613.mp3', 'srv/musique/un-jour-peut-etre-mac-tyer-1783012578-6613.mp3', 'srv/covers/cover-1-1783012578-ac9cd542.jpg', 'audio/mpeg', 10239602, '589d079c752331fd3936be36d5f2b73753043edc1928650a06afc21814f6ec4b', '2026-07-02 19:16:18', '2026-07-02 19:16:18', 0.490, 240.096, 0.000, 0.000, 0.490, 240.096, 1.000, 0.000),
(225, 1, NULL, 'user', 10, 'music', 'Juste un instant', 'M. Pokora', 'A la poursuite du bonheur (Edition Spéciale)', NULL, 204, 'M. Pokora - Juste un instant (SPOTISAVER).mp3', 'juste-un-instant-m-pokora-1783012710-2733.mp3', 'srv/musique/juste-un-instant-m-pokora-1783012710-2733.mp3', 'srv/covers/cover-1-1783012710-06730736.jpg', 'audio/mpeg', 8377612, '996d661704ac521d76a92f6945c30a0f555aa6664904ba921c060cc6de8b0a0d', '2026-07-02 19:18:30', '2026-07-02 19:18:30', 0.540, 202.276, 0.000, 0.000, 0.540, 202.276, 1.000, 0.000),
(226, 1, NULL, 'user', 10, 'music', 'J\'aimerais tellement', 'Jena Lee', 'Nouvel an - Années 2000', NULL, 233, 'Jena Lee - J\'aimerais tellement (SPOTISAVER).mp3', 'j-aimerais-tellement-jena-lee-1783013331-8681.mp3', 'srv/musique/j-aimerais-tellement-jena-lee-1783013331-8681.mp3', 'srv/covers/cover-1-1783013331-d8090b88.jpg', 'audio/mpeg', 9864495, 'adca84a932031edbe4144ac8b1cfb1228d3af2145e6285c51fe447662bf1d238', '2026-07-02 19:28:51', '2026-07-02 19:28:51', 0.410, 230.734, 0.000, 0.000, 0.410, 230.734, 1.000, 0.000),
(227, 1, NULL, 'user', 10, 'music', 'Señorita', 'Amine', 'Señorita', NULL, 171, 'Amine - Señorita (SPOTISAVER).mp3', 'se-norita-amine-1783013382-6359.mp3', 'srv/musique/se-norita-amine-1783013382-6359.mp3', 'srv/covers/cover-1-1783013382-d7623599.jpg', 'audio/mpeg', 7265443, '305541d06d231c73865d195e00a4b61126ba5dec2c610c8d56fdfe195c8b353d', '2026-07-02 19:29:42', '2026-07-02 19:29:42', 0.500, 168.800, 0.000, 0.000, 0.500, 168.800, 1.000, 16.500),
(230, 1, NULL, 'user', 194, 'music', 'Hit List 04', 'NRJ', NULL, NULL, 7, 'Hit List NRJ Avec Dylan.mp3', 'hit-list-nrj-avec-dylan-artiste-musique-1783026439-1962.mp3', 'srv/musique/hit-list-nrj-avec-dylan-artiste-musique-1783026439-1962.mp3', NULL, 'audio/mpeg', 273856, '2d72656092916ffa86d79fea939c781867290a9a1c800221dfe41a241e3559af', '2026-07-02 23:07:19', '2026-07-02 23:07:44', 0.040, 6.684, 0.000, 0.000, 0.040, 6.684, 1.000, 0.000),
(231, 1, NULL, 'user', 195, 'music', 'Sweeper PlayList de Zephyr 01', 'RockFordFM', NULL, NULL, 6, 'Liner_02_PlayList_Zephyr_RockFordFM.mp3', 'liner-02-1783076850-2365.mp3', 'srv/musique/liner-02-1783076850-2365.mp3', NULL, 'audio/mpeg', 263296, '7e1c5561d18788df628d9daf45be2dd4bf63576999db3b80f4a45dc507efdc81', '2026-07-03 13:07:30', '2026-07-03 13:08:22', 0.020, 6.450, 0.000, 0.000, 0.020, 6.450, 1.000, 0.000),
(232, 1, NULL, 'user', 195, 'music', 'Sweeper PlayList de Zephyr 02', 'RockFordFM', NULL, NULL, 7, 'Liner_01_PlayList_Zephyr_RockFordFM.mp3', 'liner-01-1783076850-5659.mp3', 'srv/musique/liner-01-1783076850-5659.mp3', NULL, 'audio/mpeg', 276736, 'bd266f6179b43bbac57d989e520fed3c9ee9380d07a428ec9ffc6c655c5b488e', '2026-07-03 13:07:30', '2026-07-03 13:08:26', 0.030, 6.776, 0.000, 0.000, 0.030, 6.776, 1.000, 0.000),
(233, 1, NULL, 'user', 195, 'music', 'Sweeper', 'RockFordFM', NULL, NULL, 7, 'Liner_01_RockFordFM.mp3', 'liner-01-1783076850-4186.mp3', 'srv/musique/liner-01-1783076850-4186.mp3', NULL, 'audio/mpeg', 266176, 'cd3163298381a1f9f4f507cc897488d79dc31548e9672af2db23c9a5e8dcc15d', '2026-07-03 13:07:30', '2026-07-03 13:07:51', 0.030, 6.512, 0.000, 0.000, 0.030, 6.512, 1.000, 0.000);
INSERT INTO `media_files` (`id`, `user_id`, `radio_id`, `scope`, `category_id`, `content_type`, `title`, `artist`, `album`, `genre`, `duration_seconds`, `original_filename`, `stored_filename`, `relative_path`, `cover_path`, `mime_type`, `size_bytes`, `checksum`, `created_at`, `updated_at`, `trim_start_seconds`, `trim_end_seconds`, `fade_in_seconds`, `fade_out_seconds`, `excerpt_start_seconds`, `excerpt_end_seconds`, `playback_speed`, `intro_seconds`) VALUES
(234, 1, NULL, 'user', 10, 'music', 'Sur la piste', 'Eva', 'SUMMERGIRL', NULL, 173, 'Eva - Sur la piste (SPOTISAVER).mp3', 'sur-la-piste-eva-1783364536-7058.mp3', 'srv/musique/sur-la-piste-eva-1783364536-7058.mp3', 'srv/covers/cover-1-1783364536-0c912713.jpg', 'audio/mpeg', 7267542, '59d5682cfe3704aea83e9491343ce423c85c4d7d7b19b71aa1e2ebe941c4684a', '2026-07-06 21:02:16', '2026-07-06 21:02:16', 0.000, 171.700, 0.000, 0.000, 52.900, 130.700, 1.000, 2.700),
(235, 1, NULL, 'user', 10, 'music', 'Firework', 'Katy Perry', 'Teenage Dream', NULL, 228, 'Katy Perry - Firework (SPOTISAVER).mp3', 'firework-katy-perry-1783419375-7492.mp3', 'srv/musique/firework-katy-perry-1783419375-7492.mp3', 'srv/covers/cover-1-1783419375-3d7951e1.jpg', 'audio/mpeg', 9297857, '5a61bd628c15c81919554794594aad1a8178241666bde1b9bc803c29dc760d50', '2026-07-07 12:16:15', '2026-07-07 12:16:33', 0.500, 226.450, 0.000, 0.000, 6.650, 226.450, 1.000, 4.840),
(236, 1, NULL, 'user', 10, 'music', 'California Gurls', 'Katy Perry/Snoop Dogg', 'Teenage Dream', NULL, 235, 'Katy Perry, Snoop Dogg - California Gurls (SPOTISAVER).mp3', 'california-gurls-katy-perry-snoop-dogg-1783419630-5716.mp3', 'srv/musique/california-gurls-katy-perry-snoop-dogg-1783419630-5716.mp3', 'srv/covers/cover-1-1783419630-736841be.jpg', 'audio/mpeg', 9567749, 'ebe2794f8a231225f1d19fee12ef27a866eb471c85e3fbb4454221214e608353', '2026-07-07 12:20:30', '2026-07-07 12:20:30', 0.120, 232.184, 0.000, 0.000, 0.120, 232.184, 1.000, 0.000),
(237, 1, NULL, 'user', 10, 'music', 'Last Friday Night (T.G.I.F.)', 'Katy Perry', 'Teenage Dream', NULL, 231, 'Katy Perry - Last Friday Night (T.G.I.F.) (SPOTISAVER).mp3', 'last-friday-night-t-g-i-f-katy-perry-1783419630-6206.mp3', 'srv/musique/last-friday-night-t-g-i-f-katy-perry-1783419630-6206.mp3', 'srv/covers/cover-1-1783419630-7e625dfa.jpg', 'audio/mpeg', 9415043, '492680730fad8ffa7cb82685cb2f59ebd6be8708887d20520c48b2f7e4ae49e2', '2026-07-07 12:20:30', '2026-07-07 12:20:30', 0.160, 230.036, 0.000, 0.000, 0.160, 230.036, 1.000, 0.000),
(238, 1, NULL, 'user', 10, 'music', 'I Kissed A Girl', 'Katy Perry', 'One Of The Boys', NULL, 180, 'Katy Perry - I Kissed A Girl (SPOTISAVER).mp3', 'i-kissed-a-girl-katy-perry-1783420056-4168.mp3', 'srv/musique/i-kissed-a-girl-katy-perry-1783420056-4168.mp3', 'srv/covers/cover-1-1783420056-fa92be33.jpg', 'audio/mpeg', 7745271, '797f2c511855201f5e984f5426d73b6d9556047df3c711b4580540aacadc27e6', '2026-07-07 12:27:36', '2026-07-07 12:27:36', 0.100, 178.340, 0.000, 0.000, 0.100, 178.340, 1.000, 0.000),
(239, 1, NULL, 'user', 10, 'music', 'Birthday', 'Katy Perry', 'PRISM (Deluxe)', NULL, 215, 'Katy Perry - Birthday (SPOTISAVER).mp3', 'birthday-katy-perry-1783420341-3659.mp3', 'srv/musique/birthday-katy-perry-1783420341-3659.mp3', 'srv/covers/cover-1-1783420341-7d9e6bc3.jpg', 'audio/mpeg', 8894194, '956be9f128f6ba63b2aa80e537e5723479bceb1b6429cc628ee022d66fc0b35b', '2026-07-07 12:32:21', '2026-07-07 12:32:21', 0.240, 212.180, 0.000, 0.000, 0.240, 212.180, 1.000, 0.000),
(240, 1, NULL, 'user', 10, 'music', 'SENTIMENTAL', 'Damso', 'QALF infinity', NULL, 207, 'Damso - SENTIMENTAL (SPOTISAVER).mp3', 'sentimental-damso-1783420897-4724.mp3', 'srv/musique/sentimental-damso-1783420897-4724.mp3', 'srv/covers/cover-1-1783420897-6fd93aec.jpg', 'audio/mpeg', 8460378, '6b37722223fcb9eabff684483c567a17e4c0db25cb27495317e60c580bc8f1db', '2026-07-07 12:41:37', '2026-07-07 12:41:37', 0.050, 202.880, 0.000, 0.000, 0.050, 202.880, 1.000, 0.000),
(241, 1, NULL, 'user', 10, 'music', 'Ε. Signaler', 'Damso', 'Ipséité', NULL, 202, 'Damso - Ε. Signaler (SPOTISAVER).mp3', 'signaler-damso-1783420898-7744.mp3', 'srv/musique/signaler-damso-1783420898-7744.mp3', 'srv/covers/cover-1-1783420898-a16d28d8.jpg', 'audio/mpeg', 8220692, 'e6fff68e6719ae8e730efd281a95cbcced707e1328bfc8a86bfaecf27afbd0f6', '2026-07-07 12:41:38', '2026-07-07 12:41:38', 0.010, 197.303, 0.000, 0.000, 0.010, 197.303, 1.000, 0.000),
(242, 1, NULL, 'user', 10, 'music', 'Λ. Lové', 'Damso', 'Ipséité', NULL, 210, 'Damso - Λ. Lové (SPOTISAVER).mp3', 'lov-e-damso-1783420898-9468.mp3', 'srv/musique/lov-e-damso-1783420898-9468.mp3', 'srv/covers/cover-1-1783420898-80e99342.jpg', 'audio/mpeg', 8528193, 'a242f408a3a1a4eff321e92577251531a27fc1bb3f1c0dcd2d06892cc5123775', '2026-07-07 12:41:38', '2026-07-07 12:41:38', 0.010, 203.910, 0.000, 0.000, 0.010, 203.910, 1.000, 0.000),
(243, 1, NULL, 'user', 10, 'music', 'B. #QuedusaalVie', 'Damso', 'Ipséité', NULL, 245, 'Damso - B. #QuedusaalVie (SPOTISAVER).mp3', 'b-quedusaalvie-damso-1783420898-3280.mp3', 'srv/musique/b-quedusaalvie-damso-1783420898-3280.mp3', 'srv/covers/cover-1-1783420898-aaa29e2a.jpg', 'audio/mpeg', 9928729, '55f8a56ac5cf20fe8dd5ede983668f8544eb5d168689bca48ca9125b6ac92a5f', '2026-07-07 12:41:38', '2026-07-07 12:41:38', 0.030, 241.161, 0.000, 0.000, 0.030, 241.161, 1.000, 0.000),
(244, 1, NULL, 'user', 10, 'music', 'Danza Kuduro', 'Don Omar/Lucenzo', 'Meet The Orphans', NULL, 199, 'Don Omar, Lucenzo - Danza Kuduro (SPOTISAVER).mp3', 'danza-kuduro-don-omar-lucenzo-1783507448-8457.mp3', 'srv/musique/danza-kuduro-don-omar-lucenzo-1783507448-8457.mp3', 'srv/covers/cover-1-1783507448-c4bf19b7.jpg', 'audio/mpeg', 8341715, '9d54cd3a1b380d5f18ca38864e01387f37b2e15de218b88b0aa8e7b25b1807d5', '2026-07-08 12:44:08', '2026-07-08 12:44:08', 0.110, 196.728, 0.000, 0.000, 0.110, 196.728, 1.000, 0.000),
(245, 1, NULL, 'user', 10, 'music', 'J\'aimerais trop (feat. SAP)', 'Keen\' V/A. Sap', 'Best-Of 15ème Anniversaire', NULL, 227, 'Keen\' V, A. Sap - J\'aimerais trop (feat. SAP) (SPOTISAVER).mp3', 'j-aimerais-trop-feat-sap-keen-v-a-sap-1783507448-8150.mp3', 'srv/musique/j-aimerais-trop-feat-sap-keen-v-a-sap-1783507448-8150.mp3', 'srv/covers/cover-1-1783507448-978c958c.jpg', 'audio/mpeg', 9484148, '02aa3a23872ac19f8210c066e4452b3d9fc97fa4e50f59d6913b7a1142c1234b', '2026-07-08 12:44:08', '2026-07-08 12:44:08', 0.380, 223.177, 0.000, 0.000, 0.380, 223.177, 1.000, 0.000),
(246, 1, NULL, 'user', 10, 'music', 'Chérie Coco - feat. Soprano', 'Magic System/Soprano', 'Touté kalé', NULL, 218, 'Magic System, Soprano - Chérie Coco - feat. Soprano (SPOTISAVER).mp3', 'ch-erie-coco-feat-soprano-magic-system-soprano-1783507448-2777.mp3', 'srv/musique/ch-erie-coco-feat-soprano-magic-system-soprano-1783507448-2777.mp3', 'srv/covers/cover-1-1783507448-10305ef0.jpg', 'audio/mpeg', 9192121, '502b3f5a0429c3586e2f1d73bff196ee432565f286f2084ece6fa5aeeff37f31', '2026-07-08 12:44:08', '2026-07-08 12:44:08', 0.410, 215.073, 0.000, 0.000, 0.410, 215.073, 1.000, 0.000),
(247, 1, NULL, 'user', 10, 'music', 'Party Rock Anthem', 'LMFAO/Lauren Bennett/GoonRock', 'Sorry For Party Rocking', NULL, 262, 'LMFAO, Lauren Bennett, GoonRock - Party Rock Anthem (SPOTISAVER).mp3', 'party-rock-anthem-lmfao-lauren-bennett-goonrock-1783507449-9696.mp3', 'srv/musique/party-rock-anthem-lmfao-lauren-bennett-goonrock-1783507449-9696.mp3', 'srv/covers/cover-1-1783507449-8ba950a3.jpg', 'audio/mpeg', 10913523, '06eddbb050e21d0aca3ae67e92c3a0765e2ff412725663e53a0e7dc9483fc62f', '2026-07-08 12:44:09', '2026-07-08 12:44:09', 0.000, 261.307, 0.000, 0.000, 0.000, 261.307, 1.000, 0.000),
(248, 1, NULL, 'user', 10, 'music', 'Welcome to St. Tropez - DJ Antoine vs. Mad Mark Radio Edit', 'DJ Antoine/Timati/Kalenna', 'WOW', NULL, 195, 'DJ Antoine, Timati, Kalenna - Welcome to St. Tropez - DJ Antoine vs. Mad Mark Radio Edit (SPOTISAVER).mp3', 'welcome-to-st-tropez-dj-antoine-vs-mad-mark-radio-edit-dj-antoine-timati-kalenna-1783507449-8430.mp3', 'srv/musique/welcome-to-st-tropez-dj-antoine-vs-mad-mark-radio-edit-dj-antoine-timati-kalenna-1783507449-8430.mp3', 'srv/covers/cover-1-1783507449-d58e31df.jpg', 'audio/mpeg', 8293088, 'd62f3e1cd9a4bb0ade2b52c2713faa988f7059f66e054430d787395902aca4c2', '2026-07-08 12:44:09', '2026-07-08 12:44:09', 0.300, 193.983, 0.000, 0.000, 0.300, 193.983, 1.000, 0.000),
(249, 1, NULL, 'user', 10, 'music', 'Zombie', 'The Cranberries', 'Gold', NULL, 307, 'The Cranberries - Zombie (SPOTISAVER).mp3', 'zombie-the-cranberries-1783507449-7372.mp3', 'srv/musique/zombie-the-cranberries-1783507449-7372.mp3', 'srv/covers/cover-1-1783507449-6ba18767.jpg', 'audio/mpeg', 12578624, '58da52510964bd1c3ac52750938490b246fe931ab6e9bac4d97c9ff96f4c4074', '2026-07-08 12:44:09', '2026-07-08 12:44:09', 0.160, 305.067, 0.000, 0.000, 0.160, 305.067, 1.000, 0.000),
(250, 1, NULL, 'user', 10, 'music', 'Right Now (Na Na Na)', 'Akon', 'Freedom', NULL, 241, 'Akon - Right Now (Na Na Na) (SPOTISAVER).mp3', 'right-now-na-na-na-akon-1783507450-6303.mp3', 'srv/musique/right-now-na-na-na-akon-1783507450-6303.mp3', 'srv/covers/cover-1-1783507450-6b1d9509.jpg', 'audio/mpeg', 9973000, '9fc0304fa757e0b8662de2a393cc55c6454bd23e8a8a86eb79d7e6424c6b68a5', '2026-07-08 12:44:10', '2026-07-08 12:44:10', 0.250, 240.794, 0.000, 0.000, 0.250, 240.794, 1.000, 0.000),
(251, 1, NULL, 'user', 10, 'music', 'Lonely', 'Akon', 'Trouble Deluxe Edition', NULL, 235, 'Akon - Lonely (SPOTISAVER).mp3', 'lonely-akon-1783507450-6966.mp3', 'srv/musique/lonely-akon-1783507450-6966.mp3', 'srv/covers/cover-1-1783507450-4f18e2b3.jpg', 'audio/mpeg', 9656778, '6eaa62cdfad45ce270559f157522bad54ff0e6b30dc805f0d8a7b9991371a439', '2026-07-08 12:44:10', '2026-07-08 12:44:10', 0.360, 234.561, 0.000, 0.000, 0.360, 234.561, 1.000, 0.000),
(252, 1, NULL, 'user', 10, 'music', 'Infinity 2008 - Klaas Vocal Edit', 'Guru Josh Project/Klaas', 'Infinity 2008', NULL, 192, 'Guru Josh Project, Klaas - Infinity 2008 - Klaas Vocal Edit (SPOTISAVER).mp3', 'infinity-2008-klaas-vocal-edit-guru-josh-project-klaas-1783507450-8586.mp3', 'srv/musique/infinity-2008-klaas-vocal-edit-guru-josh-project-klaas-1783507450-8586.mp3', 'srv/covers/cover-1-1783507450-d8b3f29f.jpg', 'audio/mpeg', 8322224, '77372919beb008bb231f074315c0f21be29117eba9a2fd5bd38194b00c3c689a', '2026-07-08 12:44:10', '2026-07-08 12:44:10', 0.280, 189.552, 0.000, 0.000, 0.280, 189.552, 1.000, 0.000),
(253, 1, NULL, 'user', 10, 'music', 'Break the Rules', 'Charli xcx', 'SUCKER', NULL, 204, 'Charli xcx - Break the Rules (SPOTISAVER).mp3', 'break-the-rules-charli-xcx-1783507450-2907.mp3', 'srv/musique/break-the-rules-charli-xcx-1783507450-2907.mp3', 'srv/covers/cover-1-1783507450-bff38c71.jpg', 'audio/mpeg', 8723209, '4408c79202a777fa8d50dea01a062dfca78fc9f8bbd9359524dec70c696e10e1', '2026-07-08 12:44:10', '2026-07-08 12:44:10', 0.070, 200.654, 0.000, 0.000, 0.070, 200.654, 1.000, 0.000),
(254, 1, NULL, 'user', 10, 'music', 'Don\'t Stop The Music', 'Rihanna', 'Good Girl Gone Bad: Reloaded', NULL, 267, 'Rihanna - Don\'t Stop The Music (SPOTISAVER).mp3', 'don-t-stop-the-music-rihanna-1783507451-8774.mp3', 'srv/musique/don-t-stop-the-music-rihanna-1783507451-8774.mp3', 'srv/covers/cover-1-1783507451-b723d599.jpg', 'audio/mpeg', 10887514, '8c35ca1d9c3ae157c7fdbbf6ec7e1bc0fb77c07b1ca0b477c0bfefeff6871251', '2026-07-08 12:44:11', '2026-07-08 12:44:11', 0.000, 265.760, 0.000, 0.000, 0.000, 265.760, 1.000, 0.000),
(255, 1, NULL, 'user', 10, 'music', 'The Reason', 'Hoobastank', 'The Reason (20th Anniversary)', NULL, 233, 'Hoobastank - The Reason (SPOTISAVER).mp3', 'the-reason-hoobastank-1783507451-1437.mp3', 'srv/musique/the-reason-hoobastank-1783507451-1437.mp3', 'srv/covers/cover-1-1783507451-d840f377.jpg', 'audio/mpeg', 9437667, 'fd2e53b458b99baa9f259c8d9c39623ad9e9632fe15452421556635761d6ef6e', '2026-07-08 12:44:11', '2026-07-08 12:44:11', 0.260, 232.379, 0.000, 0.000, 0.260, 232.379, 1.000, 0.000),
(256, 1, NULL, 'user', 10, 'music', 'Jet Lag (feat. Marie-Mai)', 'Simple Plan/Marie-Mai', 'Get Your Heart On! (Deluxe Edition)', NULL, 203, 'Simple Plan, Marie-Mai - Jet Lag (feat. Marie-Mai) (SPOTISAVER).mp3', 'jet-lag-feat-marie-mai-simple-plan-marie-mai-1783507451-5593.mp3', 'srv/musique/jet-lag-feat-marie-mai-simple-plan-marie-mai-1783507451-5593.mp3', 'srv/covers/cover-1-1783507451-3bb1be5b.jpg', 'audio/mpeg', 8736777, '34b53c5167838e3aeb5b6aed408fb81b6ca419b503bf0e8277c4cd849754d29c', '2026-07-08 12:44:11', '2026-07-08 12:44:11', 0.050, 200.264, 0.000, 0.000, 0.050, 200.264, 1.000, 0.000),
(257, 1, NULL, 'user', 10, 'music', 'Il pleut à Paris', 'PLK', 'Chambre 140 (Part.1)', NULL, 147, 'PLK - Il pleut à Paris (SPOTISAVER).mp3', 'il-pleut-a-paris-plk-1783677199-5109.mp3', 'srv/musique/il-pleut-a-paris-plk-1783677199-5109.mp3', 'srv/covers/cover-1-1783677199-1d86ac7e.jpg', 'audio/mpeg', 6298981, '5dd0f2c9645b4e7abd76c840eadd438734c37b96e814b4d98ce65e64fe60164d', '2026-07-10 11:53:19', '2026-07-10 11:53:19', 0.640, 143.499, 0.000, 0.000, 0.640, 143.499, 1.000, 0.000);

-- --------------------------------------------------------

--
-- Structure de la table `program_live_track`
--

CREATE TABLE `program_live_track` (
  `radio_id` int(11) NOT NULL,
  `title` varchar(255) DEFAULT NULL,
  `started_at` int(11) NOT NULL DEFAULT 0,
  `updated_at` datetime DEFAULT NULL
) ENGINE=InnoDB DEFAULT CHARSET=utf8mb4 COLLATE=utf8mb4_general_ci;

--
-- Déchargement des données de la table `program_live_track`
--

INSERT INTO `program_live_track` (`radio_id`, `title`, `started_at`, `updated_at`) VALUES
(1, 'Shakira/Burna Boy - Dai Dai', 1783700906, '2026-07-10 18:28:26'),
(5, 'Naza/SDM - Tout donner', 1783695717, '2026-07-10 17:01:57');

-- --------------------------------------------------------

--
-- Structure de la table `radios`
--

CREATE TABLE `radios` (
  `id` int(11) NOT NULL,
  `user_id` int(11) NOT NULL,
  `name` varchar(120) NOT NULL,
  `slug` varchar(160) NOT NULL,
  `logo` varchar(255) DEFAULT NULL,
  `timezone` varchar(80) NOT NULL DEFAULT 'Europe/Paris',
  `stream_key` varchar(80) NOT NULL,
  `player_key` varchar(80) NOT NULL,
  `stream_url` varchar(255) DEFAULT NULL,
  `stream_mount` varchar(120) DEFAULT NULL,
  `direct_login` varchar(120) DEFAULT NULL,
  `direct_password` varchar(255) DEFAULT NULL,
  `direct_server` varchar(190) DEFAULT NULL,
  `direct_port` int(11) DEFAULT NULL,
  `direct_mountpoint` varchar(190) DEFAULT NULL,
  `direct_stream_url` varchar(255) DEFAULT NULL,
  `direct_url` varchar(255) DEFAULT NULL,
  `direct_password_updated_at` datetime DEFAULT NULL,
  `last_stream_restart_at` datetime DEFAULT NULL,
  `antenna_latency_seconds` int(11) NOT NULL DEFAULT 0,
  `provision_status` varchar(40) NOT NULL DEFAULT 'local',
  `provision_error` text DEFAULT NULL,
  `setup_status` enum('created','active') NOT NULL DEFAULT 'created',
  `created_at` datetime NOT NULL,
  `updated_at` datetime NOT NULL
) ENGINE=InnoDB DEFAULT CHARSET=utf8mb4 COLLATE=utf8mb4_general_ci;

--
-- Déchargement des données de la table `radios`
--

INSERT INTO `radios` (`id`, `user_id`, `name`, `slug`, `logo`, `timezone`, `stream_key`, `player_key`, `stream_url`, `stream_mount`, `direct_login`, `direct_password`, `direct_server`, `direct_port`, `direct_mountpoint`, `direct_stream_url`, `direct_url`, `direct_password_updated_at`, `last_stream_restart_at`, `antenna_latency_seconds`, `provision_status`, `provision_error`, `setup_status`, `created_at`, `updated_at`) VALUES
(1, 1, 'NRJ', 'nrj', 'assets/img/radios/radio-1-1783002365-8b152066.png', 'Europe/Paris', 'stream_b2e209ce1522b8b0c7207e42348aeaf2', 'player_4002765d4614ac1e93cbf9f209985721', 'https://audio.studiodesk.dylanpointdev.fr/nrj.mp3', 'nrj.mp3', 'source', 'live-9Q55CY2N4k9im!', '172.24.95.192', 8922, '/nrj-live.mp3', 'http://172.24.95.192:8000/nrj.mp3', 'icecast://source:live-9Q55CY2N4k9im%21@172.24.95.192:8922/nrj-live.mp3', '2026-06-30 23:40:49', '2026-07-09 21:45:33', 0, 'ready', NULL, 'active', '2026-06-29 17:31:06', '2026-07-10 09:15:55'),
(5, 1, 'RockFord FM', 'rockford-fm', 'assets/img/radios/radio-1-1783002430-10d63077.png', 'Europe/Paris', 'stream_959cd545862d1914c9a056d0342c4f45', 'player_dc2234740156882e191f2d2d8ba6e6ac', 'https://audio.studiodesk.dylanpointdev.fr/rockford-fm.mp3', 'rockford-fm.mp3', 'source', 'Jh6QykPP8HTpTHrjKrDm6aSZ', '172.24.95.192', 8895, '/rockford-fm-live.mp3', 'http://172.24.95.192:8000/rockford-fm.mp3', 'icecast://source:Jh6QykPP8HTpTHrjKrDm6aSZ@172.24.95.192:8895/rockford-fm-live.mp3', '2026-07-02 16:27:12', NULL, 0, 'ready', NULL, 'active', '2026-07-02 16:27:12', '2026-07-10 09:15:53');

-- --------------------------------------------------------

--
-- Structure de la table `radio_audio_settings`
--

CREATE TABLE `radio_audio_settings` (
  `id` int(11) NOT NULL,
  `radio_id` int(11) NOT NULL,
  `no_repeat_artist_minutes` int(11) NOT NULL DEFAULT 15,
  `no_repeat_title_minutes` int(11) NOT NULL DEFAULT 60,
  `apply_mode` varchar(60) NOT NULL DEFAULT 'next_restart',
  `created_at` datetime NOT NULL,
  `updated_at` datetime NOT NULL
) ENGINE=InnoDB DEFAULT CHARSET=utf8mb4 COLLATE=utf8mb4_general_ci;

--
-- Déchargement des données de la table `radio_audio_settings`
--

INSERT INTO `radio_audio_settings` (`id`, `radio_id`, `no_repeat_artist_minutes`, `no_repeat_title_minutes`, `apply_mode`, `created_at`, `updated_at`) VALUES
(1, 1, 15, 60, 'next_restart', '2026-06-29 17:31:06', '2026-06-29 17:31:11'),
(9, 5, 15, 60, 'next_restart', '2026-07-02 16:27:12', '2026-07-02 16:27:17');

-- --------------------------------------------------------

--
-- Structure de la table `radio_emissions`
--

CREATE TABLE `radio_emissions` (
  `id` int(11) NOT NULL,
  `user_id` int(11) NOT NULL,
  `radio_id` int(11) NOT NULL,
  `title` varchar(120) NOT NULL,
  `slug` varchar(140) NOT NULL,
  `description` text DEFAULT NULL,
  `icon_path` varchar(255) DEFAULT NULL,
  `start_time` time NOT NULL,
  `end_time` time NOT NULL,
  `recording_filename` varchar(190) NOT NULL,
  `created_at` datetime NOT NULL,
  `updated_at` datetime NOT NULL
) ENGINE=InnoDB DEFAULT CHARSET=utf8mb4 COLLATE=utf8mb4_general_ci;

--
-- Déchargement des données de la table `radio_emissions`
--

INSERT INTO `radio_emissions` (`id`, `user_id`, `radio_id`, `title`, `slug`, `description`, `icon_path`, `start_time`, `end_time`, `recording_filename`, `created_at`, `updated_at`) VALUES
(2, 1, 1, 'Hit List', 'hit-list', 'La Hit List NRJ Avec Dylan !', 'srv/emissions/emission-1-1-1783022784-1441.png', '19:00:00', '00:00:00', 'rec-nrj-hitlist', '2026-07-02 22:05:33', '2026-07-02 22:41:37'),
(3, 1, 1, 'test', 'test', 'test', '', '12:00:00', '13:00:00', 'rec-nrj-test', '2026-07-03 12:47:36', '2026-07-03 12:47:36');

-- --------------------------------------------------------

--
-- Structure de la table `radio_live_metadata`
--

CREATE TABLE `radio_live_metadata` (
  `radio_id` int(11) NOT NULL,
  `source` varchar(40) NOT NULL DEFAULT 'radio',
  `title` varchar(255) NOT NULL,
  `artist` varchar(255) DEFAULT NULL,
  `description` text DEFAULT NULL,
  `cover_src` varchar(500) DEFAULT NULL,
  `updated_at` datetime NOT NULL
) ENGINE=InnoDB DEFAULT CHARSET=utf8mb4 COLLATE=utf8mb4_unicode_ci;

--
-- Déchargement des données de la table `radio_live_metadata`
--

INSERT INTO `radio_live_metadata` (`radio_id`, `source`, `title`, `artist`, `description`, `cover_src`, `updated_at`) VALUES
(1, 'track', 'J\'aimerais trop (feat. SAP)', 'Keen\' V/A. Sap', '', '/srv/covers/cover-1-1783507448-978c958c.jpg', '2026-07-09 22:07:16');

-- --------------------------------------------------------

--
-- Structure de la table `radio_playlists`
--

CREATE TABLE `radio_playlists` (
  `id` int(11) NOT NULL,
  `radio_id` int(11) NOT NULL,
  `name` varchar(160) NOT NULL,
  `description` text DEFAULT NULL,
  `cover_path` varchar(255) DEFAULT NULL,
  `type` varchar(60) NOT NULL DEFAULT 'manual',
  `is_default` tinyint(1) NOT NULL DEFAULT 0,
  `is_active` tinyint(1) NOT NULL DEFAULT 1,
  `last_published_at` datetime DEFAULT NULL,
  `created_at` datetime NOT NULL,
  `updated_at` datetime NOT NULL
) ENGINE=InnoDB DEFAULT CHARSET=utf8mb4 COLLATE=utf8mb4_general_ci;

--
-- Déchargement des données de la table `radio_playlists`
--

INSERT INTO `radio_playlists` (`id`, `radio_id`, `name`, `description`, `cover_path`, `type`, `is_default`, `is_active`, `last_published_at`, `created_at`, `updated_at`) VALUES
(1, 1, 'Playlist principale', 'Playlist par defaut utilisee automatiquement quand rien n\'est programme.', NULL, 'rotation', 1, 1, '2026-07-10 18:12:57', '2026-06-29 19:44:22', '2026-07-03 09:48:37'),
(4, 1, 'test', 'test', NULL, 'rotation', 0, 1, '2026-07-10 12:02:58', '2026-06-29 23:44:34', '2026-06-30 00:00:25'),
(7, 5, 'Playlist principale', 'Playlist par defaut utilisee automatiquement quand rien n\'est programme.', NULL, 'rotation', 1, 1, '2026-07-10 18:00:57', '2026-07-02 16:27:25', '2026-07-02 16:27:39');

-- --------------------------------------------------------

--
-- Structure de la table `radio_playlist_items`
--

CREATE TABLE `radio_playlist_items` (
  `id` int(11) NOT NULL,
  `playlist_id` int(11) NOT NULL,
  `media_id` int(11) NOT NULL,
  `position` int(11) NOT NULL DEFAULT 0,
  `created_at` datetime NOT NULL,
  `updated_at` datetime NOT NULL
) ENGINE=InnoDB DEFAULT CHARSET=utf8mb4 COLLATE=utf8mb4_general_ci;

--
-- Déchargement des données de la table `radio_playlist_items`
--

INSERT INTO `radio_playlist_items` (`id`, `playlist_id`, `media_id`, `position`, `created_at`, `updated_at`) VALUES
(287, 4, 208, 1, '2026-06-30 00:00:25', '2026-06-30 00:00:25'),
(288, 4, 112, 2, '2026-06-30 00:00:25', '2026-06-30 00:00:25'),
(289, 4, 202, 3, '2026-06-30 00:00:25', '2026-06-30 00:00:25'),
(290, 4, 103, 4, '2026-06-30 00:00:25', '2026-06-30 00:00:25'),
(291, 4, 200, 5, '2026-06-30 00:00:25', '2026-06-30 00:00:25'),
(292, 4, 113, 6, '2026-06-30 00:00:25', '2026-06-30 00:00:25'),
(293, 4, 168, 7, '2026-06-30 00:00:25', '2026-06-30 00:00:25'),
(294, 4, 102, 8, '2026-06-30 00:00:25', '2026-06-30 00:00:25'),
(295, 4, 169, 9, '2026-06-30 00:00:25', '2026-06-30 00:00:25'),
(296, 4, 96, 10, '2026-06-30 00:00:25', '2026-06-30 00:00:25'),
(297, 4, 170, 11, '2026-06-30 00:00:25', '2026-06-30 00:00:25'),
(298, 4, 102, 12, '2026-06-30 00:00:25', '2026-06-30 00:00:25'),
(299, 4, 172, 13, '2026-06-30 00:00:25', '2026-06-30 00:00:25'),
(300, 4, 84, 14, '2026-06-30 00:00:25', '2026-06-30 00:00:25'),
(301, 4, 176, 15, '2026-06-30 00:00:25', '2026-06-30 00:00:25'),
(302, 4, 76, 16, '2026-06-30 00:00:25', '2026-06-30 00:00:25'),
(303, 4, 187, 17, '2026-06-30 00:00:25', '2026-06-30 00:00:25'),
(304, 4, 84, 18, '2026-06-30 00:00:25', '2026-06-30 00:00:25'),
(305, 4, 152, 19, '2026-06-30 00:00:25', '2026-06-30 00:00:25'),
(306, 4, 101, 20, '2026-06-30 00:00:25', '2026-06-30 00:00:25'),
(307, 4, 196, 21, '2026-06-30 00:00:25', '2026-06-30 00:00:25'),
(308, 4, 95, 22, '2026-06-30 00:00:25', '2026-06-30 00:00:25'),
(309, 4, 186, 23, '2026-06-30 00:00:25', '2026-06-30 00:00:25'),
(310, 4, 92, 24, '2026-06-30 00:00:25', '2026-06-30 00:00:25'),
(311, 4, 176, 25, '2026-06-30 00:00:25', '2026-06-30 00:00:25'),
(312, 4, 91, 26, '2026-06-30 00:00:25', '2026-06-30 00:00:25'),
(313, 4, 175, 27, '2026-06-30 00:00:25', '2026-06-30 00:00:25'),
(314, 4, 95, 28, '2026-06-30 00:00:25', '2026-06-30 00:00:25'),
(315, 4, 163, 29, '2026-06-30 00:00:25', '2026-06-30 00:00:25'),
(316, 4, 122, 30, '2026-06-30 00:00:25', '2026-06-30 00:00:25'),
(317, 4, 206, 31, '2026-06-30 00:00:25', '2026-06-30 00:00:25'),
(318, 4, 98, 32, '2026-06-30 00:00:25', '2026-06-30 00:00:25'),
(319, 4, 162, 33, '2026-06-30 00:00:25', '2026-06-30 00:00:25'),
(320, 4, 97, 34, '2026-06-30 00:00:25', '2026-06-30 00:00:25'),
(321, 4, 159, 35, '2026-06-30 00:00:25', '2026-06-30 00:00:25'),
(322, 4, 85, 36, '2026-06-30 00:00:25', '2026-06-30 00:00:25'),
(323, 4, 156, 37, '2026-06-30 00:00:25', '2026-06-30 00:00:25'),
(324, 4, 144, 38, '2026-06-30 00:00:25', '2026-06-30 00:00:25'),
(392, 7, 154, 1, '2026-07-02 16:27:39', '2026-07-02 16:27:39'),
(393, 7, 152, 2, '2026-07-02 16:27:39', '2026-07-02 16:27:39'),
(394, 1, 212, 1, '2026-07-03 09:48:37', '2026-07-03 09:48:37'),
(395, 1, 77, 2, '2026-07-03 09:48:37', '2026-07-03 09:48:37'),
(396, 1, 154, 3, '2026-07-03 09:48:37', '2026-07-03 09:48:37'),
(397, 1, 127, 4, '2026-07-03 09:48:37', '2026-07-03 09:48:37'),
(398, 1, 160, 5, '2026-07-03 09:48:37', '2026-07-03 09:48:37'),
(399, 1, 163, 6, '2026-07-03 09:48:37', '2026-07-03 09:48:37'),
(400, 1, 169, 7, '2026-07-03 09:48:37', '2026-07-03 09:48:37'),
(401, 1, 171, 8, '2026-07-03 09:48:37', '2026-07-03 09:48:37'),
(402, 1, 175, 9, '2026-07-03 09:48:37', '2026-07-03 09:48:37'),
(403, 1, 128, 10, '2026-07-03 09:48:37', '2026-07-03 09:48:37'),
(404, 1, 155, 11, '2026-07-03 09:48:37', '2026-07-03 09:48:37'),
(405, 1, 178, 12, '2026-07-03 09:48:37', '2026-07-03 09:48:37'),
(406, 1, 180, 13, '2026-07-03 09:48:37', '2026-07-03 09:48:37'),
(407, 1, 179, 14, '2026-07-03 09:48:37', '2026-07-03 09:48:37'),
(408, 1, 189, 15, '2026-07-03 09:48:37', '2026-07-03 09:48:37'),
(409, 1, 121, 16, '2026-07-03 09:48:37', '2026-07-03 09:48:37'),
(410, 1, 118, 17, '2026-07-03 09:48:37', '2026-07-03 09:48:37'),
(411, 1, 206, 18, '2026-07-03 09:48:37', '2026-07-03 09:48:37'),
(412, 1, 204, 19, '2026-07-03 09:48:37', '2026-07-03 09:48:37'),
(413, 1, 203, 20, '2026-07-03 09:48:37', '2026-07-03 09:48:37'),
(414, 1, 202, 21, '2026-07-03 09:48:37', '2026-07-03 09:48:37'),
(415, 1, 199, 22, '2026-07-03 09:48:37', '2026-07-03 09:48:37'),
(416, 1, 196, 23, '2026-07-03 09:48:37', '2026-07-03 09:48:37'),
(417, 1, 195, 24, '2026-07-03 09:48:37', '2026-07-03 09:48:37'),
(418, 1, 186, 25, '2026-07-03 09:48:37', '2026-07-03 09:48:37'),
(419, 1, 183, 26, '2026-07-03 09:48:37', '2026-07-03 09:48:37'),
(420, 1, 158, 27, '2026-07-03 09:48:37', '2026-07-03 09:48:37'),
(421, 1, 122, 28, '2026-07-03 09:48:37', '2026-07-03 09:48:37'),
(422, 1, 140, 29, '2026-07-03 09:48:37', '2026-07-03 09:48:37');

-- --------------------------------------------------------

--
-- Structure de la table `radio_play_history`
--

CREATE TABLE `radio_play_history` (
  `id` int(11) NOT NULL,
  `radio_id` int(11) NOT NULL,
  `media_id` int(11) DEFAULT NULL,
  `playlist_id` int(11) DEFAULT NULL,
  `playlist_item_id` int(11) DEFAULT NULL,
  `title` varchar(255) NOT NULL,
  `artist` varchar(255) NOT NULL,
  `raw_title` varchar(255) NOT NULL,
  `source` varchar(40) NOT NULL DEFAULT 'icecast',
  `content_type` varchar(40) NOT NULL DEFAULT 'music',
  `cover_path` varchar(255) DEFAULT NULL,
  `started_at` datetime NOT NULL,
  `ended_at` datetime DEFAULT NULL,
  `duration_seconds` int(11) DEFAULT NULL,
  `created_at` datetime NOT NULL,
  `updated_at` datetime NOT NULL
) ENGINE=InnoDB DEFAULT CHARSET=utf8mb4 COLLATE=utf8mb4_general_ci;

--
-- Déchargement des données de la table `radio_play_history`
--

INSERT INTO `radio_play_history` (`id`, `radio_id`, `media_id`, `playlist_id`, `playlist_item_id`, `title`, `artist`, `raw_title`, `source`, `content_type`, `cover_path`, `started_at`, `ended_at`, `duration_seconds`, `created_at`, `updated_at`) VALUES
(1, 1, 200, 4, 291, 'Pilé', 'Mauvais djo', 'Mauvais djo - Pilé', 'icecast', 'music', 'srv/covers/cover-1-1782769550-d3ba59b6.jpg', '2026-06-30 19:40:24', '2026-06-30 19:40:49', 25, '2026-06-30 19:40:24', '2026-06-30 19:40:49'),
(2, 1, 113, 4, 292, 'Jingle SHOTGUN ID 2', 'NRJ 2022', 'NRJ 2022 - Jingle SHOTGUN ID 2', 'icecast', 'jingle', NULL, '2026-06-30 19:40:49', '2026-06-30 19:40:59', 10, '2026-06-30 19:40:49', '2026-06-30 19:40:59'),
(3, 1, 168, 4, 293, 'RENÉ CAOVILLA', 'Gambi', 'Gambi - RENÉ CAOVILLA', 'icecast', 'music', 'srv/covers/cover-1-1782769547-8ed25830.jpg', '2026-06-30 19:40:59', '2026-06-30 19:43:09', 130, '2026-06-30 19:40:59', '2026-06-30 19:43:09'),
(4, 1, 169, 4, 295, 'Soleil', 'GIMS', 'GIMS - Soleil', 'icecast', 'music', 'srv/covers/cover-1-1782769547-2f20773c.jpg', '2026-06-30 19:43:09', '2026-06-30 19:45:19', 130, '2026-06-30 19:43:09', '2026-06-30 19:45:19'),
(5, 1, 170, 4, 297, 'SPA', 'GIMS/Theodora', 'GIMS/Theodora - SPA', 'icecast', 'music', 'srv/covers/cover-1-1782769547-52828693.jpg', '2026-06-30 19:45:19', '2026-06-30 19:48:15', 176, '2026-06-30 19:45:19', '2026-06-30 19:48:15'),
(6, 1, 102, 4, 294, 'Jingle HYPER ID 2', 'NRJ', 'NRJ - Jingle HYPER ID 2', 'icecast', 'jingle', NULL, '2026-06-30 19:48:15', '2026-06-30 19:48:21', 6, '2026-06-30 19:48:15', '2026-06-30 19:48:21'),
(7, 1, 172, 4, 299, 'Parfum quartier', 'Jul', 'Jul - Parfum quartier', 'icecast', 'music', 'srv/covers/cover-1-1782769547-3ed02e4d.jpg', '2026-06-30 19:48:21', '2026-06-30 19:52:01', 220, '2026-06-30 19:48:21', '2026-06-30 19:52:01'),
(8, 1, 84, 4, 300, 'Jingle SHOTGUN ID 9', 'NRJ', 'NRJ - Jingle SHOTGUN ID 9', 'icecast', 'jingle', NULL, '2026-06-30 19:52:01', '2026-06-30 19:52:06', 5, '2026-06-30 19:52:01', '2026-06-30 19:52:06'),
(9, 1, 176, 4, 301, 'Maladie', 'Mauvais djo', 'Mauvais djo - Maladie', 'icecast', 'music', 'srv/covers/cover-1-1782769547-49743ff2.jpg', '2026-06-30 19:52:06', '2026-06-30 19:55:11', 185, '2026-06-30 19:52:06', '2026-06-30 19:55:11'),
(10, 1, 85, 4, 322, 'Jingle SHOTGUN ID 10', 'NRJ', 'NRJ - Jingle SHOTGUN ID 10', 'icecast', 'jingle', NULL, '2026-06-30 19:55:11', '2026-06-30 19:55:20', 9, '2026-06-30 19:55:11', '2026-06-30 19:55:20'),
(11, 1, 159, 4, 321, 'SRT FULL NWAR', 'MINUISKI', 'MINUISKI - SRT FULL NWAR', 'icecast', 'music', 'srv/covers/cover-1-1782769520-81376258.jpg', '2026-06-30 19:55:20', '2026-06-30 19:56:51', 91, '2026-06-30 19:55:20', '2026-06-30 19:56:51'),
(12, 1, 156, 4, 323, 'MÉDICAMENT', 'HOUDI/Anyme023', 'HOUDI/Anyme023 - MÉDICAMENT', 'icecast', 'music', 'srv/covers/cover-1-1782769520-d8776d13.jpg', '2026-06-30 19:56:51', '2026-06-30 20:00:15', 204, '2026-06-30 19:56:51', '2026-06-30 20:00:15'),
(13, 1, 208, 1, 287, 'C\'est la cité', 'Jul/Naps', 'Jul/Naps - C\'est la cité', 'icecast', 'music', 'srv/covers/cover-1-1782769550-6725e149.jpg', '2026-06-30 20:00:15', '2026-06-30 20:03:48', 213, '2026-06-30 20:00:15', '2026-06-30 20:03:48'),
(14, 1, 212, 1, 354, 'SOUS CONTRÔLE', 'Rven/GIMS/EREBOR MUSIC', 'Rven/GIMS/EREBOR MUSIC - SOUS CONTRÔLE', 'icecast', 'music', 'srv/covers/cover-1-1782839955-f851d45f.jpg', '2026-06-30 20:03:48', '2026-06-30 20:05:42', 114, '2026-06-30 20:03:48', '2026-06-30 20:05:42'),
(15, 1, 77, 1, 355, 'Jingle SHOTGUN ID 2', 'NRJ', 'NRJ - Jingle SHOTGUN ID 2', 'icecast', 'jingle', NULL, '2026-06-30 20:05:42', '2026-06-30 20:05:52', 10, '2026-06-30 20:05:42', '2026-06-30 20:05:52'),
(16, 1, 154, 1, 356, 'Tout donner', 'Naza/SDM', 'Naza/SDM - Tout donner', 'icecast', 'music', 'srv/covers/cover-1-1782769519-0226456e.jpg', '2026-06-30 20:05:52', '2026-06-30 20:08:04', 132, '2026-06-30 20:05:52', '2026-06-30 20:08:04'),
(17, 1, 160, 1, 358, 'Minuit sur Messagerie', 'MINUISKI/Nina Rossell', 'MINUISKI/Nina Rossell - Minuit sur Messagerie', 'icecast', 'music', 'srv/covers/cover-1-1782769520-e50043d3.jpg', '2026-06-30 20:08:04', '2026-06-30 20:08:58', 54, '2026-06-30 20:08:04', '2026-06-30 20:08:58'),
(18, 1, 163, 1, 359, 'ça pik un peu quand même', 'miki', 'miki - ça pik un peu quand même', 'icecast', 'music', 'srv/covers/cover-1-1782769520-a8e26f75.jpg', '2026-06-30 20:08:59', '2026-06-30 20:11:06', 127, '2026-06-30 20:08:59', '2026-06-30 20:11:06'),
(19, 1, 169, 1, 360, 'Soleil', 'GIMS', 'GIMS - Soleil', 'icecast', 'music', 'srv/covers/cover-1-1782769547-2f20773c.jpg', '2026-06-30 20:11:06', '2026-06-30 20:12:37', 91, '2026-06-30 20:11:06', '2026-06-30 20:12:37'),
(20, 1, 171, 1, 361, 'Jamaican (Bam Bam)', 'HUGEL/SOLTO (FR)', 'HUGEL/SOLTO (FR) - Jamaican (Bam Bam)', 'icecast', 'music', 'srv/covers/cover-1-1782769547-727101fd.jpg', '2026-06-30 20:12:37', '2026-06-30 20:15:37', 180, '2026-06-30 20:12:37', '2026-06-30 20:15:37'),
(21, 1, 175, 1, 362, 'Pineapple', 'Leto', 'Leto - Pineapple', 'icecast', 'music', 'srv/covers/cover-1-1782769547-e99d64fb.jpg', '2026-06-30 20:15:37', '2026-06-30 20:17:37', 120, '2026-06-30 20:15:37', '2026-06-30 20:17:37'),
(22, 1, 155, 1, 364, 'Pilé - Gospel', 'Mauvais djo/Kano Choir', 'Mauvais djo/Kano Choir - Pilé - Gospel', 'icecast', 'music', 'srv/covers/cover-1-1782769520-9472972e.jpg', '2026-06-30 20:17:37', '2026-06-30 20:19:37', 120, '2026-06-30 20:17:37', '2026-06-30 20:19:37'),
(23, 1, 178, 1, 365, 'B.M.S (by my side)', 'Rambo goyard', 'Rambo goyard - B.M.S (by my side)', 'icecast', 'music', 'srv/covers/cover-1-1782769548-adea7388.jpg', '2026-06-30 20:19:37', '2026-06-30 20:21:37', 120, '2026-06-30 20:19:37', '2026-06-30 20:21:37'),
(24, 1, 180, 1, 366, 'Dracula - JENNIE Remix', 'Tame Impala/JENNIE', 'Tame Impala/JENNIE - Dracula - JENNIE Remix', 'icecast', 'music', 'srv/covers/cover-1-1782769548-8cadbc62.jpg', '2026-06-30 20:21:37', '2026-06-30 20:25:37', 240, '2026-06-30 20:21:37', '2026-06-30 20:25:37'),
(25, 1, 179, 1, 367, 'Dai Dai', 'Shakira/Burna Boy', 'Shakira/Burna Boy - Dai Dai', 'icecast', 'music', 'srv/covers/cover-1-1782769548-13478b90.jpg', '2026-06-30 20:25:37', '2026-06-30 20:28:37', 180, '2026-06-30 20:25:37', '2026-06-30 20:28:37'),
(26, 1, 189, 1, 368, 'MON BÉBÉ', 'RnBoi', 'RnBoi - MON BÉBÉ', 'icecast', 'music', 'srv/covers/cover-1-1782769549-cc4e4069.jpg', '2026-06-30 20:28:37', '2026-06-30 20:31:37', 180, '2026-06-30 20:28:37', '2026-06-30 20:31:37'),
(27, 1, 118, 1, 370, 'Stager 3  - 2022', 'NRJ', 'NRJ - Stager 3  - 2022', 'icecast', 'jingle', NULL, '2026-06-30 20:31:37', '2026-06-30 20:32:37', 60, '2026-06-30 20:31:37', '2026-06-30 20:32:37'),
(28, 1, 206, 1, 371, 'Tu dors ?', 'PLK', 'PLK - Tu dors ?', 'icecast', 'music', 'srv/covers/cover-1-1782769550-8c954087.jpg', '2026-06-30 20:32:37', '2026-06-30 20:34:37', 120, '2026-06-30 20:32:37', '2026-06-30 20:34:37'),
(29, 1, 204, 1, 372, 'Paris', 'Nono La Grinta', 'Nono La Grinta - Paris', 'icecast', 'music', 'srv/covers/cover-1-1782769550-ea82eb82.jpg', '2026-06-30 20:34:37', '2026-06-30 20:36:37', 120, '2026-06-30 20:34:37', '2026-06-30 20:36:37'),
(30, 1, 203, 1, 373, 'Sex Model', 'PLK/Theodora', 'PLK/Theodora - Sex Model', 'icecast', 'music', 'srv/covers/cover-1-1782769550-8283d168.jpg', '2026-06-30 20:36:37', '2026-06-30 20:38:59', 142, '2026-06-30 20:36:37', '2026-06-30 20:38:59'),
(31, 1, 202, 1, 374, 'Coco Chanel', 'Meryl/Eva', 'Meryl/Eva - Coco Chanel', 'icecast', 'music', 'srv/covers/cover-1-1782769550-3c1d771f.jpg', '2026-06-30 20:38:59', '2026-06-30 20:41:00', 121, '2026-06-30 20:38:59', '2026-06-30 20:41:00'),
(32, 1, 199, 1, 375, 'melodrama', 'disiz/Theodora', 'disiz/Theodora - melodrama', 'icecast', 'music', 'srv/covers/cover-1-1782769549-1919faea.jpg', '2026-06-30 20:41:00', '2026-06-30 20:43:49', 169, '2026-06-30 20:41:00', '2026-06-30 20:43:49'),
(33, 1, 196, 1, 376, 'méli-mélo', 'kulturr', 'kulturr - méli-mélo', 'icecast', 'music', 'srv/covers/cover-1-1782769549-a42e83f8.jpg', '2026-06-30 20:43:49', '2026-06-30 20:46:10', 141, '2026-06-30 20:43:49', '2026-06-30 20:46:10'),
(34, 1, 195, 1, 377, 'ELLE VOULAIT', 'RnBoi', 'RnBoi - ELLE VOULAIT', 'icecast', 'music', 'srv/covers/cover-1-1782769549-a5670ca9.jpg', '2026-06-30 20:46:10', '2026-06-30 20:48:29', 139, '2026-06-30 20:46:10', '2026-06-30 20:48:29'),
(35, 1, 186, 1, 378, 'La vie qu\'on mène', 'Ninho', 'Ninho - La vie qu\'on mène', 'icecast', 'music', 'srv/covers/cover-1-1782769548-821abb35.jpg', '2026-06-30 20:48:29', '2026-06-30 20:51:30', 181, '2026-06-30 20:48:29', '2026-06-30 20:51:30'),
(36, 1, 183, 1, 379, 'Mélo Décalé', 'Tiakola', 'Tiakola - Mélo Décalé', 'icecast', 'music', 'srv/covers/cover-1-1782769548-32c63f15.jpg', '2026-06-30 20:51:30', '2026-06-30 20:53:59', 149, '2026-06-30 20:51:30', '2026-06-30 20:53:59'),
(37, 1, 158, 1, 380, 'FEFE FULL NWAR', 'MINUISKI', 'MINUISKI - FEFE FULL NWAR', 'icecast', 'music', 'srv/covers/cover-1-1782769520-591bc53d.jpg', '2026-06-30 20:53:59', '2026-06-30 20:57:45', 226, '2026-06-30 20:53:59', '2026-06-30 20:57:45'),
(38, 1, 212, 1, 354, 'SOUS CONTRÔLE', 'Rven/GIMS/EREBOR MUSIC', 'Rven/GIMS/EREBOR MUSIC - SOUS CONTRÔLE', 'icecast', 'music', 'srv/covers/cover-1-1782839955-f851d45f.jpg', '2026-06-30 20:57:45', '2026-06-30 21:00:35', 170, '2026-06-30 20:57:45', '2026-06-30 21:00:35'),
(39, 1, 77, 1, 355, 'Jingle SHOTGUN ID 2', 'NRJ', 'NRJ - Jingle SHOTGUN ID 2', 'icecast', 'jingle', NULL, '2026-06-30 21:00:35', '2026-06-30 21:00:44', 9, '2026-06-30 21:00:35', '2026-06-30 21:00:44'),
(40, 1, 154, 1, 356, 'Tout donner', 'Naza/SDM', 'Naza/SDM - Tout donner', 'icecast', 'music', 'srv/covers/cover-1-1782769519-0226456e.jpg', '2026-06-30 21:00:44', '2026-06-30 21:03:03', 139, '2026-06-30 21:00:44', '2026-06-30 21:03:03'),
(41, 1, 212, 1, 354, 'SOUS CONTRÔLE', 'Rven/GIMS/EREBOR MUSIC', 'Rven/GIMS/EREBOR MUSIC - SOUS CONTRÔLE', 'icecast', 'music', 'srv/covers/cover-1-1782839955-f851d45f.jpg', '2026-06-30 21:03:03', '2026-06-30 21:04:54', 111, '2026-06-30 21:03:03', '2026-06-30 21:04:54'),
(42, 1, 77, 1, 355, 'Jingle SHOTGUN ID 2', 'NRJ', 'NRJ - Jingle SHOTGUN ID 2', 'icecast', 'jingle', NULL, '2026-06-30 21:04:54', '2026-06-30 21:05:04', 10, '2026-06-30 21:04:54', '2026-06-30 21:05:04'),
(43, 1, 154, 1, 356, 'Tout donner', 'Naza/SDM', 'Naza/SDM - Tout donner', 'icecast', 'music', 'srv/covers/cover-1-1782769519-0226456e.jpg', '2026-06-30 21:05:04', '2026-06-30 21:07:37', 153, '2026-06-30 21:05:04', '2026-06-30 21:07:37'),
(44, 1, 160, 1, 358, 'Minuit sur Messagerie', 'MINUISKI/Nina Rossell', 'MINUISKI/Nina Rossell - Minuit sur Messagerie', 'icecast', 'music', 'srv/covers/cover-1-1782769520-e50043d3.jpg', '2026-06-30 21:07:37', '2026-06-30 21:09:37', 120, '2026-06-30 21:07:37', '2026-06-30 21:09:37'),
(45, 1, 163, 1, 359, 'ça pik un peu quand même', 'miki', 'miki - ça pik un peu quand même', 'icecast', 'music', 'srv/covers/cover-1-1782769520-a8e26f75.jpg', '2026-06-30 21:09:37', '2026-06-30 21:11:41', 124, '2026-06-30 21:09:37', '2026-06-30 21:11:41'),
(46, 1, 169, 1, 360, 'Soleil', 'GIMS', 'GIMS - Soleil', 'icecast', 'music', 'srv/covers/cover-1-1782769547-2f20773c.jpg', '2026-06-30 21:11:41', '2026-06-30 21:14:37', 176, '2026-06-30 21:11:41', '2026-06-30 21:14:37'),
(47, 1, 171, 1, 361, 'Jamaican (Bam Bam)', 'HUGEL/SOLTO (FR)', 'HUGEL/SOLTO (FR) - Jamaican (Bam Bam)', 'icecast', 'music', 'srv/covers/cover-1-1782769547-727101fd.jpg', '2026-06-30 21:14:37', '2026-06-30 21:16:37', 120, '2026-06-30 21:14:37', '2026-06-30 21:16:37'),
(48, 1, 175, 1, 362, 'Pineapple', 'Leto', 'Leto - Pineapple', 'icecast', 'music', 'srv/covers/cover-1-1782769547-e99d64fb.jpg', '2026-06-30 21:16:37', '2026-06-30 21:19:37', 180, '2026-06-30 21:16:37', '2026-06-30 21:19:37'),
(49, 1, 155, 1, 364, 'Pilé - Gospel', 'Mauvais djo/Kano Choir', 'Mauvais djo/Kano Choir - Pilé - Gospel', 'icecast', 'music', 'srv/covers/cover-1-1782769520-9472972e.jpg', '2026-06-30 21:19:37', '2026-06-30 21:21:03', 86, '2026-06-30 21:19:37', '2026-06-30 21:21:03'),
(50, 1, 178, 1, 365, 'B.M.S (by my side)', 'Rambo goyard', 'Rambo goyard - B.M.S (by my side)', 'icecast', 'music', 'srv/covers/cover-1-1782769548-adea7388.jpg', '2026-06-30 21:21:03', '2026-06-30 21:22:41', 98, '2026-06-30 21:21:03', '2026-06-30 21:22:41'),
(51, 1, 180, 1, 366, 'Dracula - JENNIE Remix', 'Tame Impala/JENNIE', 'Tame Impala/JENNIE - Dracula - JENNIE Remix', 'icecast', 'music', 'srv/covers/cover-1-1782769548-8cadbc62.jpg', '2026-06-30 21:22:41', '2026-06-30 21:25:58', 197, '2026-06-30 21:22:41', '2026-06-30 21:25:58'),
(52, 1, 179, 1, 367, 'Dai Dai', 'Shakira/Burna Boy', 'Shakira/Burna Boy - Dai Dai', 'icecast', 'music', 'srv/covers/cover-1-1782769548-13478b90.jpg', '2026-06-30 21:25:58', '2026-06-30 21:29:33', 215, '2026-06-30 21:25:58', '2026-06-30 21:29:33'),
(53, 1, 189, 1, 368, 'MON BÉBÉ', 'RnBoi', 'RnBoi - MON BÉBÉ', 'icecast', 'music', 'srv/covers/cover-1-1782769549-cc4e4069.jpg', '2026-06-30 21:29:33', '2026-06-30 21:32:48', 195, '2026-06-30 21:29:33', '2026-06-30 21:32:48'),
(54, 1, 118, 1, 370, 'Stager 3  - 2022', 'NRJ', 'NRJ - Stager 3  - 2022', 'icecast', 'jingle', NULL, '2026-06-30 21:32:48', '2026-06-30 21:32:58', 10, '2026-06-30 21:32:48', '2026-06-30 21:32:58'),
(55, 1, 206, 1, 371, 'Tu dors ?', 'PLK', 'PLK - Tu dors ?', 'icecast', 'music', 'srv/covers/cover-1-1782769550-8c954087.jpg', '2026-06-30 21:32:58', '2026-06-30 21:34:58', 120, '2026-06-30 21:32:58', '2026-06-30 21:34:58'),
(56, 1, 204, 1, 372, 'Paris', 'Nono La Grinta', 'Nono La Grinta - Paris', 'icecast', 'music', 'srv/covers/cover-1-1782769550-ea82eb82.jpg', '2026-06-30 21:34:58', '2026-06-30 21:37:37', 159, '2026-06-30 21:34:58', '2026-06-30 21:37:37'),
(57, 1, 203, 1, 373, 'Sex Model', 'PLK/Theodora', 'PLK/Theodora - Sex Model', 'icecast', 'music', 'srv/covers/cover-1-1782769550-8283d168.jpg', '2026-06-30 21:37:37', '2026-06-30 21:40:37', 180, '2026-06-30 21:37:37', '2026-06-30 21:40:37'),
(58, 1, 202, 1, 374, 'Coco Chanel', 'Meryl/Eva', 'Meryl/Eva - Coco Chanel', 'icecast', 'music', 'srv/covers/cover-1-1782769550-3c1d771f.jpg', '2026-06-30 21:40:37', '2026-06-30 21:42:37', 120, '2026-06-30 21:40:37', '2026-06-30 21:42:37'),
(59, 1, 199, 1, 375, 'melodrama', 'disiz/Theodora', 'disiz/Theodora - melodrama', 'icecast', 'music', 'srv/covers/cover-1-1782769549-1919faea.jpg', '2026-06-30 21:42:37', '2026-06-30 21:45:37', 180, '2026-06-30 21:42:37', '2026-06-30 21:45:37'),
(60, 1, 196, 1, 376, 'méli-mélo', 'kulturr', 'kulturr - méli-mélo', 'icecast', 'music', 'srv/covers/cover-1-1782769549-a42e83f8.jpg', '2026-06-30 21:45:37', '2026-06-30 21:47:37', 120, '2026-06-30 21:45:37', '2026-06-30 21:47:37'),
(61, 1, 195, 1, 377, 'ELLE VOULAIT', 'RnBoi', 'RnBoi - ELLE VOULAIT', 'icecast', 'music', 'srv/covers/cover-1-1782769549-a5670ca9.jpg', '2026-06-30 21:47:37', '2026-06-30 21:50:37', 180, '2026-06-30 21:47:37', '2026-06-30 21:50:37'),
(62, 1, 186, 1, 378, 'La vie qu\'on mène', 'Ninho', 'Ninho - La vie qu\'on mène', 'icecast', 'music', 'srv/covers/cover-1-1782769548-821abb35.jpg', '2026-06-30 21:50:37', '2026-06-30 21:53:37', 180, '2026-06-30 21:50:37', '2026-06-30 21:53:37'),
(63, 1, 183, 1, 379, 'Mélo Décalé', 'Tiakola', 'Tiakola - Mélo Décalé', 'icecast', 'music', 'srv/covers/cover-1-1782769548-32c63f15.jpg', '2026-06-30 21:53:37', '2026-06-30 21:55:37', 120, '2026-06-30 21:53:37', '2026-06-30 21:55:37'),
(64, 1, 158, 1, 380, 'FEFE FULL NWAR', 'MINUISKI', 'MINUISKI - FEFE FULL NWAR', 'icecast', 'music', 'srv/covers/cover-1-1782769520-591bc53d.jpg', '2026-06-30 21:55:37', '2026-06-30 21:59:37', 240, '2026-06-30 21:55:37', '2026-06-30 21:59:37'),
(65, 1, 212, 1, 354, 'SOUS CONTRÔLE', 'Rven/GIMS/EREBOR MUSIC', 'Rven/GIMS/EREBOR MUSIC - SOUS CONTRÔLE', 'icecast', 'music', 'srv/covers/cover-1-1782839955-f851d45f.jpg', '2026-06-30 21:59:37', '2026-06-30 22:01:37', 120, '2026-06-30 21:59:37', '2026-06-30 22:01:37'),
(66, 1, 154, 1, 356, 'Tout donner', 'Naza/SDM', 'Naza/SDM - Tout donner', 'icecast', 'music', 'srv/covers/cover-1-1782769519-0226456e.jpg', '2026-06-30 22:01:37', '2026-06-30 22:03:37', 120, '2026-06-30 22:01:37', '2026-06-30 22:03:37'),
(67, 1, 160, 1, 358, 'Minuit sur Messagerie', 'MINUISKI/Nina Rossell', 'MINUISKI/Nina Rossell - Minuit sur Messagerie', 'icecast', 'music', 'srv/covers/cover-1-1782769520-e50043d3.jpg', '2026-06-30 22:03:37', '2026-06-30 22:05:37', 120, '2026-06-30 22:03:37', '2026-06-30 22:05:37'),
(68, 1, 163, 1, 359, 'ça pik un peu quand même', 'miki', 'miki - ça pik un peu quand même', 'icecast', 'music', 'srv/covers/cover-1-1782769520-a8e26f75.jpg', '2026-06-30 22:05:37', '2026-06-30 22:08:37', 180, '2026-06-30 22:05:37', '2026-06-30 22:08:37'),
(69, 1, 169, 1, 360, 'Soleil', 'GIMS', 'GIMS - Soleil', 'icecast', 'music', 'srv/covers/cover-1-1782769547-2f20773c.jpg', '2026-06-30 22:08:37', '2026-06-30 22:10:11', 94, '2026-06-30 22:08:37', '2026-06-30 22:10:11'),
(70, 1, 171, 1, 361, 'Jamaican (Bam Bam)', 'HUGEL/SOLTO (FR)', 'HUGEL/SOLTO (FR) - Jamaican (Bam Bam)', 'icecast', 'music', 'srv/covers/cover-1-1782769547-727101fd.jpg', '2026-06-30 22:10:11', '2026-06-30 22:12:37', 146, '2026-06-30 22:10:11', '2026-06-30 22:12:37'),
(71, 1, 175, 1, 362, 'Pineapple', 'Leto', 'Leto - Pineapple', 'icecast', 'music', 'srv/covers/cover-1-1782769547-e99d64fb.jpg', '2026-06-30 22:12:37', '2026-06-30 22:15:37', 180, '2026-06-30 22:12:37', '2026-06-30 22:15:37'),
(72, 1, 155, 1, 364, 'Pilé - Gospel', 'Mauvais djo/Kano Choir', 'Mauvais djo/Kano Choir - Pilé - Gospel', 'icecast', 'music', 'srv/covers/cover-1-1782769520-9472972e.jpg', '2026-06-30 22:15:37', '2026-06-30 22:17:37', 120, '2026-06-30 22:15:37', '2026-06-30 22:17:37'),
(73, 1, 178, 1, 365, 'B.M.S (by my side)', 'Rambo goyard', 'Rambo goyard - B.M.S (by my side)', 'icecast', 'music', 'srv/covers/cover-1-1782769548-adea7388.jpg', '2026-06-30 22:17:37', '2026-06-30 22:18:37', 60, '2026-06-30 22:17:37', '2026-06-30 22:18:37'),
(74, 1, 180, 1, 366, 'Dracula - JENNIE Remix', 'Tame Impala/JENNIE', 'Tame Impala/JENNIE - Dracula - JENNIE Remix', 'icecast', 'music', 'srv/covers/cover-1-1782769548-8cadbc62.jpg', '2026-06-30 22:18:37', '2026-06-30 22:22:37', 240, '2026-06-30 22:18:37', '2026-06-30 22:22:37'),
(75, 1, 179, 1, 367, 'Dai Dai', 'Shakira/Burna Boy', 'Shakira/Burna Boy - Dai Dai', 'icecast', 'music', 'srv/covers/cover-1-1782769548-13478b90.jpg', '2026-06-30 22:22:37', '2026-06-30 22:25:37', 180, '2026-06-30 22:22:37', '2026-06-30 22:25:37'),
(76, 1, 189, 1, 368, 'MON BÉBÉ', 'RnBoi', 'RnBoi - MON BÉBÉ', 'icecast', 'music', 'srv/covers/cover-1-1782769549-cc4e4069.jpg', '2026-06-30 22:25:37', '2026-06-30 22:28:43', 186, '2026-06-30 22:25:37', '2026-06-30 22:28:43'),
(77, 1, 118, 1, 370, 'Stager 3  - 2022', 'NRJ', 'NRJ - Stager 3  - 2022', 'icecast', 'jingle', NULL, '2026-06-30 22:28:43', '2026-06-30 22:28:58', 15, '2026-06-30 22:28:43', '2026-06-30 22:28:58'),
(78, 1, 206, 1, 371, 'Tu dors ?', 'PLK', 'PLK - Tu dors ?', 'icecast', 'music', 'srv/covers/cover-1-1782769550-8c954087.jpg', '2026-06-30 22:28:58', '2026-06-30 22:30:54', 116, '2026-06-30 22:28:58', '2026-06-30 22:30:54'),
(79, 1, 204, 1, 372, 'Paris', 'Nono La Grinta', 'Nono La Grinta - Paris', 'icecast', 'music', 'srv/covers/cover-1-1782769550-ea82eb82.jpg', '2026-06-30 22:30:54', '2026-06-30 22:33:37', 163, '2026-06-30 22:30:54', '2026-06-30 22:33:37'),
(80, 1, 203, 1, 373, 'Sex Model', 'PLK/Theodora', 'PLK/Theodora - Sex Model', 'icecast', 'music', 'srv/covers/cover-1-1782769550-8283d168.jpg', '2026-06-30 22:33:37', '2026-06-30 22:36:14', 157, '2026-06-30 22:33:37', '2026-06-30 22:36:14'),
(81, 1, 202, 1, 374, 'Coco Chanel', 'Meryl/Eva', 'Meryl/Eva - Coco Chanel', 'icecast', 'music', 'srv/covers/cover-1-1782769550-3c1d771f.jpg', '2026-06-30 22:36:14', '2026-06-30 22:38:14', 120, '2026-06-30 22:36:14', '2026-06-30 22:38:14'),
(82, 1, 199, 1, 375, 'melodrama', 'disiz/Theodora', 'disiz/Theodora - melodrama', 'icecast', 'music', 'srv/covers/cover-1-1782769549-1919faea.jpg', '2026-06-30 22:38:14', '2026-06-30 22:41:04', 170, '2026-06-30 22:38:14', '2026-06-30 22:41:04'),
(83, 1, 196, 1, 376, 'méli-mélo', 'kulturr', 'kulturr - méli-mélo', 'icecast', 'music', 'srv/covers/cover-1-1782769549-a42e83f8.jpg', '2026-06-30 22:41:04', '2026-06-30 22:43:24', 140, '2026-06-30 22:41:04', '2026-06-30 22:43:24'),
(84, 1, 195, 1, 377, 'ELLE VOULAIT', 'RnBoi', 'RnBoi - ELLE VOULAIT', 'icecast', 'music', 'srv/covers/cover-1-1782769549-a5670ca9.jpg', '2026-06-30 22:43:24', '2026-06-30 22:45:43', 139, '2026-06-30 22:43:24', '2026-06-30 22:45:43'),
(85, 1, 186, 1, 378, 'La vie qu\'on mène', 'Ninho', 'Ninho - La vie qu\'on mène', 'icecast', 'music', 'srv/covers/cover-1-1782769548-821abb35.jpg', '2026-06-30 22:45:43', '2026-06-30 22:48:44', 181, '2026-06-30 22:45:43', '2026-06-30 22:48:44'),
(86, 1, 183, 1, 379, 'Mélo Décalé', 'Tiakola', 'Tiakola - Mélo Décalé', 'icecast', 'music', 'srv/covers/cover-1-1782769548-32c63f15.jpg', '2026-06-30 22:48:44', '2026-06-30 22:51:13', 149, '2026-06-30 22:48:44', '2026-06-30 22:51:13'),
(87, 1, 158, 1, 380, 'FEFE FULL NWAR', 'MINUISKI', 'MINUISKI - FEFE FULL NWAR', 'icecast', 'music', 'srv/covers/cover-1-1782769520-591bc53d.jpg', '2026-06-30 22:51:13', '2026-06-30 22:54:59', 226, '2026-06-30 22:51:13', '2026-06-30 22:54:59'),
(88, 1, 212, 1, 354, 'SOUS CONTRÔLE', 'Rven/GIMS/EREBOR MUSIC', 'Rven/GIMS/EREBOR MUSIC - SOUS CONTRÔLE', 'icecast', 'music', 'srv/covers/cover-1-1782839955-f851d45f.jpg', '2026-06-30 22:54:59', '2026-06-30 22:56:53', 114, '2026-06-30 22:54:59', '2026-06-30 22:56:53'),
(89, 1, 77, 1, 355, 'Jingle SHOTGUN ID 2', 'NRJ', 'NRJ - Jingle SHOTGUN ID 2', 'icecast', 'jingle', NULL, '2026-06-30 22:56:53', '2026-06-30 22:57:01', 8, '2026-06-30 22:56:53', '2026-06-30 22:57:01'),
(90, 1, 154, 1, 356, 'Tout donner', 'Naza/SDM', 'Naza/SDM - Tout donner', 'icecast', 'music', 'srv/covers/cover-1-1782769519-0226456e.jpg', '2026-06-30 22:57:01', '2026-06-30 22:59:29', 148, '2026-06-30 22:57:01', '2026-06-30 22:59:29'),
(91, 1, 160, 1, 358, 'Minuit sur Messagerie', 'MINUISKI/Nina Rossell', 'MINUISKI/Nina Rossell - Minuit sur Messagerie', 'icecast', 'music', 'srv/covers/cover-1-1782769520-e50043d3.jpg', '2026-06-30 22:59:29', '2026-06-30 23:01:31', 122, '2026-06-30 22:59:29', '2026-06-30 23:01:31'),
(92, 1, 163, 1, 359, 'ça pik un peu quand même', 'miki', 'miki - ça pik un peu quand même', 'icecast', 'music', 'srv/covers/cover-1-1782769520-a8e26f75.jpg', '2026-06-30 23:01:31', '2026-06-30 23:03:41', 130, '2026-06-30 23:01:31', '2026-06-30 23:03:41'),
(93, 1, 169, 1, 360, 'Soleil', 'GIMS', 'GIMS - Soleil', 'icecast', 'music', 'srv/covers/cover-1-1782769547-2f20773c.jpg', '2026-06-30 23:03:41', '2026-06-30 23:05:41', 120, '2026-06-30 23:03:41', '2026-06-30 23:05:41'),
(94, 1, 171, 1, 361, 'Jamaican (Bam Bam)', 'HUGEL/SOLTO (FR)', 'HUGEL/SOLTO (FR) - Jamaican (Bam Bam)', 'icecast', 'music', 'srv/covers/cover-1-1782769547-727101fd.jpg', '2026-06-30 23:05:41', '2026-06-30 23:08:08', 147, '2026-06-30 23:05:41', '2026-06-30 23:08:08'),
(95, 1, 175, 1, 362, 'Pineapple', 'Leto', 'Leto - Pineapple', 'icecast', 'music', 'srv/covers/cover-1-1782769547-e99d64fb.jpg', '2026-06-30 23:08:08', '2026-06-30 23:10:46', 158, '2026-06-30 23:08:08', '2026-06-30 23:10:46'),
(96, 1, 155, 1, 364, 'Pilé - Gospel', 'Mauvais djo/Kano Choir', 'Mauvais djo/Kano Choir - Pilé - Gospel', 'icecast', 'music', 'srv/covers/cover-1-1782769520-9472972e.jpg', '2026-06-30 23:10:46', '2026-06-30 23:12:41', 115, '2026-06-30 23:10:46', '2026-06-30 23:12:41'),
(97, 1, 178, 1, 365, 'B.M.S (by my side)', 'Rambo goyard', 'Rambo goyard - B.M.S (by my side)', 'icecast', 'music', 'srv/covers/cover-1-1782769548-adea7388.jpg', '2026-06-30 23:12:41', '2026-06-30 23:14:36', 115, '2026-06-30 23:12:41', '2026-06-30 23:14:36'),
(98, 1, 180, 1, 366, 'Dracula - JENNIE Remix', 'Tame Impala/JENNIE', 'Tame Impala/JENNIE - Dracula - JENNIE Remix', 'icecast', 'music', 'srv/covers/cover-1-1782769548-8cadbc62.jpg', '2026-06-30 23:14:36', '2026-06-30 23:17:56', 200, '2026-06-30 23:14:36', '2026-06-30 23:17:56'),
(99, 1, 179, 1, 367, 'Dai Dai', 'Shakira/Burna Boy', 'Shakira/Burna Boy - Dai Dai', 'icecast', 'music', 'srv/covers/cover-1-1782769548-13478b90.jpg', '2026-06-30 23:17:56', '2026-06-30 23:21:37', 221, '2026-06-30 23:17:56', '2026-06-30 23:21:37'),
(100, 1, 189, 1, 368, 'MON BÉBÉ', 'RnBoi', 'RnBoi - MON BÉBÉ', 'icecast', 'music', 'srv/covers/cover-1-1782769549-cc4e4069.jpg', '2026-06-30 23:21:37', '2026-06-30 23:24:41', 184, '2026-06-30 23:21:37', '2026-06-30 23:24:41'),
(101, 1, 118, 1, 370, 'Stager 3  - 2022', 'NRJ', 'NRJ - Stager 3  - 2022', 'icecast', 'jingle', NULL, '2026-06-30 23:24:41', '2026-06-30 23:24:56', 15, '2026-06-30 23:24:41', '2026-06-30 23:24:56'),
(102, 1, 206, 1, 371, 'Tu dors ?', 'PLK', 'PLK - Tu dors ?', 'icecast', 'music', 'srv/covers/cover-1-1782769550-8c954087.jpg', '2026-06-30 23:24:56', '2026-06-30 23:26:53', 117, '2026-06-30 23:24:56', '2026-06-30 23:26:53'),
(103, 1, 204, 1, 372, 'Paris', 'Nono La Grinta', 'Nono La Grinta - Paris', 'icecast', 'music', 'srv/covers/cover-1-1782769550-ea82eb82.jpg', '2026-06-30 23:26:53', '2026-06-30 23:29:37', 164, '2026-06-30 23:26:53', '2026-06-30 23:29:37'),
(104, 1, 203, 1, 373, 'Sex Model', 'PLK/Theodora', 'PLK/Theodora - Sex Model', 'icecast', 'music', 'srv/covers/cover-1-1782769550-8283d168.jpg', '2026-06-30 23:29:37', '2026-06-30 23:31:49', 132, '2026-06-30 23:29:37', '2026-06-30 23:31:49'),
(105, 1, 212, 1, 354, 'SOUS CONTRÔLE', 'Rven/GIMS/EREBOR MUSIC', 'Rven/GIMS/EREBOR MUSIC - SOUS CONTRÔLE', 'icecast', 'music', 'srv/covers/cover-1-1782839955-f851d45f.jpg', '2026-06-30 23:31:49', '2026-07-01 09:30:31', 35922, '2026-06-30 23:31:49', '2026-07-01 09:30:31'),
(106, 1, 77, 1, 355, 'Jingle SHOTGUN ID 2', 'NRJ', 'NRJ - Jingle SHOTGUN ID 2', 'icecast', 'jingle', NULL, '2026-07-01 09:30:31', '2026-07-01 09:32:24', 113, '2026-07-01 09:30:31', '2026-07-01 09:32:24'),
(107, 1, 180, 1, 366, 'Dracula - JENNIE Remix', 'Tame Impala/JENNIE', 'Tame Impala/JENNIE - Dracula - JENNIE Remix', 'icecast', 'music', 'srv/covers/cover-1-1782769548-8cadbc62.jpg', '2026-07-01 09:32:24', '2026-07-01 09:33:39', 75, '2026-07-01 09:32:24', '2026-07-01 09:33:39'),
(108, 1, 179, 1, 367, 'Dai Dai', 'Shakira/Burna Boy', 'Shakira/Burna Boy - Dai Dai', 'icecast', 'music', 'srv/covers/cover-1-1782769548-13478b90.jpg', '2026-07-01 09:33:39', '2026-07-01 09:37:14', 215, '2026-07-01 09:33:39', '2026-07-01 09:37:14'),
(109, 1, 189, 1, 368, 'MON BÉBÉ', 'RnBoi', 'RnBoi - MON BÉBÉ', 'icecast', 'music', 'srv/covers/cover-1-1782769549-cc4e4069.jpg', '2026-07-01 09:37:14', '2026-07-01 09:40:24', 190, '2026-07-01 09:37:14', '2026-07-01 09:40:24'),
(110, 1, 118, 1, 370, 'Stager 3  - 2022', 'NRJ', 'NRJ - Stager 3  - 2022', 'icecast', 'jingle', NULL, '2026-07-01 09:40:24', '2026-07-01 09:40:39', 15, '2026-07-01 09:40:24', '2026-07-01 09:40:39'),
(111, 1, 206, 1, 371, 'Tu dors ?', 'PLK', 'PLK - Tu dors ?', 'icecast', 'music', 'srv/covers/cover-1-1782769550-8c954087.jpg', '2026-07-01 09:40:39', '2026-07-01 09:42:36', 117, '2026-07-01 09:40:39', '2026-07-01 09:42:36'),
(112, 1, 204, 1, 372, 'Paris', 'Nono La Grinta', 'Nono La Grinta - Paris', 'icecast', 'music', 'srv/covers/cover-1-1782769550-ea82eb82.jpg', '2026-07-01 09:42:36', '2026-07-01 09:45:19', 163, '2026-07-01 09:42:36', '2026-07-01 09:45:19'),
(113, 1, 203, 1, 373, 'Sex Model', 'PLK/Theodora', 'PLK/Theodora - Sex Model', 'icecast', 'music', 'srv/covers/cover-1-1782769550-8283d168.jpg', '2026-07-01 09:45:19', '2026-07-01 09:47:56', 157, '2026-07-01 09:45:19', '2026-07-01 09:47:56'),
(114, 1, 202, 1, 374, 'Coco Chanel', 'Meryl/Eva', 'Meryl/Eva - Coco Chanel', 'icecast', 'music', 'srv/covers/cover-1-1782769550-3c1d771f.jpg', '2026-07-01 09:47:56', '2026-07-01 09:49:56', 120, '2026-07-01 09:47:56', '2026-07-01 09:49:56'),
(115, 1, 199, 1, 375, 'melodrama', 'disiz/Theodora', 'disiz/Theodora - melodrama', 'icecast', 'music', 'srv/covers/cover-1-1782769549-1919faea.jpg', '2026-07-01 09:49:56', '2026-07-01 09:52:44', 168, '2026-07-01 09:49:56', '2026-07-01 09:52:44'),
(116, 1, 196, 1, 376, 'méli-mélo', 'kulturr', 'kulturr - méli-mélo', 'icecast', 'music', 'srv/covers/cover-1-1782769549-a42e83f8.jpg', '2026-07-01 09:52:44', '2026-07-01 09:55:06', 142, '2026-07-01 09:52:44', '2026-07-01 09:55:06'),
(117, 1, 195, 1, 377, 'ELLE VOULAIT', 'RnBoi', 'RnBoi - ELLE VOULAIT', 'icecast', 'music', 'srv/covers/cover-1-1782769549-a5670ca9.jpg', '2026-07-01 09:55:06', '2026-07-01 09:57:23', 137, '2026-07-01 09:55:06', '2026-07-01 09:57:23'),
(118, 1, 186, 1, 378, 'La vie qu\'on mène', 'Ninho', 'Ninho - La vie qu\'on mène', 'icecast', 'music', 'srv/covers/cover-1-1782769548-821abb35.jpg', '2026-07-01 09:57:23', '2026-07-01 10:00:26', 183, '2026-07-01 09:57:23', '2026-07-01 10:00:26'),
(119, 1, 183, 1, 379, 'Mélo Décalé', 'Tiakola', 'Tiakola - Mélo Décalé', 'icecast', 'music', 'srv/covers/cover-1-1782769548-32c63f15.jpg', '2026-07-01 10:00:26', '2026-07-01 10:02:52', 146, '2026-07-01 10:00:26', '2026-07-01 10:02:52'),
(120, 1, 158, 1, 380, 'FEFE FULL NWAR', 'MINUISKI', 'MINUISKI - FEFE FULL NWAR', 'icecast', 'music', 'srv/covers/cover-1-1782769520-591bc53d.jpg', '2026-07-01 10:02:52', '2026-07-01 10:06:41', 229, '2026-07-01 10:02:52', '2026-07-01 10:06:41'),
(121, 1, 212, 1, 354, 'SOUS CONTRÔLE', 'Rven/GIMS/EREBOR MUSIC', 'Rven/GIMS/EREBOR MUSIC - SOUS CONTRÔLE', 'icecast', 'music', 'srv/covers/cover-1-1782839955-f851d45f.jpg', '2026-07-01 10:06:41', '2026-07-01 10:09:31', 170, '2026-07-01 10:06:41', '2026-07-01 10:09:31'),
(122, 1, 77, 1, 355, 'Jingle SHOTGUN ID 2', 'NRJ', 'NRJ - Jingle SHOTGUN ID 2', 'icecast', 'jingle', NULL, '2026-07-01 10:09:31', '2026-07-01 10:09:41', 10, '2026-07-01 10:09:31', '2026-07-01 10:09:41'),
(123, 1, 154, 1, 356, 'Tout donner', 'Naza/SDM', 'Naza/SDM - Tout donner', 'icecast', 'music', 'srv/covers/cover-1-1782769519-0226456e.jpg', '2026-07-01 10:09:41', '2026-07-01 10:12:06', 145, '2026-07-01 10:09:41', '2026-07-01 10:12:06'),
(124, 1, 160, 1, 358, 'Minuit sur Messagerie', 'MINUISKI/Nina Rossell', 'MINUISKI/Nina Rossell - Minuit sur Messagerie', 'icecast', 'music', 'srv/covers/cover-1-1782769520-e50043d3.jpg', '2026-07-01 10:12:06', '2026-07-01 10:14:11', 125, '2026-07-01 10:12:06', '2026-07-01 10:14:11'),
(125, 1, 163, 1, 359, 'ça pik un peu quand même', 'miki', 'miki - ça pik un peu quand même', 'icecast', 'music', 'srv/covers/cover-1-1782769520-a8e26f75.jpg', '2026-07-01 10:14:11', '2026-07-01 10:16:21', 130, '2026-07-01 10:14:11', '2026-07-01 10:16:21'),
(126, 1, 169, 1, 360, 'Soleil', 'GIMS', 'GIMS - Soleil', 'icecast', 'music', 'srv/covers/cover-1-1782769547-2f20773c.jpg', '2026-07-01 10:16:21', '2026-07-01 10:18:21', 120, '2026-07-01 10:16:21', '2026-07-01 10:18:21'),
(127, 1, 171, 1, 361, 'Jamaican (Bam Bam)', 'HUGEL/SOLTO (FR)', 'HUGEL/SOLTO (FR) - Jamaican (Bam Bam)', 'icecast', 'music', 'srv/covers/cover-1-1782769547-727101fd.jpg', '2026-07-01 10:18:21', '2026-07-01 10:20:46', 145, '2026-07-01 10:18:21', '2026-07-01 10:20:46'),
(128, 1, 175, 1, 362, 'Pineapple', 'Leto', 'Leto - Pineapple', 'icecast', 'music', 'srv/covers/cover-1-1782769547-e99d64fb.jpg', '2026-07-01 10:20:46', '2026-07-01 10:23:21', 155, '2026-07-01 10:20:46', '2026-07-01 10:23:21'),
(129, 1, 128, 1, 363, 'NRJ // SWEEPER 10 HITS SUITE_2020_01', 'Alexis NRJ', 'Alexis NRJ - NRJ // SWEEPER 10 HITS SUITE_2020_01', 'icecast', 'jingle', 'srv/covers/cover-1-1782755480-ef26ac28.jpg', '2026-07-01 10:23:21', '2026-07-01 10:23:26', 5, '2026-07-01 10:23:21', '2026-07-01 10:23:26'),
(130, 1, 155, 1, 364, 'Pilé - Gospel', 'Mauvais djo/Kano Choir', 'Mauvais djo/Kano Choir - Pilé - Gospel', 'icecast', 'music', 'srv/covers/cover-1-1782769520-9472972e.jpg', '2026-07-01 10:23:26', '2026-07-01 10:25:21', 115, '2026-07-01 10:23:26', '2026-07-01 10:25:21'),
(131, 1, 178, 1, 365, 'B.M.S (by my side)', 'Rambo goyard', 'Rambo goyard - B.M.S (by my side)', 'icecast', 'music', 'srv/covers/cover-1-1782769548-adea7388.jpg', '2026-07-01 10:25:21', '2026-07-01 10:51:31', 1570, '2026-07-01 10:25:21', '2026-07-01 10:51:31'),
(132, 1, 180, 1, 366, 'Dracula - JENNIE Remix', 'Tame Impala/JENNIE', 'Tame Impala/JENNIE - Dracula - JENNIE Remix', 'icecast', 'music', 'srv/covers/cover-1-1782769548-8cadbc62.jpg', '2026-07-01 10:51:31', '2026-07-01 10:52:51', 80, '2026-07-01 10:51:31', '2026-07-01 10:52:51'),
(133, 1, 179, 1, 367, 'Dai Dai', 'Shakira/Burna Boy', 'Shakira/Burna Boy - Dai Dai', 'icecast', 'music', 'srv/covers/cover-1-1782769548-13478b90.jpg', '2026-07-01 10:52:51', '2026-07-01 10:56:21', 210, '2026-07-01 10:52:51', '2026-07-01 10:56:21'),
(134, 1, 189, 1, 368, 'MON BÉBÉ', 'RnBoi', 'RnBoi - MON BÉBÉ', 'icecast', 'music', 'srv/covers/cover-1-1782769549-cc4e4069.jpg', '2026-07-01 10:56:21', '2026-07-02 12:43:49', 92848, '2026-07-01 10:56:21', '2026-07-02 12:43:49'),
(136, 1, 154, 4, 356, 'Tout donner', 'Naza/SDM', 'Naza/SDM - Tout donner', 'icecast', 'music', 'srv/covers/cover-1-1782769519-0226456e.jpg', '2026-07-02 12:43:49', '2026-07-02 12:45:22', 93, '2026-07-02 12:43:49', '2026-07-02 12:45:22'),
(137, 1, 175, 4, 313, 'Pineapple', 'Leto', 'Leto - Pineapple', 'icecast', 'music', 'srv/covers/cover-1-1782769547-e99d64fb.jpg', '2026-07-02 12:45:22', '2026-07-02 12:45:47', 25, '2026-07-02 12:45:22', '2026-07-02 12:45:47'),
(138, 1, 163, 4, 315, 'ça pik un peu quand même', 'miki', 'miki - ça pik un peu quand même', 'icecast', 'music', 'srv/covers/cover-1-1782769520-a8e26f75.jpg', '2026-07-02 12:45:47', '2026-07-02 12:49:07', 200, '2026-07-02 12:45:47', '2026-07-02 12:49:07'),
(139, 1, 206, 4, 317, 'Tu dors ?', 'PLK', 'PLK - Tu dors ?', 'icecast', 'music', 'srv/covers/cover-1-1782769550-8c954087.jpg', '2026-07-02 12:49:07', '2026-07-02 12:51:12', 125, '2026-07-02 12:49:07', '2026-07-02 12:51:12'),
(140, 1, 98, 4, 318, 'Jingle RAPID FIRE ID 11', 'NRJ', 'NRJ - Jingle RAPID FIRE ID 11', 'icecast', 'jingle', NULL, '2026-07-02 12:51:12', '2026-07-02 12:51:17', 5, '2026-07-02 12:51:12', '2026-07-02 12:51:17'),
(141, 1, 162, 4, 319, 'particule', 'miki', 'miki - particule', 'icecast', 'music', 'srv/covers/cover-1-1782769520-b4a3c6a0.jpg', '2026-07-02 12:51:17', '2026-07-02 12:54:07', 170, '2026-07-02 12:51:17', '2026-07-02 12:54:07'),
(142, 1, 97, 4, 320, 'Jingle RAPID FIRE ID 10', 'NRJ', 'NRJ - Jingle RAPID FIRE ID 10', 'icecast', 'jingle', NULL, '2026-07-02 12:54:07', '2026-07-02 12:54:12', 5, '2026-07-02 12:54:07', '2026-07-02 12:54:12'),
(143, 1, 159, 4, 321, 'SRT FULL NWAR', 'MINUISKI', 'MINUISKI - SRT FULL NWAR', 'icecast', 'music', 'srv/covers/cover-1-1782769520-81376258.jpg', '2026-07-02 12:54:12', '2026-07-02 12:57:37', 205, '2026-07-02 12:54:12', '2026-07-02 12:57:37'),
(144, 1, 156, 4, 323, 'MÉDICAMENT', 'HOUDI/Anyme023', 'HOUDI/Anyme023 - MÉDICAMENT', 'icecast', 'music', 'srv/covers/cover-1-1782769520-d8776d13.jpg', '2026-07-02 12:57:37', '2026-07-02 13:00:27', 170, '2026-07-02 12:57:37', '2026-07-02 13:00:27'),
(145, 1, 208, 1, 287, 'C\'est la cité', 'Jul/Naps', 'Jul/Naps - C\'est la cité', 'icecast', 'music', 'srv/covers/cover-1-1782769550-6725e149.jpg', '2026-07-02 13:00:27', '2026-07-02 13:04:07', 220, '2026-07-02 13:00:27', '2026-07-02 13:04:07'),
(146, 1, 77, 1, 355, 'Jingle SHOTGUN ID 2', 'NRJ', 'NRJ - Jingle SHOTGUN ID 2', 'icecast', 'jingle', NULL, '2026-07-02 13:04:07', '2026-07-02 13:04:17', 10, '2026-07-02 13:04:07', '2026-07-02 13:04:17'),
(147, 1, 212, 1, 354, 'SOUS CONTRÔLE', 'Rven/GIMS/EREBOR MUSIC', 'Rven/GIMS/EREBOR MUSIC - SOUS CONTRÔLE', 'icecast', 'music', 'srv/covers/cover-1-1782839955-f851d45f.jpg', '2026-07-02 13:04:17', '2026-07-02 13:06:07', 110, '2026-07-02 13:04:17', '2026-07-02 13:06:07'),
(148, 1, 154, 1, 356, 'Tout donner', 'Naza/SDM', 'Naza/SDM - Tout donner', 'icecast', 'music', 'srv/covers/cover-1-1782769519-0226456e.jpg', '2026-07-02 13:06:07', '2026-07-02 13:08:32', 145, '2026-07-02 13:06:07', '2026-07-02 13:08:32'),
(149, 1, 160, 1, 358, 'Minuit sur Messagerie', 'MINUISKI/Nina Rossell', 'MINUISKI/Nina Rossell - Minuit sur Messagerie', 'icecast', 'music', 'srv/covers/cover-1-1782769520-e50043d3.jpg', '2026-07-02 13:08:32', '2026-07-02 13:10:37', 125, '2026-07-02 13:08:32', '2026-07-02 13:10:37'),
(150, 1, 163, 1, 359, 'ça pik un peu quand même', 'miki', 'miki - ça pik un peu quand même', 'icecast', 'music', 'srv/covers/cover-1-1782769520-a8e26f75.jpg', '2026-07-02 13:10:37', '2026-07-02 13:12:42', 125, '2026-07-02 13:10:37', '2026-07-02 13:12:42'),
(151, 1, 169, 1, 360, 'Soleil', 'GIMS', 'GIMS - Soleil', 'icecast', 'music', 'srv/covers/cover-1-1782769547-2f20773c.jpg', '2026-07-02 13:12:42', '2026-07-02 13:14:47', 125, '2026-07-02 13:12:42', '2026-07-02 13:14:47'),
(152, 1, 171, 1, 361, 'Jamaican (Bam Bam)', 'HUGEL/SOLTO (FR)', 'HUGEL/SOLTO (FR) - Jamaican (Bam Bam)', 'icecast', 'music', 'srv/covers/cover-1-1782769547-727101fd.jpg', '2026-07-02 13:14:47', '2026-07-02 13:17:12', 145, '2026-07-02 13:14:47', '2026-07-02 13:17:12'),
(153, 1, 175, 1, 362, 'Pineapple', 'Leto', 'Leto - Pineapple', 'icecast', 'music', 'srv/covers/cover-1-1782769547-e99d64fb.jpg', '2026-07-02 13:17:12', '2026-07-02 13:19:42', 150, '2026-07-02 13:17:12', '2026-07-02 13:19:42'),
(154, 1, 155, 1, 364, 'Pilé - Gospel', 'Mauvais djo/Kano Choir', 'Mauvais djo/Kano Choir - Pilé - Gospel', 'icecast', 'music', 'srv/covers/cover-1-1782769520-9472972e.jpg', '2026-07-02 13:19:42', '2026-07-02 13:21:32', 110, '2026-07-02 13:19:42', '2026-07-02 13:21:32'),
(155, 1, 178, 1, 365, 'B.M.S (by my side)', 'Rambo goyard', 'Rambo goyard - B.M.S (by my side)', 'icecast', 'music', 'srv/covers/cover-1-1782769548-adea7388.jpg', '2026-07-02 13:21:32', '2026-07-02 13:22:21', 49, '2026-07-02 13:21:32', '2026-07-02 13:22:21'),
(156, 1, 180, 1, 366, 'Dracula - JENNIE Remix', 'Tame Impala/JENNIE', 'Tame Impala/JENNIE - Dracula - JENNIE Remix', 'icecast', 'music', 'srv/covers/cover-1-1782769548-8cadbc62.jpg', '2026-07-02 13:22:21', '2026-07-02 13:25:41', 200, '2026-07-02 13:22:21', '2026-07-02 13:25:41'),
(157, 1, 179, 1, 367, 'Dai Dai', 'Shakira/Burna Boy', 'Shakira/Burna Boy - Dai Dai', 'icecast', 'music', 'srv/covers/cover-1-1782769548-13478b90.jpg', '2026-07-02 13:25:41', '2026-07-02 13:29:17', 216, '2026-07-02 13:25:41', '2026-07-02 13:29:17'),
(158, 1, 189, 1, 368, 'MON BÉBÉ', 'RnBoi', 'RnBoi - MON BÉBÉ', 'icecast', 'music', 'srv/covers/cover-1-1782769549-cc4e4069.jpg', '2026-07-02 13:29:17', '2026-07-02 13:32:27', 190, '2026-07-02 13:29:17', '2026-07-02 13:32:27'),
(159, 1, 118, 1, 370, 'Stager 3  - 2022', 'NRJ', 'NRJ - Stager 3  - 2022', 'icecast', 'jingle', NULL, '2026-07-02 13:32:27', '2026-07-02 13:32:42', 15, '2026-07-02 13:32:27', '2026-07-02 13:32:42'),
(160, 1, 206, 1, 371, 'Tu dors ?', 'PLK', 'PLK - Tu dors ?', 'icecast', 'music', 'srv/covers/cover-1-1782769550-8c954087.jpg', '2026-07-02 13:32:42', '2026-07-02 13:34:40', 118, '2026-07-02 13:32:42', '2026-07-02 13:34:40'),
(161, 1, 204, 1, 372, 'Paris', 'Nono La Grinta', 'Nono La Grinta - Paris', 'icecast', 'music', 'srv/covers/cover-1-1782769550-ea82eb82.jpg', '2026-07-02 13:34:40', '2026-07-02 13:37:22', 162, '2026-07-02 13:34:40', '2026-07-02 13:37:22'),
(162, 1, 203, 1, 373, 'Sex Model', 'PLK/Theodora', 'PLK/Theodora - Sex Model', 'icecast', 'music', 'srv/covers/cover-1-1782769550-8283d168.jpg', '2026-07-02 13:37:22', '2026-07-02 13:39:57', 155, '2026-07-02 13:37:22', '2026-07-02 13:39:57'),
(163, 1, 202, 1, 374, 'Coco Chanel', 'Meryl/Eva', 'Meryl/Eva - Coco Chanel', 'icecast', 'music', 'srv/covers/cover-1-1782769550-3c1d771f.jpg', '2026-07-02 13:39:57', '2026-07-02 13:42:02', 125, '2026-07-02 13:39:57', '2026-07-02 13:42:02'),
(164, 1, 199, 1, 375, 'melodrama', 'disiz/Theodora', 'disiz/Theodora - melodrama', 'icecast', 'music', 'srv/covers/cover-1-1782769549-1919faea.jpg', '2026-07-02 13:42:02', '2026-07-02 13:44:47', 165, '2026-07-02 13:42:02', '2026-07-02 13:44:47'),
(165, 1, 196, 1, 376, 'méli-mélo', 'kulturr', 'kulturr - méli-mélo', 'icecast', 'music', 'srv/covers/cover-1-1782769549-a42e83f8.jpg', '2026-07-02 13:44:47', '2026-07-02 13:47:12', 145, '2026-07-02 13:44:47', '2026-07-02 13:47:12'),
(166, 1, 195, 1, 377, 'ELLE VOULAIT', 'RnBoi', 'RnBoi - ELLE VOULAIT', 'icecast', 'music', 'srv/covers/cover-1-1782769549-a5670ca9.jpg', '2026-07-02 13:47:12', '2026-07-02 13:49:25', 133, '2026-07-02 13:47:12', '2026-07-02 13:49:25'),
(167, 1, 186, 1, 378, 'La vie qu\'on mène', 'Ninho', 'Ninho - La vie qu\'on mène', 'icecast', 'music', 'srv/covers/cover-1-1782769548-821abb35.jpg', '2026-07-02 13:49:25', '2026-07-02 13:52:30', 185, '2026-07-02 13:49:25', '2026-07-02 13:52:30'),
(168, 1, 183, 1, 379, 'Mélo Décalé', 'Tiakola', 'Tiakola - Mélo Décalé', 'icecast', 'music', 'srv/covers/cover-1-1782769548-32c63f15.jpg', '2026-07-02 13:52:30', '2026-07-02 13:54:55', 145, '2026-07-02 13:52:30', '2026-07-02 13:54:55'),
(169, 1, 158, 1, 380, 'FEFE FULL NWAR', 'MINUISKI', 'MINUISKI - FEFE FULL NWAR', 'icecast', 'music', 'srv/covers/cover-1-1782769520-591bc53d.jpg', '2026-07-02 13:54:55', '2026-07-02 14:00:32', 337, '2026-07-02 13:54:55', '2026-07-02 14:00:32'),
(170, 1, 212, 1, 354, 'SOUS CONTRÔLE', 'Rven/GIMS/EREBOR MUSIC', 'Rven/GIMS/EREBOR MUSIC - SOUS CONTRÔLE', 'icecast', 'music', 'srv/covers/cover-1-1782839955-f851d45f.jpg', '2026-07-02 14:00:32', '2026-07-02 14:03:22', 170, '2026-07-02 14:00:32', '2026-07-02 14:03:22'),
(171, 1, 77, 1, 355, 'Jingle SHOTGUN ID 2', 'NRJ', 'NRJ - Jingle SHOTGUN ID 2', 'icecast', 'jingle', NULL, '2026-07-02 14:03:22', '2026-07-02 14:03:32', 10, '2026-07-02 14:03:22', '2026-07-02 14:03:32'),
(172, 1, 154, 1, 356, 'Tout donner', 'Naza/SDM', 'Naza/SDM - Tout donner', 'icecast', 'music', 'srv/covers/cover-1-1782769519-0226456e.jpg', '2026-07-02 14:03:32', '2026-07-02 14:06:07', 155, '2026-07-02 14:03:32', '2026-07-02 14:06:07'),
(173, 1, 160, 1, 358, 'Minuit sur Messagerie', 'MINUISKI/Nina Rossell', 'MINUISKI/Nina Rossell - Minuit sur Messagerie', 'icecast', 'music', 'srv/covers/cover-1-1782769520-e50043d3.jpg', '2026-07-02 14:06:07', '2026-07-02 14:08:17', 130, '2026-07-02 14:06:07', '2026-07-02 14:08:17'),
(174, 1, 163, 1, 359, 'ça pik un peu quand même', 'miki', 'miki - ça pik un peu quand même', 'icecast', 'music', 'srv/covers/cover-1-1782769520-a8e26f75.jpg', '2026-07-02 14:08:17', '2026-07-02 14:10:27', 130, '2026-07-02 14:08:17', '2026-07-02 14:10:27'),
(175, 1, 169, 1, 360, 'Soleil', 'GIMS', 'GIMS - Soleil', 'icecast', 'music', 'srv/covers/cover-1-1782769547-2f20773c.jpg', '2026-07-02 14:10:27', '2026-07-02 14:12:32', 125, '2026-07-02 14:10:27', '2026-07-02 14:12:32'),
(176, 1, 171, 1, 361, 'Jamaican (Bam Bam)', 'HUGEL/SOLTO (FR)', 'HUGEL/SOLTO (FR) - Jamaican (Bam Bam)', 'icecast', 'music', 'srv/covers/cover-1-1782769547-727101fd.jpg', '2026-07-02 14:12:32', '2026-07-02 14:15:07', 155, '2026-07-02 14:12:32', '2026-07-02 14:15:07'),
(177, 1, 175, 1, 362, 'Pineapple', 'Leto', 'Leto - Pineapple', 'icecast', 'music', 'srv/covers/cover-1-1782769547-e99d64fb.jpg', '2026-07-02 14:15:07', '2026-07-02 14:17:42', 155, '2026-07-02 14:15:07', '2026-07-02 14:17:42'),
(178, 1, 171, 1, 361, 'Jamaican (Bam Bam)', 'HUGEL/SOLTO (FR)', 'HUGEL/SOLTO (FR) - Jamaican (Bam Bam)', 'icecast', 'music', 'srv/covers/cover-1-1782769547-727101fd.jpg', '2026-07-02 14:17:42', '2026-07-02 14:18:34', 52, '2026-07-02 14:17:42', '2026-07-02 14:18:34'),
(179, 1, 155, 1, 364, 'Pilé - Gospel', 'Mauvais djo/Kano Choir', 'Mauvais djo/Kano Choir - Pilé - Gospel', 'icecast', 'music', 'srv/covers/cover-1-1782769520-9472972e.jpg', '2026-07-02 14:18:34', '2026-07-02 14:20:34', 120, '2026-07-02 14:18:34', '2026-07-02 14:20:34'),
(180, 1, 178, 1, 365, 'B.M.S (by my side)', 'Rambo goyard', 'Rambo goyard - B.M.S (by my side)', 'icecast', 'music', 'srv/covers/cover-1-1782769548-adea7388.jpg', '2026-07-02 14:20:34', '2026-07-02 14:22:17', 103, '2026-07-02 14:20:34', '2026-07-02 14:22:17'),
(181, 1, 180, 1, 366, 'Dracula - JENNIE Remix', 'Tame Impala/JENNIE', 'Tame Impala/JENNIE - Dracula - JENNIE Remix', 'icecast', 'music', 'srv/covers/cover-1-1782769548-8cadbc62.jpg', '2026-07-02 14:22:17', '2026-07-02 14:26:34', 257, '2026-07-02 14:22:17', '2026-07-02 14:26:34'),
(182, 1, 179, 1, 367, 'Dai Dai', 'Shakira/Burna Boy', 'Shakira/Burna Boy - Dai Dai', 'icecast', 'music', 'srv/covers/cover-1-1782769548-13478b90.jpg', '2026-07-02 14:26:34', '2026-07-02 14:29:34', 180, '2026-07-02 14:26:34', '2026-07-02 14:29:34'),
(183, 1, 189, 1, 368, 'MON BÉBÉ', 'RnBoi', 'RnBoi - MON BÉBÉ', 'icecast', 'music', 'srv/covers/cover-1-1782769549-cc4e4069.jpg', '2026-07-02 14:29:34', '2026-07-02 14:33:34', 240, '2026-07-02 14:29:34', '2026-07-02 14:33:34'),
(184, 1, 206, 1, 371, 'Tu dors ?', 'PLK', 'PLK - Tu dors ?', 'icecast', 'music', 'srv/covers/cover-1-1782769550-8c954087.jpg', '2026-07-02 14:33:34', '2026-07-02 14:34:57', 83, '2026-07-02 14:33:34', '2026-07-02 14:34:57'),
(185, 1, 204, 1, 372, 'Paris', 'Nono La Grinta', 'Nono La Grinta - Paris', 'icecast', 'music', 'srv/covers/cover-1-1782769550-ea82eb82.jpg', '2026-07-02 14:34:57', '2026-07-02 14:38:34', 217, '2026-07-02 14:34:57', '2026-07-02 14:38:34'),
(186, 1, 203, 1, 373, 'Sex Model', 'PLK/Theodora', 'PLK/Theodora - Sex Model', 'icecast', 'music', 'srv/covers/cover-1-1782769550-8283d168.jpg', '2026-07-02 14:38:34', '2026-07-02 14:40:27', 113, '2026-07-02 14:38:34', '2026-07-02 14:40:27'),
(187, 1, 202, 1, 374, 'Coco Chanel', 'Meryl/Eva', 'Meryl/Eva - Coco Chanel', 'icecast', 'music', 'srv/covers/cover-1-1782769550-3c1d771f.jpg', '2026-07-02 14:40:27', '2026-07-02 14:42:32', 125, '2026-07-02 14:40:27', '2026-07-02 14:42:32'),
(188, 1, 196, 1, 376, 'méli-mélo', 'kulturr', 'kulturr - méli-mélo', 'icecast', 'music', 'srv/covers/cover-1-1782769549-a42e83f8.jpg', '2026-07-02 14:42:32', '2026-07-02 14:44:12', 100, '2026-07-02 14:42:32', '2026-07-02 14:44:12'),
(189, 1, 195, 1, 377, 'ELLE VOULAIT', 'RnBoi', 'RnBoi - ELLE VOULAIT', 'icecast', 'music', 'srv/covers/cover-1-1782769549-a5670ca9.jpg', '2026-07-02 14:44:12', '2026-07-02 14:46:32', 140, '2026-07-02 14:44:12', '2026-07-02 14:46:32'),
(190, 1, 186, 1, 378, 'La vie qu\'on mène', 'Ninho', 'Ninho - La vie qu\'on mène', 'icecast', 'music', 'srv/covers/cover-1-1782769548-821abb35.jpg', '2026-07-02 14:46:32', '2026-07-02 14:49:42', 190, '2026-07-02 14:46:32', '2026-07-02 14:49:42'),
(191, 1, 183, 1, 379, 'Mélo Décalé', 'Tiakola', 'Tiakola - Mélo Décalé', 'icecast', 'music', 'srv/covers/cover-1-1782769548-32c63f15.jpg', '2026-07-02 14:49:42', '2026-07-02 14:50:57', 75, '2026-07-02 14:49:42', '2026-07-02 14:50:57'),
(192, 1, 158, 1, 380, 'FEFE FULL NWAR', 'MINUISKI', 'MINUISKI - FEFE FULL NWAR', 'icecast', 'music', 'srv/covers/cover-1-1782769520-591bc53d.jpg', '2026-07-02 14:50:57', '2026-07-02 14:51:57', 60, '2026-07-02 14:50:57', '2026-07-02 14:51:57'),
(193, 1, 160, 1, 358, 'Minuit sur Messagerie', 'MINUISKI/Nina Rossell', 'MINUISKI/Nina Rossell - Minuit sur Messagerie', 'icecast', 'music', 'srv/covers/cover-1-1782769520-e50043d3.jpg', '2026-07-02 14:51:57', '2026-07-02 14:53:34', 97, '2026-07-02 14:51:57', '2026-07-02 14:53:34'),
(194, 1, 163, 1, 359, 'ça pik un peu quand même', 'miki', 'miki - ça pik un peu quand même', 'icecast', 'music', 'srv/covers/cover-1-1782769520-a8e26f75.jpg', '2026-07-02 14:53:34', '2026-07-02 14:55:42', 128, '2026-07-02 14:53:34', '2026-07-02 14:55:42'),
(195, 1, 169, 1, 360, 'Soleil', 'GIMS', 'GIMS - Soleil', 'icecast', 'music', 'srv/covers/cover-1-1782769547-2f20773c.jpg', '2026-07-02 14:55:42', '2026-07-02 14:57:47', 125, '2026-07-02 14:55:42', '2026-07-02 14:57:47'),
(196, 1, 171, 1, 361, 'Jamaican (Bam Bam)', 'HUGEL/SOLTO (FR)', 'HUGEL/SOLTO (FR) - Jamaican (Bam Bam)', 'icecast', 'music', 'srv/covers/cover-1-1782769547-727101fd.jpg', '2026-07-02 14:57:47', '2026-07-02 15:00:23', 156, '2026-07-02 14:57:47', '2026-07-02 15:00:23'),
(197, 1, 128, 1, 363, 'NRJ // SWEEPER 10 HITS SUITE_2020_01', 'Alexis NRJ', 'Alexis NRJ - NRJ // SWEEPER 10 HITS SUITE_2020_01', 'icecast', 'jingle', 'srv/covers/cover-1-1782755480-ef26ac28.jpg', '2026-07-02 15:00:23', '2026-07-02 15:00:28', 5, '2026-07-02 15:00:23', '2026-07-02 15:00:28'),
(198, 1, 175, 1, 362, 'Pineapple', 'Leto', 'Leto - Pineapple', 'icecast', 'music', 'srv/covers/cover-1-1782769547-e99d64fb.jpg', '2026-07-02 15:00:28', '2026-07-02 15:03:07', 159, '2026-07-02 15:00:28', '2026-07-02 15:03:07'),
(199, 1, 155, 1, 364, 'Pilé - Gospel', 'Mauvais djo/Kano Choir', 'Mauvais djo/Kano Choir - Pilé - Gospel', 'icecast', 'music', 'srv/covers/cover-1-1782769520-9472972e.jpg', '2026-07-02 15:03:07', '2026-07-02 15:04:58', 111, '2026-07-02 15:03:07', '2026-07-02 15:04:58'),
(200, 1, 178, 1, 365, 'B.M.S (by my side)', 'Rambo goyard', 'Rambo goyard - B.M.S (by my side)', 'icecast', 'music', 'srv/covers/cover-1-1782769548-adea7388.jpg', '2026-07-02 15:04:58', '2026-07-02 15:07:00', 122, '2026-07-02 15:04:58', '2026-07-02 15:07:00'),
(201, 1, 180, 1, 366, 'Dracula - JENNIE Remix', 'Tame Impala/JENNIE', 'Tame Impala/JENNIE - Dracula - JENNIE Remix', 'icecast', 'music', 'srv/covers/cover-1-1782769548-8cadbc62.jpg', '2026-07-02 15:07:00', '2026-07-02 15:11:39', 279, '2026-07-02 15:07:00', '2026-07-02 15:11:39'),
(202, 1, 179, 1, 367, 'Dai Dai', 'Shakira/Burna Boy', 'Shakira/Burna Boy - Dai Dai', 'icecast', 'music', 'srv/covers/cover-1-1782769548-13478b90.jpg', '2026-07-02 15:11:39', '2026-07-02 15:16:48', 309, '2026-07-02 15:11:39', '2026-07-02 15:16:48'),
(203, 1, 189, 1, 368, 'MON BÉBÉ', 'RnBoi', 'RnBoi - MON BÉBÉ', 'icecast', 'music', 'srv/covers/cover-1-1782769549-cc4e4069.jpg', '2026-07-02 15:16:48', '2026-07-02 15:20:06', 198, '2026-07-02 15:16:48', '2026-07-02 15:20:06'),
(204, 1, 118, 1, 370, 'Stager 3  - 2022', 'NRJ', 'NRJ - Stager 3  - 2022', 'icecast', 'jingle', NULL, '2026-07-02 15:20:06', '2026-07-02 15:20:21', 15, '2026-07-02 15:20:06', '2026-07-02 15:20:21'),
(205, 1, 206, 1, 371, 'Tu dors ?', 'PLK', 'PLK - Tu dors ?', 'icecast', 'music', 'srv/covers/cover-1-1782769550-8c954087.jpg', '2026-07-02 15:20:21', '2026-07-02 15:22:24', 123, '2026-07-02 15:20:21', '2026-07-02 15:22:24'),
(206, 1, 204, 1, 372, 'Paris', 'Nono La Grinta', 'Nono La Grinta - Paris', 'icecast', 'music', 'srv/covers/cover-1-1782769550-ea82eb82.jpg', '2026-07-02 15:22:24', '2026-07-02 15:25:11', 167, '2026-07-02 15:22:24', '2026-07-02 15:25:11'),
(207, 1, 203, 1, 373, 'Sex Model', 'PLK/Theodora', 'PLK/Theodora - Sex Model', 'icecast', 'music', 'srv/covers/cover-1-1782769550-8283d168.jpg', '2026-07-02 15:25:11', '2026-07-02 15:27:56', 165, '2026-07-02 15:25:11', '2026-07-02 15:27:56');
INSERT INTO `radio_play_history` (`id`, `radio_id`, `media_id`, `playlist_id`, `playlist_item_id`, `title`, `artist`, `raw_title`, `source`, `content_type`, `cover_path`, `started_at`, `ended_at`, `duration_seconds`, `created_at`, `updated_at`) VALUES
(208, 1, 202, 1, 374, 'Coco Chanel', 'Meryl/Eva', 'Meryl/Eva - Coco Chanel', 'icecast', 'music', 'srv/covers/cover-1-1782769550-3c1d771f.jpg', '2026-07-02 15:27:56', '2026-07-02 15:28:11', 15, '2026-07-02 15:27:56', '2026-07-02 15:28:11'),
(209, 1, 199, 1, 375, 'melodrama', 'disiz/Theodora', 'disiz/Theodora - melodrama', 'icecast', 'music', 'srv/covers/cover-1-1782769549-1919faea.jpg', '2026-07-02 15:28:11', '2026-07-02 15:28:31', 20, '2026-07-02 15:28:11', '2026-07-02 15:28:31'),
(210, 1, 196, 1, 376, 'méli-mélo', 'kulturr', 'kulturr - méli-mélo', 'icecast', 'music', 'srv/covers/cover-1-1782769549-a42e83f8.jpg', '2026-07-02 15:28:31', '2026-07-02 15:31:01', 150, '2026-07-02 15:28:31', '2026-07-02 15:31:01'),
(211, 1, 195, 1, 377, 'ELLE VOULAIT', 'RnBoi', 'RnBoi - ELLE VOULAIT', 'icecast', 'music', 'srv/covers/cover-1-1782769549-a5670ca9.jpg', '2026-07-02 15:31:01', '2026-07-02 15:33:34', 153, '2026-07-02 15:31:01', '2026-07-02 15:33:34'),
(212, 1, 186, 1, 378, 'La vie qu\'on mène', 'Ninho', 'Ninho - La vie qu\'on mène', 'icecast', 'music', 'srv/covers/cover-1-1782769548-821abb35.jpg', '2026-07-02 15:33:34', '2026-07-02 15:39:59', 385, '2026-07-02 15:33:34', '2026-07-02 15:39:59'),
(213, 1, 183, 1, 379, 'Mélo Décalé', 'Tiakola', 'Tiakola - Mélo Décalé', 'icecast', 'music', 'srv/covers/cover-1-1782769548-32c63f15.jpg', '2026-07-02 15:39:59', '2026-07-02 15:42:33', 154, '2026-07-02 15:39:59', '2026-07-02 15:42:33'),
(214, 1, 158, 1, 380, 'FEFE FULL NWAR', 'MINUISKI', 'MINUISKI - FEFE FULL NWAR', 'icecast', 'music', 'srv/covers/cover-1-1782769520-591bc53d.jpg', '2026-07-02 15:42:33', '2026-07-02 15:46:28', 235, '2026-07-02 15:42:33', '2026-07-02 15:46:28'),
(215, 1, 212, 1, 354, 'SOUS CONTRÔLE', 'Rven/GIMS/EREBOR MUSIC', 'Rven/GIMS/EREBOR MUSIC - SOUS CONTRÔLE', 'icecast', 'music', 'srv/covers/cover-1-1782839955-f851d45f.jpg', '2026-07-02 15:46:28', '2026-07-02 15:46:53', 25, '2026-07-02 15:46:28', '2026-07-02 15:46:53'),
(216, 1, 77, 1, 355, 'Jingle SHOTGUN ID 2', 'NRJ', 'NRJ - Jingle SHOTGUN ID 2', 'icecast', 'jingle', NULL, '2026-07-02 15:46:53', '2026-07-02 15:47:03', 10, '2026-07-02 15:46:53', '2026-07-02 15:47:03'),
(217, 1, 154, 1, 356, 'Tout donner', 'Naza/SDM', 'Naza/SDM - Tout donner', 'icecast', 'music', 'srv/covers/cover-1-1782769519-0226456e.jpg', '2026-07-02 15:47:03', '2026-07-02 15:49:33', 150, '2026-07-02 15:47:03', '2026-07-02 15:49:33'),
(218, 1, 160, 1, 358, 'Minuit sur Messagerie', 'MINUISKI/Nina Rossell', 'MINUISKI/Nina Rossell - Minuit sur Messagerie', 'icecast', 'music', 'srv/covers/cover-1-1782769520-e50043d3.jpg', '2026-07-02 15:49:33', '2026-07-02 15:51:43', 130, '2026-07-02 15:49:33', '2026-07-02 15:51:43'),
(219, 1, 163, 1, 359, 'ça pik un peu quand même', 'miki', 'miki - ça pik un peu quand même', 'icecast', 'music', 'srv/covers/cover-1-1782769520-a8e26f75.jpg', '2026-07-02 15:51:43', '2026-07-02 15:53:58', 135, '2026-07-02 15:51:43', '2026-07-02 15:53:58'),
(220, 1, 169, 1, 360, 'Soleil', 'GIMS', 'GIMS - Soleil', 'icecast', 'music', 'srv/covers/cover-1-1782769547-2f20773c.jpg', '2026-07-02 15:53:58', '2026-07-02 15:56:03', 125, '2026-07-02 15:53:58', '2026-07-02 15:56:03'),
(221, 1, 171, 1, 361, 'Jamaican (Bam Bam)', 'HUGEL/SOLTO (FR)', 'HUGEL/SOLTO (FR) - Jamaican (Bam Bam)', 'icecast', 'music', 'srv/covers/cover-1-1782769547-727101fd.jpg', '2026-07-02 15:56:03', '2026-07-02 15:58:33', 150, '2026-07-02 15:56:03', '2026-07-02 15:58:33'),
(222, 1, 175, 1, 362, 'Pineapple', 'Leto', 'Leto - Pineapple', 'icecast', 'music', 'srv/covers/cover-1-1782769547-e99d64fb.jpg', '2026-07-02 15:58:33', '2026-07-02 16:01:13', 160, '2026-07-02 15:58:33', '2026-07-02 16:01:13'),
(223, 1, 128, 1, 363, 'NRJ // SWEEPER 10 HITS SUITE_2020_01', 'Alexis NRJ', 'Alexis NRJ - NRJ // SWEEPER 10 HITS SUITE_2020_01', 'icecast', 'jingle', 'srv/covers/cover-1-1782755480-ef26ac28.jpg', '2026-07-02 16:01:13', '2026-07-02 16:01:18', 5, '2026-07-02 16:01:13', '2026-07-02 16:01:18'),
(224, 1, 155, 1, 364, 'Pilé - Gospel', 'Mauvais djo/Kano Choir', 'Mauvais djo/Kano Choir - Pilé - Gospel', 'icecast', 'music', 'srv/covers/cover-1-1782769520-9472972e.jpg', '2026-07-02 16:01:18', '2026-07-02 16:03:13', 115, '2026-07-02 16:01:18', '2026-07-02 16:03:13'),
(225, 1, 178, 1, 365, 'B.M.S (by my side)', 'Rambo goyard', 'Rambo goyard - B.M.S (by my side)', 'icecast', 'music', 'srv/covers/cover-1-1782769548-adea7388.jpg', '2026-07-02 16:03:13', '2026-07-02 16:05:13', 120, '2026-07-02 16:03:13', '2026-07-02 16:05:13'),
(226, 1, 180, 1, 366, 'Dracula - JENNIE Remix', 'Tame Impala/JENNIE', 'Tame Impala/JENNIE - Dracula - JENNIE Remix', 'icecast', 'music', 'srv/covers/cover-1-1782769548-8cadbc62.jpg', '2026-07-02 16:05:13', '2026-07-02 16:08:41', 208, '2026-07-02 16:05:13', '2026-07-02 16:08:41'),
(227, 1, 179, 1, 367, 'Dai Dai', 'Shakira/Burna Boy', 'Shakira/Burna Boy - Dai Dai', 'icecast', 'music', 'srv/covers/cover-1-1782769548-13478b90.jpg', '2026-07-02 16:08:41', '2026-07-02 16:10:16', 95, '2026-07-02 16:08:41', '2026-07-02 16:10:16'),
(228, 1, 189, 1, 368, 'MON BÉBÉ', 'RnBoi', 'RnBoi - MON BÉBÉ', 'icecast', 'music', 'srv/covers/cover-1-1782769549-cc4e4069.jpg', '2026-07-02 16:10:16', '2026-07-02 16:13:31', 195, '2026-07-02 16:10:16', '2026-07-02 16:13:31'),
(229, 1, 118, 1, 370, 'Stager 3  - 2022', 'NRJ', 'NRJ - Stager 3  - 2022', 'icecast', 'jingle', NULL, '2026-07-02 16:13:31', '2026-07-02 16:13:46', 15, '2026-07-02 16:13:31', '2026-07-02 16:13:46'),
(230, 1, 206, 1, 371, 'Tu dors ?', 'PLK', 'PLK - Tu dors ?', 'icecast', 'music', 'srv/covers/cover-1-1782769550-8c954087.jpg', '2026-07-02 16:13:46', '2026-07-02 16:15:51', 125, '2026-07-02 16:13:46', '2026-07-02 16:15:51'),
(231, 1, 204, 1, 372, 'Paris', 'Nono La Grinta', 'Nono La Grinta - Paris', 'icecast', 'music', 'srv/covers/cover-1-1782769550-ea82eb82.jpg', '2026-07-02 16:15:51', '2026-07-02 16:24:36', 525, '2026-07-02 16:15:51', '2026-07-02 16:24:36'),
(232, 1, 203, 1, 373, 'Sex Model', 'PLK/Theodora', 'PLK/Theodora - Sex Model', 'icecast', 'music', 'srv/covers/cover-1-1782769550-8283d168.jpg', '2026-07-02 16:24:36', '2026-07-02 16:27:21', 165, '2026-07-02 16:24:36', '2026-07-02 16:27:21'),
(233, 1, 202, 1, 374, 'Coco Chanel', 'Meryl/Eva', 'Meryl/Eva - Coco Chanel', 'icecast', 'music', 'srv/covers/cover-1-1782769550-3c1d771f.jpg', '2026-07-02 16:27:21', '2026-07-02 16:27:36', 15, '2026-07-02 16:27:21', '2026-07-02 16:27:36'),
(234, 1, 199, 1, 375, 'melodrama', 'disiz/Theodora', 'disiz/Theodora - melodrama', 'icecast', 'music', 'srv/covers/cover-1-1782769549-1919faea.jpg', '2026-07-02 16:27:36', '2026-07-02 16:27:56', 20, '2026-07-02 16:27:36', '2026-07-02 16:27:56'),
(235, 1, 196, 1, 376, 'méli-mélo', 'kulturr', 'kulturr - méli-mélo', 'icecast', 'music', 'srv/covers/cover-1-1782769549-a42e83f8.jpg', '2026-07-02 16:27:56', '2026-07-02 16:30:26', 150, '2026-07-02 16:27:56', '2026-07-02 16:30:26'),
(236, 5, 152, 7, 393, 'Autre monde', 'PNL', 'PNL - Autre monde', 'icecast', 'music', 'srv/covers/cover-1-1782769519-7f914537.jpg', '2026-07-02 16:28:02', '2026-07-02 18:05:03', 5821, '2026-07-02 16:28:02', '2026-07-02 18:05:03'),
(237, 1, 195, 1, 377, 'ELLE VOULAIT', 'RnBoi', 'RnBoi - ELLE VOULAIT', 'icecast', 'music', 'srv/covers/cover-1-1782769549-a5670ca9.jpg', '2026-07-02 16:30:26', '2026-07-02 16:33:34', 188, '2026-07-02 16:30:26', '2026-07-02 16:33:34'),
(238, 1, 186, 1, 378, 'La vie qu\'on mène', 'Ninho', 'Ninho - La vie qu\'on mène', 'icecast', 'music', 'srv/covers/cover-1-1782769548-821abb35.jpg', '2026-07-02 16:33:34', '2026-07-02 16:36:34', 180, '2026-07-02 16:33:34', '2026-07-02 16:36:34'),
(239, 1, 183, 1, 379, 'Mélo Décalé', 'Tiakola', 'Tiakola - Mélo Décalé', 'icecast', 'music', 'srv/covers/cover-1-1782769548-32c63f15.jpg', '2026-07-02 16:36:34', '2026-07-02 16:38:34', 120, '2026-07-02 16:36:34', '2026-07-02 16:38:34'),
(240, 1, 158, 1, 380, 'FEFE FULL NWAR', 'MINUISKI', 'MINUISKI - FEFE FULL NWAR', 'icecast', 'music', 'srv/covers/cover-1-1782769520-591bc53d.jpg', '2026-07-02 16:38:34', '2026-07-02 16:42:34', 240, '2026-07-02 16:38:34', '2026-07-02 16:42:34'),
(241, 1, 212, 1, 354, 'SOUS CONTRÔLE', 'Rven/GIMS/EREBOR MUSIC', 'Rven/GIMS/EREBOR MUSIC - SOUS CONTRÔLE', 'icecast', 'music', 'srv/covers/cover-1-1782839955-f851d45f.jpg', '2026-07-02 16:42:34', '2026-07-02 16:43:34', 60, '2026-07-02 16:42:34', '2026-07-02 16:43:34'),
(242, 1, 154, 1, 356, 'Tout donner', 'Naza/SDM', 'Naza/SDM - Tout donner', 'icecast', 'music', 'srv/covers/cover-1-1782769519-0226456e.jpg', '2026-07-02 16:43:34', '2026-07-02 16:45:27', 113, '2026-07-02 16:43:34', '2026-07-02 16:45:27'),
(243, 1, 160, 1, 358, 'Minuit sur Messagerie', 'MINUISKI/Nina Rossell', 'MINUISKI/Nina Rossell - Minuit sur Messagerie', 'icecast', 'music', 'srv/covers/cover-1-1782769520-e50043d3.jpg', '2026-07-02 16:45:27', '2026-07-02 16:48:34', 187, '2026-07-02 16:45:27', '2026-07-02 16:48:34'),
(244, 1, 163, 1, 359, 'ça pik un peu quand même', 'miki', 'miki - ça pik un peu quand même', 'icecast', 'music', 'srv/covers/cover-1-1782769520-a8e26f75.jpg', '2026-07-02 16:48:34', '2026-07-02 16:49:51', 77, '2026-07-02 16:48:34', '2026-07-02 16:49:51'),
(245, 1, 169, 1, 360, 'Soleil', 'GIMS', 'GIMS - Soleil', 'icecast', 'music', 'srv/covers/cover-1-1782769547-2f20773c.jpg', '2026-07-02 16:49:51', '2026-07-02 16:51:57', 126, '2026-07-02 16:49:51', '2026-07-02 16:51:57'),
(246, 1, 171, 1, 361, 'Jamaican (Bam Bam)', 'HUGEL/SOLTO (FR)', 'HUGEL/SOLTO (FR) - Jamaican (Bam Bam)', 'icecast', 'music', 'srv/covers/cover-1-1782769547-727101fd.jpg', '2026-07-02 16:51:57', '2026-07-02 16:54:34', 157, '2026-07-02 16:51:57', '2026-07-02 16:54:34'),
(247, 1, 175, 1, 362, 'Pineapple', 'Leto', 'Leto - Pineapple', 'icecast', 'music', 'srv/covers/cover-1-1782769547-e99d64fb.jpg', '2026-07-02 16:54:34', '2026-07-02 16:57:34', 180, '2026-07-02 16:54:34', '2026-07-02 16:57:34'),
(248, 1, 155, 1, 364, 'Pilé - Gospel', 'Mauvais djo/Kano Choir', 'Mauvais djo/Kano Choir - Pilé - Gospel', 'icecast', 'music', 'srv/covers/cover-1-1782769520-9472972e.jpg', '2026-07-02 16:57:34', '2026-07-02 16:59:34', 120, '2026-07-02 16:57:34', '2026-07-02 16:59:34'),
(249, 1, 178, 1, 365, 'B.M.S (by my side)', 'Rambo goyard', 'Rambo goyard - B.M.S (by my side)', 'icecast', 'music', 'srv/covers/cover-1-1782769548-adea7388.jpg', '2026-07-02 16:59:34', '2026-07-02 17:01:34', 120, '2026-07-02 16:59:34', '2026-07-02 17:01:34'),
(250, 1, 180, 1, 366, 'Dracula - JENNIE Remix', 'Tame Impala/JENNIE', 'Tame Impala/JENNIE - Dracula - JENNIE Remix', 'icecast', 'music', 'srv/covers/cover-1-1782769548-8cadbc62.jpg', '2026-07-02 17:01:34', '2026-07-02 17:04:37', 183, '2026-07-02 17:01:34', '2026-07-02 17:04:37'),
(251, 1, 179, 1, 367, 'Dai Dai', 'Shakira/Burna Boy', 'Shakira/Burna Boy - Dai Dai', 'icecast', 'music', 'srv/covers/cover-1-1782769548-13478b90.jpg', '2026-07-02 17:04:37', '2026-07-02 17:06:34', 117, '2026-07-02 17:04:37', '2026-07-02 17:06:34'),
(252, 1, 189, 1, 368, 'MON BÉBÉ', 'RnBoi', 'RnBoi - MON BÉBÉ', 'icecast', 'music', 'srv/covers/cover-1-1782769549-cc4e4069.jpg', '2026-07-02 17:06:34', '2026-07-02 17:09:34', 180, '2026-07-02 17:06:34', '2026-07-02 17:09:34'),
(253, 1, 118, 1, 370, 'Stager 3  - 2022', 'NRJ', 'NRJ - Stager 3  - 2022', 'icecast', 'jingle', NULL, '2026-07-02 17:09:34', '2026-07-02 17:10:34', 60, '2026-07-02 17:09:34', '2026-07-02 17:10:34'),
(254, 1, 206, 1, 371, 'Tu dors ?', 'PLK', 'PLK - Tu dors ?', 'icecast', 'music', 'srv/covers/cover-1-1782769550-8c954087.jpg', '2026-07-02 17:10:34', '2026-07-02 17:12:34', 120, '2026-07-02 17:10:34', '2026-07-02 17:12:34'),
(255, 1, 204, 1, 372, 'Paris', 'Nono La Grinta', 'Nono La Grinta - Paris', 'icecast', 'music', 'srv/covers/cover-1-1782769550-ea82eb82.jpg', '2026-07-02 17:12:34', '2026-07-02 17:14:34', 120, '2026-07-02 17:12:34', '2026-07-02 17:14:34'),
(256, 1, 203, 1, 373, 'Sex Model', 'PLK/Theodora', 'PLK/Theodora - Sex Model', 'icecast', 'music', 'srv/covers/cover-1-1782769550-8283d168.jpg', '2026-07-02 17:14:34', '2026-07-02 17:17:34', 180, '2026-07-02 17:14:34', '2026-07-02 17:17:34'),
(257, 1, 199, 1, 375, 'melodrama', 'disiz/Theodora', 'disiz/Theodora - melodrama', 'icecast', 'music', 'srv/covers/cover-1-1782769549-1919faea.jpg', '2026-07-02 17:17:34', '2026-07-02 17:18:34', 60, '2026-07-02 17:17:34', '2026-07-02 17:18:34'),
(258, 1, 196, 1, 376, 'méli-mélo', 'kulturr', 'kulturr - méli-mélo', 'icecast', 'music', 'srv/covers/cover-1-1782769549-a42e83f8.jpg', '2026-07-02 17:18:34', '2026-07-02 17:20:34', 120, '2026-07-02 17:18:34', '2026-07-02 17:20:34'),
(259, 1, 195, 1, 377, 'ELLE VOULAIT', 'RnBoi', 'RnBoi - ELLE VOULAIT', 'icecast', 'music', 'srv/covers/cover-1-1782769549-a5670ca9.jpg', '2026-07-02 17:20:34', '2026-07-02 17:23:34', 180, '2026-07-02 17:20:34', '2026-07-02 17:23:34'),
(260, 1, 186, 1, 378, 'La vie qu\'on mène', 'Ninho', 'Ninho - La vie qu\'on mène', 'icecast', 'music', 'srv/covers/cover-1-1782769548-821abb35.jpg', '2026-07-02 17:23:34', '2026-07-02 17:26:34', 180, '2026-07-02 17:23:34', '2026-07-02 17:26:34'),
(261, 1, 183, 1, 379, 'Mélo Décalé', 'Tiakola', 'Tiakola - Mélo Décalé', 'icecast', 'music', 'srv/covers/cover-1-1782769548-32c63f15.jpg', '2026-07-02 17:26:34', '2026-07-02 17:28:34', 120, '2026-07-02 17:26:34', '2026-07-02 17:28:34'),
(262, 1, 158, 1, 380, 'FEFE FULL NWAR', 'MINUISKI', 'MINUISKI - FEFE FULL NWAR', 'icecast', 'music', 'srv/covers/cover-1-1782769520-591bc53d.jpg', '2026-07-02 17:28:34', '2026-07-02 17:32:16', 222, '2026-07-02 17:28:34', '2026-07-02 17:32:16'),
(263, 1, 212, 1, 354, 'SOUS CONTRÔLE', 'Rven/GIMS/EREBOR MUSIC', 'Rven/GIMS/EREBOR MUSIC - SOUS CONTRÔLE', 'icecast', 'music', 'srv/covers/cover-1-1782839955-f851d45f.jpg', '2026-07-02 17:32:16', '2026-07-02 17:32:41', 25, '2026-07-02 17:32:16', '2026-07-02 17:32:41'),
(264, 1, 77, 1, 355, 'Jingle SHOTGUN ID 2', 'NRJ', 'NRJ - Jingle SHOTGUN ID 2', 'icecast', 'jingle', NULL, '2026-07-02 17:32:41', '2026-07-02 17:32:51', 10, '2026-07-02 17:32:41', '2026-07-02 17:32:51'),
(265, 1, 154, 1, 356, 'Tout donner', 'Naza/SDM', 'Naza/SDM - Tout donner', 'icecast', 'music', 'srv/covers/cover-1-1782769519-0226456e.jpg', '2026-07-02 17:32:51', '2026-07-02 17:35:34', 163, '2026-07-02 17:32:51', '2026-07-02 17:35:34'),
(266, 1, 160, 1, 358, 'Minuit sur Messagerie', 'MINUISKI/Nina Rossell', 'MINUISKI/Nina Rossell - Minuit sur Messagerie', 'icecast', 'music', 'srv/covers/cover-1-1782769520-e50043d3.jpg', '2026-07-02 17:35:34', '2026-07-02 17:37:34', 120, '2026-07-02 17:35:34', '2026-07-02 17:37:34'),
(267, 1, 163, 1, 359, 'ça pik un peu quand même', 'miki', 'miki - ça pik un peu quand même', 'icecast', 'music', 'srv/covers/cover-1-1782769520-a8e26f75.jpg', '2026-07-02 17:37:34', '2026-07-02 17:39:44', 130, '2026-07-02 17:37:34', '2026-07-02 17:39:44'),
(268, 1, 169, 1, 360, 'Soleil', 'GIMS', 'GIMS - Soleil', 'icecast', 'music', 'srv/covers/cover-1-1782769547-2f20773c.jpg', '2026-07-02 17:39:44', '2026-07-02 17:41:49', 125, '2026-07-02 17:39:44', '2026-07-02 17:41:49'),
(269, 1, 171, 1, 361, 'Jamaican (Bam Bam)', 'HUGEL/SOLTO (FR)', 'HUGEL/SOLTO (FR) - Jamaican (Bam Bam)', 'icecast', 'music', 'srv/covers/cover-1-1782769547-727101fd.jpg', '2026-07-02 17:41:49', '2026-07-02 17:44:20', 151, '2026-07-02 17:41:49', '2026-07-02 17:44:20'),
(270, 1, 175, 1, 362, 'Pineapple', 'Leto', 'Leto - Pineapple', 'icecast', 'music', 'srv/covers/cover-1-1782769547-e99d64fb.jpg', '2026-07-02 17:44:20', '2026-07-02 17:47:34', 194, '2026-07-02 17:44:20', '2026-07-02 17:47:34'),
(271, 1, 155, 1, 364, 'Pilé - Gospel', 'Mauvais djo/Kano Choir', 'Mauvais djo/Kano Choir - Pilé - Gospel', 'icecast', 'music', 'srv/covers/cover-1-1782769520-9472972e.jpg', '2026-07-02 17:47:34', '2026-07-02 17:49:34', 120, '2026-07-02 17:47:34', '2026-07-02 17:49:34'),
(272, 1, 178, 1, 365, 'B.M.S (by my side)', 'Rambo goyard', 'Rambo goyard - B.M.S (by my side)', 'icecast', 'music', 'srv/covers/cover-1-1782769548-adea7388.jpg', '2026-07-02 17:49:34', '2026-07-02 17:51:34', 120, '2026-07-02 17:49:34', '2026-07-02 17:51:34'),
(273, 1, 180, 1, 366, 'Dracula - JENNIE Remix', 'Tame Impala/JENNIE', 'Tame Impala/JENNIE - Dracula - JENNIE Remix', 'icecast', 'music', 'srv/covers/cover-1-1782769548-8cadbc62.jpg', '2026-07-02 17:51:34', '2026-07-02 17:54:34', 180, '2026-07-02 17:51:34', '2026-07-02 17:54:34'),
(274, 1, 179, 1, 367, 'Dai Dai', 'Shakira/Burna Boy', 'Shakira/Burna Boy - Dai Dai', 'icecast', 'music', 'srv/covers/cover-1-1782769548-13478b90.jpg', '2026-07-02 17:54:34', '2026-07-02 17:56:34', 120, '2026-07-02 17:54:34', '2026-07-02 17:56:34'),
(275, 1, 189, 1, 368, 'MON BÉBÉ', 'RnBoi', 'RnBoi - MON BÉBÉ', 'icecast', 'music', 'srv/covers/cover-1-1782769549-cc4e4069.jpg', '2026-07-02 17:56:34', '2026-07-02 17:59:20', 166, '2026-07-02 17:56:34', '2026-07-02 17:59:20'),
(276, 1, 118, 1, 370, 'Stager 3  - 2022', 'NRJ', 'NRJ - Stager 3  - 2022', 'icecast', 'jingle', NULL, '2026-07-02 17:59:20', '2026-07-02 17:59:35', 15, '2026-07-02 17:59:20', '2026-07-02 17:59:35'),
(277, 1, 206, 1, 371, 'Tu dors ?', 'PLK', 'PLK - Tu dors ?', 'icecast', 'music', 'srv/covers/cover-1-1782769550-8c954087.jpg', '2026-07-02 17:59:35', '2026-07-02 18:01:40', 125, '2026-07-02 17:59:35', '2026-07-02 18:01:40'),
(278, 1, 204, 1, 372, 'Paris', 'Nono La Grinta', 'Nono La Grinta - Paris', 'icecast', 'music', 'srv/covers/cover-1-1782769550-ea82eb82.jpg', '2026-07-02 18:01:40', '2026-07-02 18:04:34', 174, '2026-07-02 18:01:40', '2026-07-02 18:04:34'),
(279, 1, 203, 1, 373, 'Sex Model', 'PLK/Theodora', 'PLK/Theodora - Sex Model', 'icecast', 'music', 'srv/covers/cover-1-1782769550-8283d168.jpg', '2026-07-02 18:04:34', '2026-07-02 18:16:14', 700, '2026-07-02 18:04:34', '2026-07-02 18:16:14'),
(280, 5, 154, 7, 392, 'Tout donner', 'Naza/SDM', 'Naza/SDM - Tout donner', 'icecast', 'music', 'srv/covers/cover-1-1782769519-0226456e.jpg', '2026-07-02 18:05:03', '2026-07-02 18:07:34', 151, '2026-07-02 18:05:03', '2026-07-02 18:07:34'),
(281, 5, 152, 7, 393, 'Autre monde', 'PNL', 'PNL - Autre monde', 'icecast', 'music', 'srv/covers/cover-1-1782769519-7f914537.jpg', '2026-07-02 18:07:34', '2026-07-02 18:11:34', 240, '2026-07-02 18:07:34', '2026-07-02 18:11:34'),
(282, 5, 154, 7, 392, 'Tout donner', 'Naza/SDM', 'Naza/SDM - Tout donner', 'icecast', 'music', 'srv/covers/cover-1-1782769519-0226456e.jpg', '2026-07-02 18:11:34', '2026-07-02 18:13:34', 120, '2026-07-02 18:11:34', '2026-07-02 18:13:34'),
(283, 5, 152, 7, 393, 'Autre monde', 'PNL', 'PNL - Autre monde', 'icecast', 'music', 'srv/covers/cover-1-1782769519-7f914537.jpg', '2026-07-02 18:13:34', '2026-07-02 18:24:13', 639, '2026-07-02 18:13:34', '2026-07-02 18:24:13'),
(284, 1, 183, 1, 379, 'Mélo Décalé', 'Tiakola', 'Tiakola - Mélo Décalé', 'icecast', 'music', 'srv/covers/cover-1-1782769548-32c63f15.jpg', '2026-07-02 18:16:14', '2026-07-02 18:18:34', 140, '2026-07-02 18:16:14', '2026-07-02 18:18:34'),
(285, 1, 158, 1, 380, 'FEFE FULL NWAR', 'MINUISKI', 'MINUISKI - FEFE FULL NWAR', 'icecast', 'music', 'srv/covers/cover-1-1782769520-591bc53d.jpg', '2026-07-02 18:18:34', '2026-07-02 18:22:34', 240, '2026-07-02 18:18:34', '2026-07-02 18:22:34'),
(286, 1, 77, 1, 355, 'Jingle SHOTGUN ID 2', 'NRJ', 'NRJ - Jingle SHOTGUN ID 2', 'icecast', 'jingle', NULL, '2026-07-02 18:22:34', '2026-07-02 18:23:27', 53, '2026-07-02 18:22:34', '2026-07-02 18:23:27'),
(287, 1, 154, 1, 356, 'Tout donner', 'Naza/SDM', 'Naza/SDM - Tout donner', 'icecast', 'music', 'srv/covers/cover-1-1782769519-0226456e.jpg', '2026-07-02 18:23:27', '2026-07-02 18:37:55', 868, '2026-07-02 18:23:27', '2026-07-02 18:37:55'),
(288, 5, 154, 7, 392, 'Tout donner', 'Naza/SDM', 'Naza/SDM - Tout donner', 'icecast', 'music', 'srv/covers/cover-1-1782769519-0226456e.jpg', '2026-07-02 18:24:13', '2026-07-02 18:24:51', 38, '2026-07-02 18:24:13', '2026-07-02 18:24:51'),
(289, 5, 152, 7, 393, 'Autre monde', 'PNL', 'PNL - Autre monde', 'icecast', 'music', 'srv/covers/cover-1-1782769519-7f914537.jpg', '2026-07-02 18:24:51', '2026-07-02 18:28:30', 219, '2026-07-02 18:24:51', '2026-07-02 18:28:30'),
(290, 5, 154, 7, 392, 'Tout donner', 'Naza/SDM', 'Naza/SDM - Tout donner', 'icecast', 'music', 'srv/covers/cover-1-1782769519-0226456e.jpg', '2026-07-02 18:28:30', '2026-07-02 18:31:34', 184, '2026-07-02 18:28:30', '2026-07-02 18:31:34'),
(291, 5, 152, 7, 393, 'Autre monde', 'PNL', 'PNL - Autre monde', 'icecast', 'music', 'srv/covers/cover-1-1782769519-7f914537.jpg', '2026-07-02 18:31:34', '2026-07-02 18:34:34', 180, '2026-07-02 18:31:34', '2026-07-02 18:34:34'),
(292, 5, 154, 7, 392, 'Tout donner', 'Naza/SDM', 'Naza/SDM - Tout donner', 'icecast', 'music', 'srv/covers/cover-1-1782769519-0226456e.jpg', '2026-07-02 18:34:34', '2026-07-02 18:36:34', 120, '2026-07-02 18:34:34', '2026-07-02 18:36:34'),
(293, 5, 152, 7, 393, 'Autre monde', 'PNL', 'PNL - Autre monde', 'icecast', 'music', 'srv/covers/cover-1-1782769519-7f914537.jpg', '2026-07-02 18:36:34', NULL, NULL, '2026-07-02 18:36:34', '2026-07-02 18:37:52'),
(294, 1, 155, 1, 364, 'Pilé - Gospel', 'Mauvais djo/Kano Choir', 'Mauvais djo/Kano Choir - Pilé - Gospel', 'icecast', 'music', 'srv/covers/cover-1-1782769520-9472972e.jpg', '2026-07-02 18:37:55', '2026-07-02 18:38:57', 62, '2026-07-02 18:37:55', '2026-07-02 18:38:57'),
(295, 1, 178, 1, 365, 'B.M.S (by my side)', 'Rambo goyard', 'Rambo goyard - B.M.S (by my side)', 'icecast', 'music', 'srv/covers/cover-1-1782769548-adea7388.jpg', '2026-07-02 18:38:57', '2026-07-02 18:40:57', 120, '2026-07-02 18:38:57', '2026-07-02 18:40:57'),
(296, 1, 180, 1, 366, 'Dracula - JENNIE Remix', 'Tame Impala/JENNIE', 'Tame Impala/JENNIE - Dracula - JENNIE Remix', 'icecast', 'music', 'srv/covers/cover-1-1782769548-8cadbc62.jpg', '2026-07-02 18:40:57', '2026-07-02 18:44:34', 217, '2026-07-02 18:40:57', '2026-07-02 18:44:34'),
(297, 1, 179, 1, 367, 'Dai Dai', 'Shakira/Burna Boy', 'Shakira/Burna Boy - Dai Dai', 'icecast', 'music', 'srv/covers/cover-1-1782769548-13478b90.jpg', '2026-07-02 18:44:34', '2026-07-02 18:45:58', 84, '2026-07-02 18:44:34', '2026-07-02 18:45:58'),
(298, 1, 189, 1, 368, 'MON BÉBÉ', 'RnBoi', 'RnBoi - MON BÉBÉ', 'icecast', 'music', 'srv/covers/cover-1-1782769549-cc4e4069.jpg', '2026-07-02 18:45:58', '2026-07-02 18:49:14', 196, '2026-07-02 18:45:58', '2026-07-02 18:49:14'),
(299, 1, 179, 1, 367, 'Dai Dai', 'Shakira/Burna Boy', 'Shakira/Burna Boy - Dai Dai', 'icecast', 'music', 'srv/covers/cover-1-1782769548-13478b90.jpg', '2026-07-02 18:49:14', '2026-07-02 18:49:44', 30, '2026-07-02 18:49:14', '2026-07-02 18:49:44'),
(300, 1, 189, 1, 368, 'MON BÉBÉ', 'RnBoi', 'RnBoi - MON BÉBÉ', 'icecast', 'music', 'srv/covers/cover-1-1782769549-cc4e4069.jpg', '2026-07-02 18:49:44', '2026-07-02 18:52:59', 195, '2026-07-02 18:49:44', '2026-07-02 18:52:59'),
(301, 1, 118, 1, 370, 'Stager 3  - 2022', 'NRJ', 'NRJ - Stager 3  - 2022', 'icecast', 'jingle', NULL, '2026-07-02 18:52:59', '2026-07-02 18:53:34', 35, '2026-07-02 18:52:59', '2026-07-02 18:53:34'),
(302, 1, 206, 1, 371, 'Tu dors ?', 'PLK', 'PLK - Tu dors ?', 'icecast', 'music', 'srv/covers/cover-1-1782769550-8c954087.jpg', '2026-07-02 18:53:34', '2026-07-02 18:55:34', 120, '2026-07-02 18:53:34', '2026-07-02 18:55:34'),
(303, 1, 204, 1, 372, 'Paris', 'Nono La Grinta', 'Nono La Grinta - Paris', 'icecast', 'music', 'srv/covers/cover-1-1782769550-ea82eb82.jpg', '2026-07-02 18:55:34', '2026-07-02 18:58:34', 180, '2026-07-02 18:55:34', '2026-07-02 18:58:34'),
(304, 1, 203, 1, 373, 'Sex Model', 'PLK/Theodora', 'PLK/Theodora - Sex Model', 'icecast', 'music', 'srv/covers/cover-1-1782769550-8283d168.jpg', '2026-07-02 18:58:34', '2026-07-02 19:01:34', 180, '2026-07-02 18:58:34', '2026-07-02 19:01:34'),
(305, 1, 196, 1, 376, 'méli-mélo', 'kulturr', 'kulturr - méli-mélo', 'icecast', 'music', 'srv/covers/cover-1-1782769549-a42e83f8.jpg', '2026-07-02 19:01:34', '2026-07-02 19:04:33', 179, '2026-07-02 19:01:34', '2026-07-02 19:04:33'),
(306, 1, 195, 1, 377, 'ELLE VOULAIT', 'RnBoi', 'RnBoi - ELLE VOULAIT', 'icecast', 'music', 'srv/covers/cover-1-1782769549-a5670ca9.jpg', '2026-07-02 19:04:33', '2026-07-02 19:06:19', 106, '2026-07-02 19:04:33', '2026-07-02 19:06:19'),
(307, 1, 186, 1, 378, 'La vie qu\'on mène', 'Ninho', 'Ninho - La vie qu\'on mène', 'icecast', 'music', 'srv/covers/cover-1-1782769548-821abb35.jpg', '2026-07-02 19:06:19', '2026-07-02 19:09:34', 195, '2026-07-02 19:06:19', '2026-07-02 19:09:34'),
(308, 1, 183, 1, 379, 'Mélo Décalé', 'Tiakola', 'Tiakola - Mélo Décalé', 'icecast', 'music', 'srv/covers/cover-1-1782769548-32c63f15.jpg', '2026-07-02 19:09:34', '2026-07-02 19:12:34', 180, '2026-07-02 19:09:34', '2026-07-02 19:12:34'),
(309, 1, 158, 1, 380, 'FEFE FULL NWAR', 'MINUISKI', 'MINUISKI - FEFE FULL NWAR', 'icecast', 'music', 'srv/covers/cover-1-1782769520-591bc53d.jpg', '2026-07-02 19:12:34', '2026-07-02 19:16:13', 219, '2026-07-02 19:12:34', '2026-07-02 19:16:13'),
(310, 1, 212, 1, 354, 'SOUS CONTRÔLE', 'Rven/GIMS/EREBOR MUSIC', 'Rven/GIMS/EREBOR MUSIC - SOUS CONTRÔLE', 'icecast', 'music', 'srv/covers/cover-1-1782839955-f851d45f.jpg', '2026-07-02 19:16:13', '2026-07-02 19:16:18', 5, '2026-07-02 19:16:13', '2026-07-02 19:16:18'),
(311, 1, 77, 1, 355, 'Jingle SHOTGUN ID 2', 'NRJ', 'NRJ - Jingle SHOTGUN ID 2', 'icecast', 'jingle', NULL, '2026-07-02 19:16:18', '2026-07-02 19:16:29', 11, '2026-07-02 19:16:18', '2026-07-02 19:16:29'),
(312, 1, 154, 1, 356, 'Tout donner', 'Naza/SDM', 'Naza/SDM - Tout donner', 'icecast', 'music', 'srv/covers/cover-1-1782769519-0226456e.jpg', '2026-07-02 19:16:29', '2026-07-02 19:18:57', 148, '2026-07-02 19:16:29', '2026-07-02 19:18:57'),
(313, 1, 160, 1, 358, 'Minuit sur Messagerie', 'MINUISKI/Nina Rossell', 'MINUISKI/Nina Rossell - Minuit sur Messagerie', 'icecast', 'music', 'srv/covers/cover-1-1782769520-e50043d3.jpg', '2026-07-02 19:18:57', '2026-07-02 19:21:34', 157, '2026-07-02 19:18:57', '2026-07-02 19:21:34'),
(314, 1, 163, 1, 359, 'ça pik un peu quand même', 'miki', 'miki - ça pik un peu quand même', 'icecast', 'music', 'srv/covers/cover-1-1782769520-a8e26f75.jpg', '2026-07-02 19:21:34', '2026-07-02 19:23:34', 120, '2026-07-02 19:21:34', '2026-07-02 19:23:34'),
(315, 1, 169, 1, 360, 'Soleil', 'GIMS', 'GIMS - Soleil', 'icecast', 'music', 'srv/covers/cover-1-1782769547-2f20773c.jpg', '2026-07-02 19:23:34', '2026-07-02 19:25:34', 120, '2026-07-02 19:23:34', '2026-07-02 19:25:34'),
(316, 1, 171, 1, 361, 'Jamaican (Bam Bam)', 'HUGEL/SOLTO (FR)', 'HUGEL/SOLTO (FR) - Jamaican (Bam Bam)', 'icecast', 'music', 'srv/covers/cover-1-1782769547-727101fd.jpg', '2026-07-02 19:25:34', '2026-07-02 19:27:57', 143, '2026-07-02 19:25:34', '2026-07-02 19:27:57'),
(317, 1, 175, 1, 362, 'Pineapple', 'Leto', 'Leto - Pineapple', 'icecast', 'music', 'srv/covers/cover-1-1782769547-e99d64fb.jpg', '2026-07-02 19:27:57', '2026-07-02 19:30:39', 162, '2026-07-02 19:27:57', '2026-07-02 19:30:39'),
(318, 1, 128, 1, 363, 'NRJ // SWEEPER 10 HITS SUITE_2020_01', 'Alexis NRJ', 'Alexis NRJ - NRJ // SWEEPER 10 HITS SUITE_2020_01', 'icecast', 'jingle', 'srv/covers/cover-1-1782755480-ef26ac28.jpg', '2026-07-02 19:30:39', '2026-07-02 19:30:44', 5, '2026-07-02 19:30:39', '2026-07-02 19:30:44'),
(319, 1, 155, 1, 364, 'Pilé - Gospel', 'Mauvais djo/Kano Choir', 'Mauvais djo/Kano Choir - Pilé - Gospel', 'icecast', 'music', 'srv/covers/cover-1-1782769520-9472972e.jpg', '2026-07-02 19:30:44', '2026-07-02 19:33:34', 170, '2026-07-02 19:30:44', '2026-07-02 19:33:34'),
(320, 1, 178, 1, 365, 'B.M.S (by my side)', 'Rambo goyard', 'Rambo goyard - B.M.S (by my side)', 'icecast', 'music', 'srv/covers/cover-1-1782769548-adea7388.jpg', '2026-07-02 19:33:34', '2026-07-02 19:35:34', 120, '2026-07-02 19:33:34', '2026-07-02 19:35:34'),
(321, 1, 180, 1, 366, 'Dracula - JENNIE Remix', 'Tame Impala/JENNIE', 'Tame Impala/JENNIE - Dracula - JENNIE Remix', 'icecast', 'music', 'srv/covers/cover-1-1782769548-8cadbc62.jpg', '2026-07-02 19:35:34', '2026-07-02 19:38:34', 180, '2026-07-02 19:35:34', '2026-07-02 19:38:34'),
(322, 1, 189, 1, 368, 'MON BÉBÉ', 'RnBoi', 'RnBoi - MON BÉBÉ', 'icecast', 'music', 'srv/covers/cover-1-1782769549-cc4e4069.jpg', '2026-07-02 19:38:34', '2026-07-02 19:42:34', 240, '2026-07-02 19:38:34', '2026-07-02 19:42:34'),
(323, 1, 206, 1, 371, 'Tu dors ?', 'PLK', 'PLK - Tu dors ?', 'icecast', 'music', 'srv/covers/cover-1-1782769550-8c954087.jpg', '2026-07-02 19:42:34', '2026-07-02 19:44:34', 120, '2026-07-02 19:42:34', '2026-07-02 19:44:34'),
(324, 1, 204, 1, 372, 'Paris', 'Nono La Grinta', 'Nono La Grinta - Paris', 'icecast', 'music', 'srv/covers/cover-1-1782769550-ea82eb82.jpg', '2026-07-02 19:44:34', '2026-07-02 19:47:34', 180, '2026-07-02 19:44:34', '2026-07-02 19:47:34'),
(325, 1, 203, 1, 373, 'Sex Model', 'PLK/Theodora', 'PLK/Theodora - Sex Model', 'icecast', 'music', 'srv/covers/cover-1-1782769550-8283d168.jpg', '2026-07-02 19:47:34', '2026-07-02 19:49:44', 130, '2026-07-02 19:47:34', '2026-07-02 19:49:44'),
(326, 1, 202, 1, 374, 'Coco Chanel', 'Meryl/Eva', 'Meryl/Eva - Coco Chanel', 'icecast', 'music', 'srv/covers/cover-1-1782769550-3c1d771f.jpg', '2026-07-02 19:49:44', '2026-07-02 19:49:59', 15, '2026-07-02 19:49:44', '2026-07-02 19:49:59'),
(327, 1, 199, 1, 375, 'melodrama', 'disiz/Theodora', 'disiz/Theodora - melodrama', 'icecast', 'music', 'srv/covers/cover-1-1782769549-1919faea.jpg', '2026-07-02 19:49:59', '2026-07-02 19:50:19', 20, '2026-07-02 19:49:59', '2026-07-02 19:50:19'),
(328, 1, 196, 1, 376, 'méli-mélo', 'kulturr', 'kulturr - méli-mélo', 'icecast', 'music', 'srv/covers/cover-1-1782769549-a42e83f8.jpg', '2026-07-02 19:50:19', '2026-07-02 19:53:34', 195, '2026-07-02 19:50:19', '2026-07-02 19:53:34'),
(329, 1, 195, 1, 377, 'ELLE VOULAIT', 'RnBoi', 'RnBoi - ELLE VOULAIT', 'icecast', 'music', 'srv/covers/cover-1-1782769549-a5670ca9.jpg', '2026-07-02 19:53:34', '2026-07-02 19:55:34', 120, '2026-07-02 19:53:34', '2026-07-02 19:55:34'),
(330, 1, 186, 1, 378, 'La vie qu\'on mène', 'Ninho', 'Ninho - La vie qu\'on mène', 'icecast', 'music', 'srv/covers/cover-1-1782769548-821abb35.jpg', '2026-07-02 19:55:34', '2026-07-02 19:58:34', 180, '2026-07-02 19:55:34', '2026-07-02 19:58:34'),
(331, 1, 183, 1, 379, 'Mélo Décalé', 'Tiakola', 'Tiakola - Mélo Décalé', 'icecast', 'music', 'srv/covers/cover-1-1782769548-32c63f15.jpg', '2026-07-02 19:58:34', '2026-07-02 20:01:34', 180, '2026-07-02 19:58:34', '2026-07-02 20:01:34'),
(332, 1, 158, 1, 380, 'FEFE FULL NWAR', 'MINUISKI', 'MINUISKI - FEFE FULL NWAR', 'icecast', 'music', 'srv/covers/cover-1-1782769520-591bc53d.jpg', '2026-07-02 20:01:34', '2026-07-02 20:05:34', 240, '2026-07-02 20:01:34', '2026-07-02 20:05:34'),
(333, 1, 154, 1, 356, 'Tout donner', 'Naza/SDM', 'Naza/SDM - Tout donner', 'icecast', 'music', 'srv/covers/cover-1-1782769519-0226456e.jpg', '2026-07-02 20:05:34', '2026-07-02 20:08:34', 180, '2026-07-02 20:05:34', '2026-07-02 20:08:34'),
(334, 1, 160, 1, 358, 'Minuit sur Messagerie', 'MINUISKI/Nina Rossell', 'MINUISKI/Nina Rossell - Minuit sur Messagerie', 'icecast', 'music', 'srv/covers/cover-1-1782769520-e50043d3.jpg', '2026-07-02 20:08:34', '2026-07-02 20:10:34', 120, '2026-07-02 20:08:34', '2026-07-02 20:10:34'),
(335, 1, 163, 1, 359, 'ça pik un peu quand même', 'miki', 'miki - ça pik un peu quand même', 'icecast', 'music', 'srv/covers/cover-1-1782769520-a8e26f75.jpg', '2026-07-02 20:10:34', '2026-07-02 20:12:34', 120, '2026-07-02 20:10:34', '2026-07-02 20:12:34'),
(336, 1, 169, 1, 360, 'Soleil', 'GIMS', 'GIMS - Soleil', 'icecast', 'music', 'srv/covers/cover-1-1782769547-2f20773c.jpg', '2026-07-02 20:12:34', '2026-07-02 20:14:34', 120, '2026-07-02 20:12:34', '2026-07-02 20:14:34'),
(337, 1, 171, 1, 361, 'Jamaican (Bam Bam)', 'HUGEL/SOLTO (FR)', 'HUGEL/SOLTO (FR) - Jamaican (Bam Bam)', 'icecast', 'music', 'srv/covers/cover-1-1782769547-727101fd.jpg', '2026-07-02 20:14:34', '2026-07-02 20:17:34', 180, '2026-07-02 20:14:34', '2026-07-02 20:17:34'),
(338, 1, 175, 1, 362, 'Pineapple', 'Leto', 'Leto - Pineapple', 'icecast', 'music', 'srv/covers/cover-1-1782769547-e99d64fb.jpg', '2026-07-02 20:17:34', '2026-07-02 20:19:30', 116, '2026-07-02 20:17:34', '2026-07-02 20:19:30'),
(339, 1, 128, 1, 363, 'NRJ // SWEEPER 10 HITS SUITE_2020_01', 'Alexis NRJ', 'Alexis NRJ - NRJ // SWEEPER 10 HITS SUITE_2020_01', 'icecast', 'jingle', 'srv/covers/cover-1-1782755480-ef26ac28.jpg', '2026-07-02 20:19:30', '2026-07-02 20:19:35', 5, '2026-07-02 20:19:30', '2026-07-02 20:19:35'),
(340, 1, 155, 1, 364, 'Pilé - Gospel', 'Mauvais djo/Kano Choir', 'Mauvais djo/Kano Choir - Pilé - Gospel', 'icecast', 'music', 'srv/covers/cover-1-1782769520-9472972e.jpg', '2026-07-02 20:19:35', '2026-07-02 20:21:30', 115, '2026-07-02 20:19:35', '2026-07-02 20:21:30'),
(341, 1, 178, 1, 365, 'B.M.S (by my side)', 'Rambo goyard', 'Rambo goyard - B.M.S (by my side)', 'icecast', 'music', 'srv/covers/cover-1-1782769548-adea7388.jpg', '2026-07-02 20:21:30', '2026-07-02 20:23:30', 120, '2026-07-02 20:21:30', '2026-07-02 20:23:30'),
(342, 1, 180, 1, 366, 'Dracula - JENNIE Remix', 'Tame Impala/JENNIE', 'Tame Impala/JENNIE - Dracula - JENNIE Remix', 'icecast', 'music', 'srv/covers/cover-1-1782769548-8cadbc62.jpg', '2026-07-02 20:23:30', '2026-07-02 20:26:55', 205, '2026-07-02 20:23:30', '2026-07-02 20:26:55'),
(343, 1, 179, 1, 367, 'Dai Dai', 'Shakira/Burna Boy', 'Shakira/Burna Boy - Dai Dai', 'icecast', 'music', 'srv/covers/cover-1-1782769548-13478b90.jpg', '2026-07-02 20:26:55', '2026-07-02 20:27:30', 35, '2026-07-02 20:26:55', '2026-07-02 20:27:30'),
(344, 1, 189, 1, 368, 'MON BÉBÉ', 'RnBoi', 'RnBoi - MON BÉBÉ', 'icecast', 'music', 'srv/covers/cover-1-1782769549-cc4e4069.jpg', '2026-07-02 20:27:30', '2026-07-02 20:31:34', 244, '2026-07-02 20:27:30', '2026-07-02 20:31:34'),
(345, 1, 206, 1, 371, 'Tu dors ?', 'PLK', 'PLK - Tu dors ?', 'icecast', 'music', 'srv/covers/cover-1-1782769550-8c954087.jpg', '2026-07-02 20:31:34', '2026-07-02 20:33:34', 120, '2026-07-02 20:31:34', '2026-07-02 20:33:34'),
(346, 1, 204, 1, 372, 'Paris', 'Nono La Grinta', 'Nono La Grinta - Paris', 'icecast', 'music', 'srv/covers/cover-1-1782769550-ea82eb82.jpg', '2026-07-02 20:33:34', '2026-07-02 20:36:34', 180, '2026-07-02 20:33:34', '2026-07-02 20:36:34'),
(347, 1, 203, 1, 373, 'Sex Model', 'PLK/Theodora', 'PLK/Theodora - Sex Model', 'icecast', 'music', 'srv/covers/cover-1-1782769550-8283d168.jpg', '2026-07-02 20:36:34', '2026-07-02 20:38:34', 120, '2026-07-02 20:36:34', '2026-07-02 20:38:34'),
(348, 1, 202, 1, 374, 'Coco Chanel', 'Meryl/Eva', 'Meryl/Eva - Coco Chanel', 'icecast', 'music', 'srv/covers/cover-1-1782769550-3c1d771f.jpg', '2026-07-02 20:38:34', '2026-07-02 20:39:34', 60, '2026-07-02 20:38:34', '2026-07-02 20:39:34'),
(349, 1, 196, 1, 376, 'méli-mélo', 'kulturr', 'kulturr - méli-mélo', 'icecast', 'music', 'srv/covers/cover-1-1782769549-a42e83f8.jpg', '2026-07-02 20:39:34', '2026-07-02 20:42:34', 180, '2026-07-02 20:39:34', '2026-07-02 20:42:34'),
(350, 1, 195, 1, 377, 'ELLE VOULAIT', 'RnBoi', 'RnBoi - ELLE VOULAIT', 'icecast', 'music', 'srv/covers/cover-1-1782769549-a5670ca9.jpg', '2026-07-02 20:42:34', '2026-07-02 20:44:34', 120, '2026-07-02 20:42:34', '2026-07-02 20:44:34'),
(351, 1, 186, 1, 378, 'La vie qu\'on mène', 'Ninho', 'Ninho - La vie qu\'on mène', 'icecast', 'music', 'srv/covers/cover-1-1782769548-821abb35.jpg', '2026-07-02 20:44:34', '2026-07-02 20:47:34', 180, '2026-07-02 20:44:34', '2026-07-02 20:47:34'),
(352, 1, 183, 1, 379, 'Mélo Décalé', 'Tiakola', 'Tiakola - Mélo Décalé', 'icecast', 'music', 'srv/covers/cover-1-1782769548-32c63f15.jpg', '2026-07-02 20:47:34', '2026-07-02 20:50:34', 180, '2026-07-02 20:47:34', '2026-07-02 20:50:34'),
(353, 1, 158, 1, 380, 'FEFE FULL NWAR', 'MINUISKI', 'MINUISKI - FEFE FULL NWAR', 'icecast', 'music', 'srv/covers/cover-1-1782769520-591bc53d.jpg', '2026-07-02 20:50:34', '2026-07-02 20:54:34', 240, '2026-07-02 20:50:34', '2026-07-02 20:54:34'),
(354, 1, 154, 1, 356, 'Tout donner', 'Naza/SDM', 'Naza/SDM - Tout donner', 'icecast', 'music', 'srv/covers/cover-1-1782769519-0226456e.jpg', '2026-07-02 20:54:34', '2026-07-02 20:57:34', 180, '2026-07-02 20:54:34', '2026-07-02 20:57:34'),
(355, 1, 160, 1, 358, 'Minuit sur Messagerie', 'MINUISKI/Nina Rossell', 'MINUISKI/Nina Rossell - Minuit sur Messagerie', 'icecast', 'music', 'srv/covers/cover-1-1782769520-e50043d3.jpg', '2026-07-02 20:57:34', '2026-07-02 20:59:34', 120, '2026-07-02 20:57:34', '2026-07-02 20:59:34'),
(356, 1, 163, 1, 359, 'ça pik un peu quand même', 'miki', 'miki - ça pik un peu quand même', 'icecast', 'music', 'srv/covers/cover-1-1782769520-a8e26f75.jpg', '2026-07-02 20:59:34', '2026-07-02 21:01:34', 120, '2026-07-02 20:59:34', '2026-07-02 21:01:34'),
(357, 1, 169, 1, 360, 'Soleil', 'GIMS', 'GIMS - Soleil', 'icecast', 'music', 'srv/covers/cover-1-1782769547-2f20773c.jpg', '2026-07-02 21:01:34', '2026-07-02 21:03:34', 120, '2026-07-02 21:01:34', '2026-07-02 21:03:34'),
(358, 1, 171, 1, 361, 'Jamaican (Bam Bam)', 'HUGEL/SOLTO (FR)', 'HUGEL/SOLTO (FR) - Jamaican (Bam Bam)', 'icecast', 'music', 'srv/covers/cover-1-1782769547-727101fd.jpg', '2026-07-02 21:03:34', '2026-07-02 21:06:34', 180, '2026-07-02 21:03:34', '2026-07-02 21:06:34'),
(359, 1, 175, 1, 362, 'Pineapple', 'Leto', 'Leto - Pineapple', 'icecast', 'music', 'srv/covers/cover-1-1782769547-e99d64fb.jpg', '2026-07-02 21:06:34', '2026-07-02 21:08:34', 120, '2026-07-02 21:06:34', '2026-07-02 21:08:34'),
(360, 1, 155, 1, 364, 'Pilé - Gospel', 'Mauvais djo/Kano Choir', 'Mauvais djo/Kano Choir - Pilé - Gospel', 'icecast', 'music', 'srv/covers/cover-1-1782769520-9472972e.jpg', '2026-07-02 21:08:34', '2026-07-02 21:10:34', 120, '2026-07-02 21:08:34', '2026-07-02 21:10:34'),
(361, 1, 178, 1, 365, 'B.M.S (by my side)', 'Rambo goyard', 'Rambo goyard - B.M.S (by my side)', 'icecast', 'music', 'srv/covers/cover-1-1782769548-adea7388.jpg', '2026-07-02 21:10:34', '2026-07-02 21:12:34', 120, '2026-07-02 21:10:34', '2026-07-02 21:12:34'),
(362, 1, 180, 1, 366, 'Dracula - JENNIE Remix', 'Tame Impala/JENNIE', 'Tame Impala/JENNIE - Dracula - JENNIE Remix', 'icecast', 'music', 'srv/covers/cover-1-1782769548-8cadbc62.jpg', '2026-07-02 21:12:34', '2026-07-02 21:15:49', 195, '2026-07-02 21:12:34', '2026-07-02 21:15:49'),
(363, 1, 179, 1, 367, 'Dai Dai', 'Shakira/Burna Boy', 'Shakira/Burna Boy - Dai Dai', 'icecast', 'music', 'srv/covers/cover-1-1782769548-13478b90.jpg', '2026-07-02 21:15:49', '2026-07-02 21:16:19', 30, '2026-07-02 21:15:49', '2026-07-02 21:16:19'),
(364, 1, 189, 1, 368, 'MON BÉBÉ', 'RnBoi', 'RnBoi - MON BÉBÉ', 'icecast', 'music', 'srv/covers/cover-1-1782769549-cc4e4069.jpg', '2026-07-02 21:16:19', '2026-07-02 21:19:35', 196, '2026-07-02 21:16:19', '2026-07-02 21:19:35'),
(365, 1, 118, 1, 370, 'Stager 3  - 2022', 'NRJ', 'NRJ - Stager 3  - 2022', 'icecast', 'jingle', NULL, '2026-07-02 21:19:35', '2026-07-02 21:19:50', 15, '2026-07-02 21:19:35', '2026-07-02 21:19:50'),
(366, 1, 206, 1, 371, 'Tu dors ?', 'PLK', 'PLK - Tu dors ?', 'icecast', 'music', 'srv/covers/cover-1-1782769550-8c954087.jpg', '2026-07-02 21:19:50', '2026-07-02 21:22:34', 164, '2026-07-02 21:19:50', '2026-07-02 21:22:34'),
(367, 1, 204, 1, 372, 'Paris', 'Nono La Grinta', 'Nono La Grinta - Paris', 'icecast', 'music', 'srv/covers/cover-1-1782769550-ea82eb82.jpg', '2026-07-02 21:22:34', '2026-07-02 21:24:45', 131, '2026-07-02 21:22:34', '2026-07-02 21:24:45'),
(368, 1, 203, 1, 373, 'Sex Model', 'PLK/Theodora', 'PLK/Theodora - Sex Model', 'icecast', 'music', 'srv/covers/cover-1-1782769550-8283d168.jpg', '2026-07-02 21:24:45', '2026-07-02 21:27:28', 163, '2026-07-02 21:24:45', '2026-07-02 21:27:28'),
(369, 1, 202, 1, 374, 'Coco Chanel', 'Meryl/Eva', 'Meryl/Eva - Coco Chanel', 'icecast', 'music', 'srv/covers/cover-1-1782769550-3c1d771f.jpg', '2026-07-02 21:27:28', '2026-07-02 21:27:43', 15, '2026-07-02 21:27:28', '2026-07-02 21:27:43'),
(370, 1, 199, 1, 375, 'melodrama', 'disiz/Theodora', 'disiz/Theodora - melodrama', 'icecast', 'music', 'srv/covers/cover-1-1782769549-1919faea.jpg', '2026-07-02 21:27:43', '2026-07-02 21:28:03', 20, '2026-07-02 21:27:43', '2026-07-02 21:28:03'),
(371, 1, 196, 1, 376, 'méli-mélo', 'kulturr', 'kulturr - méli-mélo', 'icecast', 'music', 'srv/covers/cover-1-1782769549-a42e83f8.jpg', '2026-07-02 21:28:03', '2026-07-02 21:30:36', 153, '2026-07-02 21:28:03', '2026-07-02 21:30:36'),
(372, 1, 195, 1, 377, 'ELLE VOULAIT', 'RnBoi', 'RnBoi - ELLE VOULAIT', 'icecast', 'music', 'srv/covers/cover-1-1782769549-a5670ca9.jpg', '2026-07-02 21:30:36', '2026-07-02 21:32:53', 137, '2026-07-02 21:30:36', '2026-07-02 21:32:53'),
(373, 1, 186, 1, 378, 'La vie qu\'on mène', 'Ninho', 'Ninho - La vie qu\'on mène', 'icecast', 'music', 'srv/covers/cover-1-1782769548-821abb35.jpg', '2026-07-02 21:32:53', '2026-07-02 21:36:03', 190, '2026-07-02 21:32:53', '2026-07-02 21:36:03'),
(374, 1, 183, 1, 379, 'Mélo Décalé', 'Tiakola', 'Tiakola - Mélo Décalé', 'icecast', 'music', 'srv/covers/cover-1-1782769548-32c63f15.jpg', '2026-07-02 21:36:03', '2026-07-02 21:38:33', 150, '2026-07-02 21:36:03', '2026-07-02 21:38:33'),
(375, 1, 158, 1, 380, 'FEFE FULL NWAR', 'MINUISKI', 'MINUISKI - FEFE FULL NWAR', 'icecast', 'music', 'srv/covers/cover-1-1782769520-591bc53d.jpg', '2026-07-02 21:38:33', '2026-07-02 21:42:27', 234, '2026-07-02 21:38:33', '2026-07-02 21:42:27'),
(376, 1, 212, 1, 354, 'SOUS CONTRÔLE', 'Rven/GIMS/EREBOR MUSIC', 'Rven/GIMS/EREBOR MUSIC - SOUS CONTRÔLE', 'icecast', 'music', 'srv/covers/cover-1-1782839955-f851d45f.jpg', '2026-07-02 21:42:27', '2026-07-02 21:42:53', 26, '2026-07-02 21:42:27', '2026-07-02 21:42:53'),
(377, 1, 77, 1, 355, 'Jingle SHOTGUN ID 2', 'NRJ', 'NRJ - Jingle SHOTGUN ID 2', 'icecast', 'jingle', NULL, '2026-07-02 21:42:53', '2026-07-02 21:43:03', 10, '2026-07-02 21:42:53', '2026-07-02 21:43:03'),
(378, 1, 154, 1, 356, 'Tout donner', 'Naza/SDM', 'Naza/SDM - Tout donner', 'icecast', 'music', 'srv/covers/cover-1-1782769519-0226456e.jpg', '2026-07-02 21:43:03', '2026-07-02 21:45:32', 149, '2026-07-02 21:43:03', '2026-07-02 21:45:32'),
(379, 1, 160, 1, 358, 'Minuit sur Messagerie', 'MINUISKI/Nina Rossell', 'MINUISKI/Nina Rossell - Minuit sur Messagerie', 'icecast', 'music', 'srv/covers/cover-1-1782769520-e50043d3.jpg', '2026-07-02 21:45:32', '2026-07-02 21:47:42', 130, '2026-07-02 21:45:32', '2026-07-02 21:47:42'),
(380, 1, 163, 1, 359, 'ça pik un peu quand même', 'miki', 'miki - ça pik un peu quand même', 'icecast', 'music', 'srv/covers/cover-1-1782769520-a8e26f75.jpg', '2026-07-02 21:47:42', '2026-07-02 21:49:55', 133, '2026-07-02 21:47:42', '2026-07-02 21:49:55'),
(381, 1, 169, 1, 360, 'Soleil', 'GIMS', 'GIMS - Soleil', 'icecast', 'music', 'srv/covers/cover-1-1782769547-2f20773c.jpg', '2026-07-02 21:49:55', '2026-07-02 21:52:02', 127, '2026-07-02 21:49:55', '2026-07-02 21:52:02'),
(382, 1, 171, 1, 361, 'Jamaican (Bam Bam)', 'HUGEL/SOLTO (FR)', 'HUGEL/SOLTO (FR) - Jamaican (Bam Bam)', 'icecast', 'music', 'srv/covers/cover-1-1782769547-727101fd.jpg', '2026-07-02 21:52:02', '2026-07-02 21:54:34', 152, '2026-07-02 21:52:02', '2026-07-02 21:54:34'),
(383, 1, 175, 1, 362, 'Pineapple', 'Leto', 'Leto - Pineapple', 'icecast', 'music', 'srv/covers/cover-1-1782769547-e99d64fb.jpg', '2026-07-02 21:54:34', '2026-07-02 21:57:34', 180, '2026-07-02 21:54:34', '2026-07-02 21:57:34'),
(384, 1, 155, 1, 364, 'Pilé - Gospel', 'Mauvais djo/Kano Choir', 'Mauvais djo/Kano Choir - Pilé - Gospel', 'icecast', 'music', 'srv/covers/cover-1-1782769520-9472972e.jpg', '2026-07-02 21:57:34', '2026-07-02 21:59:13', 99, '2026-07-02 21:57:34', '2026-07-02 21:59:13'),
(385, 1, 178, 1, 365, 'B.M.S (by my side)', 'Rambo goyard', 'Rambo goyard - B.M.S (by my side)', 'icecast', 'music', 'srv/covers/cover-1-1782769548-adea7388.jpg', '2026-07-02 21:59:13', '2026-07-02 22:01:17', 124, '2026-07-02 21:59:13', '2026-07-02 22:01:17'),
(386, 1, 180, 1, 366, 'Dracula - JENNIE Remix', 'Tame Impala/JENNIE', 'Tame Impala/JENNIE - Dracula - JENNIE Remix', 'icecast', 'music', 'srv/covers/cover-1-1782769548-8cadbc62.jpg', '2026-07-02 22:01:17', '2026-07-02 22:04:39', 202, '2026-07-02 22:01:17', '2026-07-02 22:04:39'),
(387, 1, 179, 1, 367, 'Dai Dai', 'Shakira/Burna Boy', 'Shakira/Burna Boy - Dai Dai', 'icecast', 'music', 'srv/covers/cover-1-1782769548-13478b90.jpg', '2026-07-02 22:04:39', '2026-07-02 22:05:12', 33, '2026-07-02 22:04:39', '2026-07-02 22:05:12'),
(388, 1, 189, 1, 368, 'MON BÉBÉ', 'RnBoi', 'RnBoi - MON BÉBÉ', 'icecast', 'music', 'srv/covers/cover-1-1782769549-cc4e4069.jpg', '2026-07-02 22:05:12', '2026-07-02 22:08:28', 196, '2026-07-02 22:05:12', '2026-07-02 22:08:28'),
(389, 1, 118, 1, 370, 'Stager 3  - 2022', 'NRJ', 'NRJ - Stager 3  - 2022', 'icecast', 'jingle', NULL, '2026-07-02 22:08:28', '2026-07-02 22:08:43', 15, '2026-07-02 22:08:28', '2026-07-02 22:08:43'),
(390, 1, 206, 1, 371, 'Tu dors ?', 'PLK', 'PLK - Tu dors ?', 'icecast', 'music', 'srv/covers/cover-1-1782769550-8c954087.jpg', '2026-07-02 22:08:43', '2026-07-02 22:11:22', 159, '2026-07-02 22:08:43', '2026-07-02 22:11:22'),
(391, 1, 204, 1, 372, 'Paris', 'Nono La Grinta', 'Nono La Grinta - Paris', 'icecast', 'music', 'srv/covers/cover-1-1782769550-ea82eb82.jpg', '2026-07-02 22:11:22', '2026-07-02 22:13:34', 132, '2026-07-02 22:11:22', '2026-07-02 22:13:34'),
(392, 1, 203, 1, 373, 'Sex Model', 'PLK/Theodora', 'PLK/Theodora - Sex Model', 'icecast', 'music', 'srv/covers/cover-1-1782769550-8283d168.jpg', '2026-07-02 22:13:34', '2026-07-02 22:16:14', 160, '2026-07-02 22:13:34', '2026-07-02 22:16:14'),
(393, 1, 202, 1, 374, 'Coco Chanel', 'Meryl/Eva', 'Meryl/Eva - Coco Chanel', 'icecast', 'music', 'srv/covers/cover-1-1782769550-3c1d771f.jpg', '2026-07-02 22:16:14', '2026-07-02 22:16:34', 20, '2026-07-02 22:16:14', '2026-07-02 22:16:34'),
(394, 1, 199, 1, 375, 'melodrama', 'disiz/Theodora', 'disiz/Theodora - melodrama', 'icecast', 'music', 'srv/covers/cover-1-1782769549-1919faea.jpg', '2026-07-02 22:16:34', '2026-07-02 22:16:54', 20, '2026-07-02 22:16:34', '2026-07-02 22:16:54'),
(395, 1, 196, 1, 376, 'méli-mélo', 'kulturr', 'kulturr - méli-mélo', 'icecast', 'music', 'srv/covers/cover-1-1782769549-a42e83f8.jpg', '2026-07-02 22:16:54', '2026-07-02 22:19:25', 151, '2026-07-02 22:16:54', '2026-07-02 22:19:25'),
(396, 1, 195, 1, 377, 'ELLE VOULAIT', 'RnBoi', 'RnBoi - ELLE VOULAIT', 'icecast', 'music', 'srv/covers/cover-1-1782769549-a5670ca9.jpg', '2026-07-02 22:19:25', '2026-07-02 22:21:45', 140, '2026-07-02 22:19:25', '2026-07-02 22:21:45'),
(397, 1, 186, 1, 378, 'La vie qu\'on mène', 'Ninho', 'Ninho - La vie qu\'on mène', 'icecast', 'music', 'srv/covers/cover-1-1782769548-821abb35.jpg', '2026-07-02 22:21:45', '2026-07-02 22:24:51', 186, '2026-07-02 22:21:45', '2026-07-02 22:24:51'),
(398, 1, 183, 1, 379, 'Mélo Décalé', 'Tiakola', 'Tiakola - Mélo Décalé', 'icecast', 'music', 'srv/covers/cover-1-1782769548-32c63f15.jpg', '2026-07-02 22:24:51', '2026-07-02 22:27:21', 150, '2026-07-02 22:24:51', '2026-07-02 22:27:21'),
(399, 1, 158, 1, 380, 'FEFE FULL NWAR', 'MINUISKI', 'MINUISKI - FEFE FULL NWAR', 'icecast', 'music', 'srv/covers/cover-1-1782769520-591bc53d.jpg', '2026-07-02 22:27:21', '2026-07-02 22:31:19', 238, '2026-07-02 22:27:21', '2026-07-02 22:31:19'),
(400, 1, 212, 1, 354, 'SOUS CONTRÔLE', 'Rven/GIMS/EREBOR MUSIC', 'Rven/GIMS/EREBOR MUSIC - SOUS CONTRÔLE', 'icecast', 'music', 'srv/covers/cover-1-1782839955-f851d45f.jpg', '2026-07-02 22:31:19', '2026-07-02 23:12:09', 2450, '2026-07-02 22:31:19', '2026-07-02 23:12:09'),
(401, 1, 163, 1, 359, 'ça pik un peu quand même', 'miki', 'miki - ça pik un peu quand même', 'icecast', 'music', 'srv/covers/cover-1-1782769520-a8e26f75.jpg', '2026-07-02 23:12:09', '2026-07-02 23:12:19', 10, '2026-07-02 23:12:09', '2026-07-02 23:12:19'),
(402, 1, 169, 1, 360, 'Soleil', 'GIMS', 'GIMS - Soleil', 'icecast', 'music', 'srv/covers/cover-1-1782769547-2f20773c.jpg', '2026-07-02 23:12:19', '2026-07-02 23:14:24', 125, '2026-07-02 23:12:19', '2026-07-02 23:14:24'),
(403, 1, 171, 1, 361, 'Jamaican (Bam Bam)', 'HUGEL/SOLTO (FR)', 'HUGEL/SOLTO (FR) - Jamaican (Bam Bam)', 'icecast', 'music', 'srv/covers/cover-1-1782769547-727101fd.jpg', '2026-07-02 23:14:24', NULL, NULL, '2026-07-02 23:14:24', '2026-07-02 23:16:10');

-- --------------------------------------------------------

--
-- Structure de la table `radio_schedule_runtime`
--

CREATE TABLE `radio_schedule_runtime` (
  `radio_id` int(11) NOT NULL,
  `active_key` varchar(160) DEFAULT NULL,
  `active_slot_id` int(11) DEFAULT NULL,
  `active_playlist_id` int(11) DEFAULT NULL,
  `active_source` varchar(40) DEFAULT NULL,
  `last_status` varchar(40) DEFAULT NULL,
  `last_message` text DEFAULT NULL,
  `last_run_at` datetime DEFAULT NULL,
  `last_switch_at` datetime DEFAULT NULL,
  `timeline_started_at` datetime DEFAULT NULL,
  `created_at` datetime NOT NULL,
  `updated_at` datetime NOT NULL
) ENGINE=InnoDB DEFAULT CHARSET=utf8mb4 COLLATE=utf8mb4_general_ci;

--
-- Déchargement des données de la table `radio_schedule_runtime`
--

INSERT INTO `radio_schedule_runtime` (`radio_id`, `active_key`, `active_slot_id`, `active_playlist_id`, `active_source`, `last_status`, `last_message`, `last_run_at`, `last_switch_at`, `timeline_started_at`, `created_at`, `updated_at`) VALUES
(1, 'default:0:1:2026-07-10 18:00:00::131f8cb16e595eb395343e6cafbbdafc06728824:d6712b3ae4b87f678f31e7e9241147d5228d902b', NULL, 1, 'default', 'skipped', 'Programmation deja active.', '2026-07-10 18:28:57', '2026-07-10 18:00:00', '2026-07-10 18:00:00', '2026-06-29 23:09:36', '2026-07-10 18:28:57'),
(5, 'default:0:7:2026-07-10 18:00:00::349a94d471f96a9d826b984a120165dd81b4788b:35668317e644f2c3c6f5dc31c2698d34691d5592', NULL, 7, 'default', 'skipped', 'Programmation deja active.', '2026-07-10 18:28:57', '2026-07-10 18:00:57', '2026-07-10 18:00:57', '2026-07-02 16:27:57', '2026-07-10 18:28:57');

-- --------------------------------------------------------

--
-- Structure de la table `radio_schedule_slots`
--

CREATE TABLE `radio_schedule_slots` (
  `id` int(11) NOT NULL,
  `radio_id` int(11) NOT NULL,
  `playlist_id` int(11) NOT NULL,
  `day_of_week` tinyint(4) NOT NULL,
  `start_minute` smallint(6) NOT NULL,
  `end_minute` smallint(6) NOT NULL,
  `color` varchar(20) NOT NULL DEFAULT '#77d09b',
  `takeover_mode` varchar(40) NOT NULL DEFAULT 'finish_current',
  `created_at` datetime NOT NULL,
  `updated_at` datetime NOT NULL
) ENGINE=InnoDB DEFAULT CHARSET=utf8mb4 COLLATE=utf8mb4_general_ci;

--
-- Déchargement des données de la table `radio_schedule_slots`
--

INSERT INTO `radio_schedule_slots` (`id`, `radio_id`, `playlist_id`, `day_of_week`, `start_minute`, `end_minute`, `color`, `takeover_mode`, `created_at`, `updated_at`) VALUES
(3, 1, 1, 1, 1320, 1380, '#77d09b', 'finish_current', '2026-06-29 22:34:11', '2026-06-29 22:34:11'),
(4, 1, 1, 1, 1380, 1440, '#77d09b', 'finish_current', '2026-06-29 22:34:17', '2026-06-29 22:34:17'),
(7, 1, 4, 2, 0, 60, '#77d09b', 'finish_current', '2026-06-29 23:53:15', '2026-06-30 00:00:13'),
(8, 1, 4, 2, 60, 120, '#a8b2bf', 'finish_current', '2026-06-30 00:05:18', '2026-06-30 00:05:18'),
(9, 1, 4, 2, 600, 660, '#77d09b', 'finish_current', '2026-06-30 10:26:06', '2026-06-30 10:26:06'),
(10, 1, 4, 2, 660, 720, '#77d09b', 'finish_current', '2026-06-30 10:52:09', '2026-06-30 10:52:09'),
(11, 1, 4, 1, 720, 780, '#ee8ec6', 'finish_current', '2026-06-30 11:30:02', '2026-06-30 11:30:02'),
(12, 1, 4, 2, 720, 780, '#ee8ec6', 'finish_current', '2026-06-30 11:30:02', '2026-06-30 11:30:02'),
(13, 1, 4, 3, 720, 780, '#ee8ec6', 'finish_current', '2026-06-30 11:30:02', '2026-06-30 11:30:02'),
(14, 1, 4, 4, 720, 780, '#ee8ec6', 'finish_current', '2026-06-30 11:30:02', '2026-06-30 11:30:02'),
(15, 1, 4, 5, 720, 780, '#ee8ec6', 'finish_current', '2026-06-30 11:30:02', '2026-06-30 11:30:02'),
(16, 1, 4, 6, 720, 780, '#ee8ec6', 'finish_current', '2026-06-30 11:30:02', '2026-06-30 11:30:02'),
(17, 1, 4, 7, 720, 780, '#ee8ec6', 'finish_current', '2026-06-30 11:30:02', '2026-06-30 11:30:02'),
(18, 1, 4, 2, 840, 900, '#77d09b', 'finish_current', '2026-06-30 13:36:44', '2026-06-30 13:36:44'),
(19, 1, 4, 2, 900, 960, '#77d09b', 'finish_current', '2026-06-30 15:29:15', '2026-06-30 15:29:15'),
(20, 1, 4, 2, 960, 1020, '#77d09b', 'finish_current', '2026-06-30 15:29:21', '2026-06-30 15:29:21'),
(21, 1, 4, 2, 1020, 1080, '#ffd36d', 'finish_current', '2026-06-30 15:29:30', '2026-06-30 15:29:30'),
(22, 1, 4, 2, 1080, 1140, '#77d09b', 'crossfade_now', '2026-06-30 18:53:37', '2026-06-30 18:53:37'),
(23, 1, 4, 2, 1140, 1200, '#ee8ec6', 'finish_current', '2026-06-30 19:20:39', '2026-06-30 19:54:30'),
(24, 1, 1, 2, 1200, 1260, '#a8b2bf', 'finish_current', '2026-06-30 20:06:43', '2026-06-30 20:06:53');

-- --------------------------------------------------------

--
-- Structure de la table `studios`
--

CREATE TABLE `studios` (
  `id` int(11) NOT NULL,
  `user_id` int(11) NOT NULL,
  `name` varchar(120) NOT NULL,
  `machine_key` varchar(80) NOT NULL,
  `radio_id` int(11) DEFAULT NULL,
  `created_at` datetime NOT NULL DEFAULT current_timestamp(),
  `last_seen_at` datetime DEFAULT NULL,
  `studio_on_air` tinyint(1) NOT NULL DEFAULT 0,
  `stream_on_air` tinyint(1) NOT NULL DEFAULT 0,
  `studio_on_air_at` datetime DEFAULT NULL,
  `stream_on_air_at` datetime DEFAULT NULL
) ENGINE=InnoDB DEFAULT CHARSET=utf8mb4 COLLATE=utf8mb4_general_ci;

--
-- Déchargement des données de la table `studios`
--

INSERT INTO `studios` (`id`, `user_id`, `name`, `machine_key`, `radio_id`, `created_at`, `last_seen_at`, `studio_on_air`, `stream_on_air`, `studio_on_air_at`, `stream_on_air_at`) VALUES
(3, 1, 'Studio DEMO', '914fc552-eea1-47db-88bc-ea95358ffadb', 1, '2026-07-02 17:13:14', '2026-07-10 17:17:13', 0, 1, NULL, '2026-07-09 22:01:26'),
(4, 1, 'Studio DEMO 2', '92c273a7-6abb-4a49-b548-d6fb0678f55e', 1, '2026-07-06 21:11:37', '2026-07-08 15:28:14', 0, 0, NULL, NULL);

-- --------------------------------------------------------

--
-- Structure de la table `template_mail`
--

CREATE TABLE `template_mail` (
  `id` int(11) NOT NULL,
  `title` varchar(255) NOT NULL,
  `content` text NOT NULL
) ENGINE=InnoDB DEFAULT CHARSET=utf8mb4 COLLATE=utf8mb4_general_ci;

--
-- Déchargement des données de la table `template_mail`
--

INSERT INTO `template_mail` (`id`, `title`, `content`) VALUES
(1, 'Nouvelle connexion détectée sur votre compte', 'Une nouvelle connexion à votre compte a été détectée.<br><br>\n<strong>Date et heure :</strong> [date_connexion]<br>\n<strong>Adresse IP :</strong> [ip_connexion]<br>\n<strong>Localisation :</strong> [ville_connexion]<br><br>\nSi vous êtes à l\'origine de cette connexion, vous pouvez ignorer ce message.<br>\nSi ce n\'est pas le cas, nous vous recommandons de changer votre mot de passe et de contacter notre support.\n'),
(2, 'Bienvenue chez StudioDesk !', 'Bienvenue sur <strong>[title_site]</strong> !<br><br>\n\nMerci d\'avoir créé un compte.\n'),
(3, 'Réinitialisation de votre mot de passe', 'Vous avez demandé la réinitialisation de votre mot de passe.<br><br>Cliquez sur le lien ci-dessous pour définir un nouveau mot de passe :<br><br><a href=\"[reset_link]\" target=\"_blank\" style=\"display:inline-block;background:#251bd7;color:#ffffff;text-decoration:none;padding:12px 18px;border-radius:8px;font-weight:700;\">Réinitialiser mon mot de passe</a><br><br>Ce lien expirera dans [reset_expiration].<br><br>Si vous n\'êtes pas à l\'origine de cette demande, vous pouvez ignorer cet email.'),
(4, 'Votre mot de passe a été modifié avec succès', 'Nous vous confirmons que le mot de passe de votre compte a bien été modifié.<br><br>Si vous êtes à l\'origine de ce changement, aucune action supplémentaire n\'est requise.<br><br>Si vous n\'êtes pas à l\'origine de cette modification, contactez notre support : <a href=\"mailto:[support_email]\">[support_email]</a>.'),
(5, 'Validez votre compte StudioDesk', 'Bienvenue sur <strong>[title_site]</strong> !<br><br>Pour activer votre compte et accéder à votre espace, cliquez sur le lien ci-dessous :<br><br><a href=\"[validation_link]\" target=\"_blank\" style=\"display:inline-block;background:#251bd7;color:#ffffff;text-decoration:none;padding:12px 18px;border-radius:8px;font-weight:700;\">Valider mon compte</a><br><br>Ce lien est personnel et à usage unique. Si vous n\'étes pas à l\'origine de cette inscription, vous pouvez ignorer cet email.');

-- --------------------------------------------------------

--
-- Structure de la table `users`
--

CREATE TABLE `users` (
  `id` int(11) NOT NULL,
  `firstname` varchar(255) NOT NULL,
  `lastname` varchar(255) NOT NULL,
  `mail` varchar(255) NOT NULL,
  `phone` varchar(40) DEFAULT NULL,
  `address` varchar(255) DEFAULT NULL,
  `postcode` varchar(30) DEFAULT NULL,
  `city` varchar(120) DEFAULT NULL,
  `country` varchar(120) DEFAULT 'France',
  `is_business` tinyint(1) NOT NULL DEFAULT 0,
  `company` varchar(255) DEFAULT NULL,
  `vat` varchar(120) DEFAULT NULL,
  `terms_accepted` tinyint(1) NOT NULL DEFAULT 0,
  `email_verified` tinyint(1) NOT NULL DEFAULT 0,
  `email_verified_at` varchar(255) DEFAULT NULL,
  `password` varchar(255) NOT NULL,
  `img` varchar(255) DEFAULT 'users.png',
  `staff` enum('0','1') NOT NULL,
  `disabled` tinyint(1) NOT NULL DEFAULT 0,
  `disabled_raison` varchar(255) DEFAULT NULL,
  `selected_radio_id` int(11) DEFAULT NULL,
  `storage_quota_gb` decimal(8,2) NOT NULL DEFAULT 2.00,
  `ban` tinyint(1) NOT NULL DEFAULT 0,
  `ban_raison` varchar(255) DEFAULT NULL,
  `date_register` varchar(255) NOT NULL,
  `last_login` varchar(255) DEFAULT NULL,
  `ip` varchar(255) NOT NULL,
  `token` text DEFAULT NULL
) ENGINE=InnoDB DEFAULT CHARSET=utf8mb4 COLLATE=utf8mb4_general_ci;

--
-- Déchargement des données de la table `users`
--

INSERT INTO `users` (`id`, `firstname`, `lastname`, `mail`, `phone`, `address`, `postcode`, `city`, `country`, `is_business`, `company`, `vat`, `terms_accepted`, `email_verified`, `email_verified_at`, `password`, `img`, `staff`, `disabled`, `disabled_raison`, `selected_radio_id`, `storage_quota_gb`, `ban`, `ban_raison`, `date_register`, `last_login`, `ip`, `token`) VALUES
(1, 'John', 'Doe', 'teampower@live.fr', '0768836101', '14 rue de l\'union', '16440', 'Nersac', 'France', 1, 'Dyindustries', NULL, 1, 1, '28/06/2026 à 21:32', '$2y$10$nbltZOUNz7Ij8sklMZtRXuQut9TnvX8wYOyStoqx9Xa6Dd40unL3q', 'users.png', '0', 0, NULL, 1, 2.00, 0, NULL, '28/06/2026 à 21:32', '10/07/2026 à 09:35', '::1', NULL);

-- --------------------------------------------------------

--
-- Structure de la table `user_email_verification_tokens`
--

CREATE TABLE `user_email_verification_tokens` (
  `id` int(11) NOT NULL,
  `user_id` int(11) NOT NULL,
  `token_hash` char(64) NOT NULL,
  `created_at` datetime NOT NULL,
  `expires_at` datetime NOT NULL,
  `used_at` datetime DEFAULT NULL,
  `ip` varchar(255) DEFAULT NULL
) ENGINE=InnoDB DEFAULT CHARSET=utf8mb4 COLLATE=utf8mb4_general_ci;

--
-- Déchargement des données de la table `user_email_verification_tokens`
--

INSERT INTO `user_email_verification_tokens` (`id`, `user_id`, `token_hash`, `created_at`, `expires_at`, `used_at`, `ip`) VALUES
(1, 1, '56216e3e1ec40cb5f9d7282bf8a7ab95d75d95c85149c01069fc950f6a18933b', '2026-06-28 21:32:02', '2026-06-29 21:32:02', '2026-06-28 21:32:50', '::1');

-- --------------------------------------------------------

--
-- Structure de la table `user_last_login`
--

CREATE TABLE `user_last_login` (
  `id` int(11) NOT NULL,
  `user_id` int(11) NOT NULL,
  `ip` varchar(255) NOT NULL,
  `user_agent` text DEFAULT NULL,
  `date` varchar(255) NOT NULL
) ENGINE=InnoDB DEFAULT CHARSET=utf8mb4 COLLATE=utf8mb4_general_ci;

--
-- Déchargement des données de la table `user_last_login`
--

INSERT INTO `user_last_login` (`id`, `user_id`, `ip`, `user_agent`, `date`) VALUES
(1, 1, '::1', 'Mozilla/5.0 (Windows NT 10.0; Win64; x64) AppleWebKit/537.36 (KHTML, like Gecko) Chrome/149.0.0.0 Safari/537.36', '28/06/2026 à 21:32'),
(2, 1, '192.168.1.93', 'Mozilla/5.0 (Macintosh; Intel Mac OS X 10_15_7) AppleWebKit/537.36 (KHTML, like Gecko) Chrome/149.0.0.0 Safari/537.36', '28/06/2026 à 21:54'),
(3, 1, '::1', 'Mozilla/5.0 (Windows NT 10.0; Win64; x64) AppleWebKit/537.36 (KHTML, like Gecko) Chrome/149.0.0.0 Safari/537.36', '28/06/2026 à 22:20'),
(4, 1, '192.168.1.93', 'Mozilla/5.0 (Macintosh; Intel Mac OS X 10_15_7) AppleWebKit/537.36 (KHTML, like Gecko) Chrome/149.0.0.0 Safari/537.36', '28/06/2026 à 22:24'),
(5, 1, '::1', 'Mozilla/5.0 (Windows NT 10.0; Win64; x64) AppleWebKit/537.36 (KHTML, like Gecko) Chrome/149.0.0.0 Safari/537.36', '29/06/2026 à 09:53'),
(6, 1, '::1', 'Mozilla/5.0 (Windows NT 10.0; Win64; x64) AppleWebKit/537.36 (KHTML, like Gecko) Chrome/149.0.0.0 Safari/537.36', '29/06/2026 à 10:02'),
(7, 1, '::1', 'Mozilla/5.0 (Windows NT 10.0; Win64; x64) AppleWebKit/537.36 (KHTML, like Gecko) Chrome/149.0.0.0 Safari/537.36', '29/06/2026 à 13:37'),
(8, 1, '::1', 'Mozilla/5.0 (Windows NT 10.0; Win64; x64) AppleWebKit/537.36 (KHTML, like Gecko) Chrome/149.0.0.0 Safari/537.36', '29/06/2026 à 15:21'),
(9, 1, '::1', 'Mozilla/5.0 (Windows NT 10.0; Win64; x64) AppleWebKit/537.36 (KHTML, like Gecko) Chrome/149.0.0.0 Safari/537.36', '30/06/2026 à 09:42'),
(10, 1, '192.168.1.93', 'Mozilla/5.0 (Macintosh; Intel Mac OS X 10_15_7) AppleWebKit/537.36 (KHTML, like Gecko) Chrome/149.0.0.0 Safari/537.36', '30/06/2026 à 18:25'),
(11, 1, '192.168.1.93', 'Mozilla/5.0 (Macintosh; Intel Mac OS X 10_15_7) AppleWebKit/537.36 (KHTML, like Gecko) Chrome/149.0.0.0 Safari/537.36', '30/06/2026 à 20:40'),
(12, 1, '::1', 'Mozilla/5.0 (Windows NT 10.0; Win64; x64) AppleWebKit/537.36 (KHTML, like Gecko) Chrome/149.0.0.0 Safari/537.36', '01/07/2026 à 09:30'),
(13, 1, '::1', 'Mozilla/5.0 (Windows NT 10.0; Win64; x64) AppleWebKit/537.36 (KHTML, like Gecko) Chrome/149.0.0.0 Safari/537.36', '02/07/2026 à 12:43'),
(14, 1, '::1', 'Mozilla/5.0 (Windows NT 10.0; Win64; x64) AppleWebKit/537.36 (KHTML, like Gecko) Chrome/149.0.0.0 Safari/537.36', '02/07/2026 à 15:02'),
(15, 1, '::1', 'Mozilla/5.0 (Windows NT 10.0; Win64; x64) AppleWebKit/537.36 (KHTML, like Gecko) Chrome/149.0.0.0 Safari/537.36', '02/07/2026 à 15:03'),
(16, 1, '::1', 'Mozilla/5.0 (Windows NT 10.0; Win64; x64) AppleWebKit/537.36 (KHTML, like Gecko) Chrome/149.0.0.0 Safari/537.36', '02/07/2026 à 15:15'),
(17, 1, '192.168.1.9', 'Mozilla/5.0 (iPhone; CPU iPhone OS 18_7 like Mac OS X) AppleWebKit/605.1.15 (KHTML, like Gecko) Version/26.5 Mobile/15E148 Safari/604.1', '02/07/2026 à 15:17'),
(18, 1, '::1', 'Mozilla/5.0 (Windows NT 10.0; Win64; x64) AppleWebKit/537.36 (KHTML, like Gecko) Chrome/149.0.0.0 Safari/537.36', '02/07/2026 à 15:51'),
(19, 1, '::1', 'Mozilla/5.0 (Windows NT 10.0; Win64; x64) AppleWebKit/537.36 (KHTML, like Gecko) studiodesk-app/1.0.0 Chrome/148.0.7778.271 Electron/42.5.0 Safari/537.36', '02/07/2026 à 16:03'),
(20, 1, '::1', 'Mozilla/5.0 (Windows NT 10.0; Win64; x64) AppleWebKit/537.36 (KHTML, like Gecko) studiodesk-app/1.0.0 Chrome/148.0.7778.271 Electron/42.5.0 Safari/537.36', '02/07/2026 à 16:03'),
(21, 1, '::1', 'Mozilla/5.0 (Windows NT 10.0; Win64; x64) AppleWebKit/537.36 (KHTML, like Gecko) studiodesk-app/1.0.0 Chrome/148.0.7778.271 Electron/42.5.0 Safari/537.36', '02/07/2026 à 16:03'),
(22, 1, '::1', 'Mozilla/5.0 (Windows NT 10.0; Win64; x64) AppleWebKit/537.36 (KHTML, like Gecko) studiodesk-app/1.0.0 Chrome/148.0.7778.271 Electron/42.5.0 Safari/537.36', '02/07/2026 à 16:03'),
(23, 1, '::1', 'Mozilla/5.0 (Windows NT 10.0; Win64; x64) AppleWebKit/537.36 (KHTML, like Gecko) studiodesk-app/1.0.0 Chrome/148.0.7778.271 Electron/42.5.0 Safari/537.36', '02/07/2026 à 16:11'),
(24, 1, '::1', 'Mozilla/5.0 (Windows NT 10.0; Win64; x64) AppleWebKit/537.36 (KHTML, like Gecko) studiodesk-app/1.0.0 Chrome/148.0.7778.271 Electron/42.5.0 Safari/537.36', '02/07/2026 à 16:11'),
(25, 1, '::1', 'Mozilla/5.0 (Windows NT 10.0; Win64; x64) AppleWebKit/537.36 (KHTML, like Gecko) studiodesk-app/1.0.0 Chrome/148.0.7778.271 Electron/42.5.0 Safari/537.36', '02/07/2026 à 16:11'),
(26, 1, '::1', 'Mozilla/5.0 (Windows NT 10.0; Win64; x64) AppleWebKit/537.36 (KHTML, like Gecko) studiodesk-app/1.0.0 Chrome/148.0.7778.271 Electron/42.5.0 Safari/537.36', '02/07/2026 à 16:11'),
(27, 1, '::1', 'Mozilla/5.0 (Windows NT 10.0; Win64; x64) AppleWebKit/537.36 (KHTML, like Gecko) studiodesk-app/1.0.0 Chrome/148.0.7778.271 Electron/42.5.0 Safari/537.36', '02/07/2026 à 16:12'),
(28, 1, '::1', 'Mozilla/5.0 (Windows NT 10.0; Win64; x64) AppleWebKit/537.36 (KHTML, like Gecko) studiodesk-app/1.0.0 Chrome/148.0.7778.271 Electron/42.5.0 Safari/537.36', '02/07/2026 à 16:13'),
(29, 1, '::1', 'Mozilla/5.0 (Windows NT 10.0; Win64; x64) AppleWebKit/537.36 (KHTML, like Gecko) studiodesk-app/1.0.0 Chrome/148.0.7778.271 Electron/42.5.0 Safari/537.36', '02/07/2026 à 16:34'),
(30, 1, '::1', 'Mozilla/5.0 (Windows NT 10.0; Win64; x64) AppleWebKit/537.36 (KHTML, like Gecko) studiodesk-app/1.0.0 Chrome/148.0.7778.271 Electron/42.5.0 Safari/537.36', '02/07/2026 à 16:36'),
(31, 1, '::1', 'Mozilla/5.0 (Windows NT 10.0; Win64; x64) AppleWebKit/537.36 (KHTML, like Gecko) studiodesk-app/1.0.0 Chrome/148.0.7778.271 Electron/42.5.0 Safari/537.36', '02/07/2026 à 16:47'),
(32, 1, '192.168.1.93', 'Mozilla/5.0 (Macintosh; Intel Mac OS X 10_15_7) AppleWebKit/537.36 (KHTML, like Gecko) Chrome/149.0.0.0 Safari/537.36', '02/07/2026 à 21:26'),
(33, 1, '::1', 'Mozilla/5.0 (Windows NT 10.0; Win64; x64) AppleWebKit/537.36 (KHTML, like Gecko) Chrome/150.0.0.0 Safari/537.36', '03/07/2026 à 09:32'),
(34, 1, '192.168.1.9', 'Mozilla/5.0 (iPhone; CPU iPhone OS 18_7 like Mac OS X) AppleWebKit/605.1.15 (KHTML, like Gecko) Version/26.5 Mobile/15E148 Safari/604.1', '03/07/2026 à 12:42'),
(35, 1, '192.168.1.13', 'Mozilla/5.0 (Windows NT 10.0; Win64; x64) AppleWebKit/537.36 (KHTML, like Gecko) Chrome/150.0.0.0 Safari/537.36', '03/07/2026 à 17:22'),
(36, 1, '192.168.1.13', 'Mozilla/5.0 (Windows NT 10.0; Win64; x64) AppleWebKit/537.36 (KHTML, like Gecko) Chrome/150.0.0.0 Safari/537.36', '03/07/2026 à 17:25'),
(37, 1, '192.168.1.13', 'Mozilla/5.0 (Windows NT 10.0; Win64; x64) AppleWebKit/537.36 (KHTML, like Gecko) Chrome/150.0.0.0 Safari/537.36', '06/07/2026 à 11:07'),
(38, 1, '192.168.1.13', 'Mozilla/5.0 (Windows NT 10.0; Win64; x64) AppleWebKit/537.36 (KHTML, like Gecko) studiodesk-app/1.0.0 Chrome/148.0.7778.271 Electron/42.5.0 Safari/537.36', '06/07/2026 à 19:36'),
(39, 1, '192.168.1.13', 'Mozilla/5.0 (Windows NT 10.0; Win64; x64) AppleWebKit/537.36 (KHTML, like Gecko) studiodesk-app/1.0.0 Chrome/148.0.7778.271 Electron/42.5.0 Safari/537.36', '06/07/2026 à 21:11'),
(40, 1, '192.168.1.13', 'Mozilla/5.0 (Windows NT 10.0; Win64; x64) AppleWebKit/537.36 (KHTML, like Gecko) Chrome/150.0.0.0 Safari/537.36', '08/07/2026 à 12:41'),
(41, 1, '192.168.1.13', 'Mozilla/5.0 (Windows NT 10.0; Win64; x64) AppleWebKit/537.36 (KHTML, like Gecko) Chrome/150.0.0.0 Safari/537.36', '09/07/2026 à 11:32'),
(42, 1, '192.168.1.93', 'Mozilla/5.0 (Macintosh; Intel Mac OS X 10_15_7) AppleWebKit/537.36 (KHTML, like Gecko) Chrome/150.0.0.0 Safari/537.36', '10/07/2026 à 09:03'),
(43, 1, '192.168.1.13', 'Mozilla/5.0 (Windows NT 10.0; Win64; x64) AppleWebKit/537.36 (KHTML, like Gecko) Chrome/150.0.0.0 Safari/537.36', '10/07/2026 à 09:35');

-- --------------------------------------------------------

--
-- Structure de la table `user_password_reset_tokens`
--

CREATE TABLE `user_password_reset_tokens` (
  `id` int(11) NOT NULL,
  `user_id` int(11) NOT NULL,
  `token_hash` char(64) NOT NULL,
  `created_at` datetime NOT NULL,
  `expires_at` datetime NOT NULL,
  `used_at` datetime DEFAULT NULL,
  `ip` varchar(255) DEFAULT NULL,
  `user_agent` text DEFAULT NULL
) ENGINE=InnoDB DEFAULT CHARSET=utf8mb4 COLLATE=utf8mb4_general_ci;

--
-- Déchargement des données de la table `user_password_reset_tokens`
--

INSERT INTO `user_password_reset_tokens` (`id`, `user_id`, `token_hash`, `created_at`, `expires_at`, `used_at`, `ip`, `user_agent`) VALUES
(2, 1, '4e3b3663888f5bdde90049ac1243cc0eeb18854548053950caa366096032d5c8', '2026-06-28 22:23:16', '2026-06-28 23:23:16', '2026-06-28 22:24:08', '192.168.1.93', 'Mozilla/5.0 (Macintosh; Intel Mac OS X 10_15_7) AppleWebKit/537.36 (KHTML, like Gecko) Chrome/149.0.0.0 Safari/537.36');

--
-- Index pour les tables déchargées
--

--
-- Index pour la table `ad_breaks`
--
ALTER TABLE `ad_breaks`
  ADD PRIMARY KEY (`id`),
  ADD KEY `idx_ad_breaks_radio_schedule` (`radio_id`,`scheduled_at`),
  ADD KEY `idx_ad_breaks_status` (`radio_id`,`status`,`scheduled_at`);

--
-- Index pour la table `ad_break_items`
--
ALTER TABLE `ad_break_items`
  ADD PRIMARY KEY (`id`),
  ADD KEY `idx_ad_break_items_break` (`ad_break_id`,`position`),
  ADD KEY `idx_ad_break_items_campaign` (`campaign_id`);

--
-- Index pour la table `ad_broadcast_logs`
--
ALTER TABLE `ad_broadcast_logs`
  ADD PRIMARY KEY (`id`),
  ADD KEY `idx_ad_logs_radio_date` (`radio_id`,`played_at`),
  ADD KEY `idx_ad_logs_campaign` (`campaign_id`,`played_at`);

--
-- Index pour la table `ad_campaigns`
--
ALTER TABLE `ad_campaigns`
  ADD PRIMARY KEY (`id`),
  ADD KEY `idx_ad_campaigns_user_radio` (`user_id`,`radio_id`),
  ADD KEY `idx_ad_campaigns_status` (`radio_id`,`status`),
  ADD KEY `idx_ad_campaigns_dates` (`radio_id`,`start_date`,`end_date`);

--
-- Index pour la table `ad_files`
--
ALTER TABLE `ad_files`
  ADD PRIMARY KEY (`id`),
  ADD KEY `idx_ad_files_campaign` (`campaign_id`),
  ADD KEY `idx_ad_files_status` (`campaign_id`,`status`);

--
-- Index pour la table `ad_jingles`
--
ALTER TABLE `ad_jingles`
  ADD PRIMARY KEY (`id`),
  ADD KEY `idx_ad_jingles_radio` (`user_id`,`radio_id`,`type`,`status`),
  ADD KEY `idx_ad_jingles_campaign` (`campaign_id`,`type`,`status`);

--
-- Index pour la table `audio_eq_presets`
--
ALTER TABLE `audio_eq_presets`
  ADD PRIMARY KEY (`id`),
  ADD KEY `idx_audio_eq_presets_user_type` (`user_id`,`type`);

--
-- Index pour la table `client_tokens`
--
ALTER TABLE `client_tokens`
  ADD PRIMARY KEY (`id`),
  ADD UNIQUE KEY `uniq_client_tokens_token` (`token`),
  ADD KEY `idx_client_tokens_user` (`user_id`);

--
-- Index pour la table `configuration`
--
ALTER TABLE `configuration`
  ADD PRIMARY KEY (`id`);

--
-- Index pour la table `emission_rundown_items`
--
ALTER TABLE `emission_rundown_items`
  ADD PRIMARY KEY (`id`),
  ADD KEY `idx_rundown_emission` (`emission_id`),
  ADD KEY `idx_rundown_radio_emission` (`radio_id`,`emission_id`);

--
-- Index pour la table `emission_soundboards`
--
ALTER TABLE `emission_soundboards`
  ADD PRIMARY KEY (`emission_key`),
  ADD KEY `idx_emission_soundboards_user` (`user_id`);

--
-- Index pour la table `media_categories`
--
ALTER TABLE `media_categories`
  ADD PRIMARY KEY (`id`),
  ADD UNIQUE KEY `uniq_media_category_radio_slug` (`user_id`,`radio_id`,`slug`),
  ADD KEY `idx_media_categories_user_radio` (`user_id`,`radio_id`),
  ADD KEY `idx_media_categories_type` (`content_type`),
  ADD KEY `idx_media_categories_scope` (`user_id`,`scope`,`radio_id`,`content_type`);

--
-- Index pour la table `media_files`
--
ALTER TABLE `media_files`
  ADD PRIMARY KEY (`id`),
  ADD UNIQUE KEY `uniq_media_stored_filename` (`stored_filename`),
  ADD KEY `idx_media_files_user_radio` (`user_id`,`radio_id`),
  ADD KEY `idx_media_files_category` (`category_id`),
  ADD KEY `idx_media_files_content_type` (`content_type`),
  ADD KEY `idx_media_files_created_at` (`created_at`),
  ADD KEY `idx_media_files_scope` (`user_id`,`scope`,`radio_id`,`content_type`);

--
-- Index pour la table `program_live_track`
--
ALTER TABLE `program_live_track`
  ADD PRIMARY KEY (`radio_id`);

--
-- Index pour la table `radios`
--
ALTER TABLE `radios`
  ADD PRIMARY KEY (`id`),
  ADD UNIQUE KEY `uniq_radios_user_slug` (`user_id`,`slug`),
  ADD UNIQUE KEY `uniq_radios_stream_key` (`stream_key`),
  ADD UNIQUE KEY `uniq_radios_player_key` (`player_key`),
  ADD UNIQUE KEY `uniq_radios_slug` (`slug`),
  ADD UNIQUE KEY `uniq_radios_name` (`name`),
  ADD KEY `idx_radios_user_id` (`user_id`),
  ADD KEY `idx_radios_setup_status` (`setup_status`);

--
-- Index pour la table `radio_audio_settings`
--
ALTER TABLE `radio_audio_settings`
  ADD PRIMARY KEY (`id`),
  ADD UNIQUE KEY `uniq_radio_audio_settings_radio_id` (`radio_id`);

--
-- Index pour la table `radio_emissions`
--
ALTER TABLE `radio_emissions`
  ADD PRIMARY KEY (`id`),
  ADD KEY `idx_radio_emissions_user_radio` (`user_id`,`radio_id`),
  ADD KEY `idx_radio_emissions_radio_slug` (`radio_id`,`slug`);

--
-- Index pour la table `radio_live_metadata`
--
ALTER TABLE `radio_live_metadata`
  ADD PRIMARY KEY (`radio_id`),
  ADD KEY `idx_radio_live_metadata_updated` (`updated_at`);

--
-- Index pour la table `radio_playlists`
--
ALTER TABLE `radio_playlists`
  ADD PRIMARY KEY (`id`),
  ADD UNIQUE KEY `uniq_radio_playlist_name` (`radio_id`,`name`),
  ADD KEY `idx_radio_playlists_radio_id` (`radio_id`);

--
-- Index pour la table `radio_playlist_items`
--
ALTER TABLE `radio_playlist_items`
  ADD PRIMARY KEY (`id`),
  ADD KEY `idx_radio_playlist_items_playlist` (`playlist_id`),
  ADD KEY `idx_radio_playlist_items_media` (`media_id`),
  ADD KEY `idx_radio_playlist_items_position` (`playlist_id`,`position`);

--
-- Index pour la table `radio_play_history`
--
ALTER TABLE `radio_play_history`
  ADD PRIMARY KEY (`id`),
  ADD KEY `idx_radio_play_history_radio_started` (`radio_id`,`started_at`),
  ADD KEY `idx_radio_play_history_radio_open` (`radio_id`,`ended_at`),
  ADD KEY `idx_radio_play_history_media` (`media_id`),
  ADD KEY `idx_radio_play_history_playlist` (`playlist_id`);

--
-- Index pour la table `radio_schedule_runtime`
--
ALTER TABLE `radio_schedule_runtime`
  ADD PRIMARY KEY (`radio_id`),
  ADD KEY `idx_active_slot` (`active_slot_id`),
  ADD KEY `idx_active_playlist` (`active_playlist_id`),
  ADD KEY `idx_last_run` (`last_run_at`);

--
-- Index pour la table `radio_schedule_slots`
--
ALTER TABLE `radio_schedule_slots`
  ADD PRIMARY KEY (`id`),
  ADD KEY `idx_radio_day_time` (`radio_id`,`day_of_week`,`start_minute`,`end_minute`),
  ADD KEY `idx_playlist` (`playlist_id`);

--
-- Index pour la table `studios`
--
ALTER TABLE `studios`
  ADD PRIMARY KEY (`id`),
  ADD UNIQUE KEY `uniq_studio_machine` (`user_id`,`machine_key`),
  ADD KEY `idx_studios_user` (`user_id`);

--
-- Index pour la table `template_mail`
--
ALTER TABLE `template_mail`
  ADD PRIMARY KEY (`id`);

--
-- Index pour la table `users`
--
ALTER TABLE `users`
  ADD PRIMARY KEY (`id`),
  ADD UNIQUE KEY `uniq_users_mail` (`mail`),
  ADD KEY `idx_users_selected_radio_id` (`selected_radio_id`);

--
-- Index pour la table `user_email_verification_tokens`
--
ALTER TABLE `user_email_verification_tokens`
  ADD PRIMARY KEY (`id`),
  ADD UNIQUE KEY `uniq_email_verification_token_hash` (`token_hash`),
  ADD KEY `idx_email_verification_user_id` (`user_id`),
  ADD KEY `idx_email_verification_expires_at` (`expires_at`);

--
-- Index pour la table `user_last_login`
--
ALTER TABLE `user_last_login`
  ADD PRIMARY KEY (`id`),
  ADD KEY `idx_user_last_login_user_id` (`user_id`);

--
-- Index pour la table `user_password_reset_tokens`
--
ALTER TABLE `user_password_reset_tokens`
  ADD PRIMARY KEY (`id`),
  ADD UNIQUE KEY `uniq_password_reset_token_hash` (`token_hash`),
  ADD KEY `idx_password_reset_user_id` (`user_id`),
  ADD KEY `idx_password_reset_expires_at` (`expires_at`);

--
-- AUTO_INCREMENT pour les tables déchargées
--

--
-- AUTO_INCREMENT pour la table `ad_breaks`
--
ALTER TABLE `ad_breaks`
  MODIFY `id` int(11) NOT NULL AUTO_INCREMENT, AUTO_INCREMENT=363;

--
-- AUTO_INCREMENT pour la table `ad_break_items`
--
ALTER TABLE `ad_break_items`
  MODIFY `id` int(11) NOT NULL AUTO_INCREMENT, AUTO_INCREMENT=487;

--
-- AUTO_INCREMENT pour la table `ad_broadcast_logs`
--
ALTER TABLE `ad_broadcast_logs`
  MODIFY `id` int(11) NOT NULL AUTO_INCREMENT;

--
-- AUTO_INCREMENT pour la table `ad_campaigns`
--
ALTER TABLE `ad_campaigns`
  MODIFY `id` int(11) NOT NULL AUTO_INCREMENT, AUTO_INCREMENT=3;

--
-- AUTO_INCREMENT pour la table `ad_files`
--
ALTER TABLE `ad_files`
  MODIFY `id` int(11) NOT NULL AUTO_INCREMENT, AUTO_INCREMENT=3;

--
-- AUTO_INCREMENT pour la table `ad_jingles`
--
ALTER TABLE `ad_jingles`
  MODIFY `id` int(11) NOT NULL AUTO_INCREMENT, AUTO_INCREMENT=8;

--
-- AUTO_INCREMENT pour la table `audio_eq_presets`
--
ALTER TABLE `audio_eq_presets`
  MODIFY `id` int(11) NOT NULL AUTO_INCREMENT, AUTO_INCREMENT=4;

--
-- AUTO_INCREMENT pour la table `client_tokens`
--
ALTER TABLE `client_tokens`
  MODIFY `id` int(11) NOT NULL AUTO_INCREMENT, AUTO_INCREMENT=8;

--
-- AUTO_INCREMENT pour la table `configuration`
--
ALTER TABLE `configuration`
  MODIFY `id` int(11) NOT NULL AUTO_INCREMENT, AUTO_INCREMENT=2;

--
-- AUTO_INCREMENT pour la table `emission_rundown_items`
--
ALTER TABLE `emission_rundown_items`
  MODIFY `id` int(11) NOT NULL AUTO_INCREMENT, AUTO_INCREMENT=6;

--
-- AUTO_INCREMENT pour la table `media_categories`
--
ALTER TABLE `media_categories`
  MODIFY `id` int(11) NOT NULL AUTO_INCREMENT, AUTO_INCREMENT=196;

--
-- AUTO_INCREMENT pour la table `media_files`
--
ALTER TABLE `media_files`
  MODIFY `id` int(11) NOT NULL AUTO_INCREMENT, AUTO_INCREMENT=258;

--
-- AUTO_INCREMENT pour la table `radios`
--
ALTER TABLE `radios`
  MODIFY `id` int(11) NOT NULL AUTO_INCREMENT, AUTO_INCREMENT=6;

--
-- AUTO_INCREMENT pour la table `radio_audio_settings`
--
ALTER TABLE `radio_audio_settings`
  MODIFY `id` int(11) NOT NULL AUTO_INCREMENT, AUTO_INCREMENT=11;

--
-- AUTO_INCREMENT pour la table `radio_emissions`
--
ALTER TABLE `radio_emissions`
  MODIFY `id` int(11) NOT NULL AUTO_INCREMENT, AUTO_INCREMENT=4;

--
-- AUTO_INCREMENT pour la table `radio_playlists`
--
ALTER TABLE `radio_playlists`
  MODIFY `id` int(11) NOT NULL AUTO_INCREMENT, AUTO_INCREMENT=8;

--
-- AUTO_INCREMENT pour la table `radio_playlist_items`
--
ALTER TABLE `radio_playlist_items`
  MODIFY `id` int(11) NOT NULL AUTO_INCREMENT, AUTO_INCREMENT=423;

--
-- AUTO_INCREMENT pour la table `radio_play_history`
--
ALTER TABLE `radio_play_history`
  MODIFY `id` int(11) NOT NULL AUTO_INCREMENT, AUTO_INCREMENT=404;

--
-- AUTO_INCREMENT pour la table `radio_schedule_slots`
--
ALTER TABLE `radio_schedule_slots`
  MODIFY `id` int(11) NOT NULL AUTO_INCREMENT, AUTO_INCREMENT=25;

--
-- AUTO_INCREMENT pour la table `studios`
--
ALTER TABLE `studios`
  MODIFY `id` int(11) NOT NULL AUTO_INCREMENT, AUTO_INCREMENT=5;

--
-- AUTO_INCREMENT pour la table `template_mail`
--
ALTER TABLE `template_mail`
  MODIFY `id` int(11) NOT NULL AUTO_INCREMENT, AUTO_INCREMENT=6;

--
-- AUTO_INCREMENT pour la table `users`
--
ALTER TABLE `users`
  MODIFY `id` int(11) NOT NULL AUTO_INCREMENT, AUTO_INCREMENT=2;

--
-- AUTO_INCREMENT pour la table `user_email_verification_tokens`
--
ALTER TABLE `user_email_verification_tokens`
  MODIFY `id` int(11) NOT NULL AUTO_INCREMENT, AUTO_INCREMENT=2;

--
-- AUTO_INCREMENT pour la table `user_last_login`
--
ALTER TABLE `user_last_login`
  MODIFY `id` int(11) NOT NULL AUTO_INCREMENT, AUTO_INCREMENT=44;

--
-- AUTO_INCREMENT pour la table `user_password_reset_tokens`
--
ALTER TABLE `user_password_reset_tokens`
  MODIFY `id` int(11) NOT NULL AUTO_INCREMENT, AUTO_INCREMENT=3;
COMMIT;

